{"id":980,"date":"2025-10-15T18:32:39","date_gmt":"2025-10-15T18:32:39","guid":{"rendered":"https:\/\/vetaustral.com.ar\/?post_type=product&#038;p=980"},"modified":"2026-03-06T20:42:11","modified_gmt":"2026-03-06T20:42:11","slug":"nexgard-de-251-a-50-kg-frontline-vet-labs","status":"publish","type":"product","link":"https:\/\/vetaustral.com.ar\/?product=nexgard-de-251-a-50-kg-frontline-vet-labs","title":{"rendered":"Nexgard de 25,1 a 50 kg &#8211; Frontline vet labs"},"content":{"rendered":"<p>Contiene 1 tableta masticable de 136mg de afoxolaner.<\/p>\n<p><strong>NexGard<sup>\u00ae<\/sup><\/strong>\u00a0es un bocado masticable con sabor a carne que brinda protecci\u00f3n a los perros contra pulgas, garrapatas y \u00e1caros. NexGard protege a los perros contra las garrapatas. Consult\u00e1 el prospecto del producto para conocer las indicaciones de uso.<\/p>\n<div class=\"text-with-supporting-bullet__left col-md-12 col-lg-6\">\n<ul class=\"field field--name-field-bullet-text-area-1 field--type-entity-reference-revisions field--label-hidden field__items\">\n<li class=\"field__item\">R\u00e1pido, seguro y efectivo<\/li>\n<li class=\"field__item\">Proteg\u00e9 a tu perro y a tu hogar<\/li>\n<li class=\"field__item\">Elimin\u00e1\u00a0pulgas\u00a0y\u00a0garrapatas\u00a0durante\u00a0un\u00a0mes<\/li>\n<li class=\"field__item\">El ba\u00f1o frecuente no altera su eficacia<\/li>\n<li class=\"field__item\">Excelente palatabilidad<\/li>\n<\/ul>\n<\/div>\n<div class=\"text-with-supporting-bullet__right col-md-12 col-lg-6\">\n<ul class=\"field field--name-field-bullet-text-area-2 field--type-entity-reference-revisions field--label-hidden field__items\">\n<li class=\"field__item\">Puede administrarse con o sin comida sin alterar su eficacia<\/li>\n<li class=\"field__item\">Alcanza 100% de eficacia a las 8 horas luego de\u00a0su administraci\u00f3n<\/li>\n<li class=\"field__item\">Pod\u00e9s mimar y acariciar a tu perro sin problemas<\/li>\n<li class=\"field__item\">Para cachorros a partir de los 2 meses de edad\u00a0y con un peso m\u00ednimo de 2kg<\/li>\n<li class=\"field__item\">Es apto para madres pre\u00f1adas y lactantes.<\/li>\n<\/ul>\n<p>Boehringer Ingelheim<\/p>\n<\/div>\n","protected":false},"excerpt":{"rendered":"<p>Contiene 1 tableta masticable de 136mg de afoxolaner. NexGard\u00ae\u00a0es un bocado masticable con sabor a carne que brinda protecci\u00f3n a los perros contra pulgas, garrapatas y \u00e1caros. NexGard protege a los perros contra las garrapatas. Consult\u00e1 el prospecto del producto para conocer las indicaciones de uso. R\u00e1pido, seguro y efectivo Proteg\u00e9 a tu perro y &#8230; <a title=\"Nexgard de 25,1 a 50 kg &#8211; Frontline vet labs\" class=\"read-more\" href=\"https:\/\/vetaustral.com.ar\/?product=nexgard-de-251-a-50-kg-frontline-vet-labs\" aria-label=\"Leer m\u00e1s sobre Nexgard de 25,1 a 50 kg &#8211; Frontline vet labs\">Leer m\u00e1s<\/a><\/p>\n","protected":false},"featured_media":982,"comment_status":"open","ping_status":"closed","template":"","meta":[],"product_brand":[64],"product_cat":[36,32],"product_tag":[65,66,70,68,67,307,69],"class_list":{"0":"post-980","1":"product","2":"type-product","3":"status-publish","4":"has-post-thumbnail","6":"product_brand-boehringer-ingelheim","7":"product_cat-animales-de-compania","8":"product_cat-farmacia","9":"product_tag-antiparasitario-externo","10":"product_tag-antisarnico","11":"product_tag-garrapaticida","12":"product_tag-masticable","13":"product_tag-palatable","14":"product_tag-pastillas-para-pulgas-y-garrapatas","15":"product_tag-pulguicida","16":"sales-flash-overlay","17":"woocommerce-text-align-center","18":"woocommerce-image-align-center","19":"do-quantity-buttons","21":"first","22":"instock","23":"taxable","24":"shipping-taxable","25":"purchasable","26":"product-type-simple"},"jetpack_sharing_enabled":true,"_links":{"self":[{"href":"https:\/\/vetaustral.com.ar\/index.php?rest_route=\/wp\/v2\/product\/980","targetHints":{"allow":["GET"]}}],"collection":[{"href":"https:\/\/vetaustral.com.ar\/index.php?rest_route=\/wp\/v2\/product"}],"about":[{"href":"https:\/\/vetaustral.com.ar\/index.php?rest_route=\/wp\/v2\/types\/product"}],"replies":[{"embeddable":true,"href":"https:\/\/vetaustral.com.ar\/index.php?rest_route=%2Fwp%2Fv2%2Fcomments&post=980"}],"wp:featuredmedia":[{"embeddable":true,"href":"https:\/\/vetaustral.com.ar\/index.php?rest_route=\/wp\/v2\/media\/982"}],"wp:attachment":[{"href":"https:\/\/vetaustral.com.ar\/index.php?rest_route=%2Fwp%2Fv2%2Fmedia&parent=980"}],"wp:term":[{"taxonomy":"product_brand","embeddable":true,"href":"https:\/\/vetaustral.com.ar\/index.php?rest_route=%2Fwp%2Fv2%2Fproduct_brand&post=980"},{"taxonomy":"product_cat","embeddable":true,"href":"https:\/\/vetaustral.com.ar\/index.php?rest_route=%2Fwp%2Fv2%2Fproduct_cat&post=980"},{"taxonomy":"product_tag","embeddable":true,"href":"https:\/\/vetaustral.com.ar\/index.php?rest_route=%2Fwp%2Fv2%2Fproduct_tag&post=980"}],"curies":[{"name":"wp","href":"https:\/\/api.w.org\/{rel}","templated":true}]}}