{"id":975,"date":"2025-10-15T18:28:43","date_gmt":"2025-10-15T18:28:43","guid":{"rendered":"https:\/\/vetaustral.com.ar\/?post_type=product&#038;p=975"},"modified":"2026-03-02T13:34:51","modified_gmt":"2026-03-02T13:34:51","slug":"artrin-brouwer-x-30-comprimidos","status":"publish","type":"product","link":"https:\/\/vetaustral.com.ar\/?product=artrin-brouwer-x-30-comprimidos","title":{"rendered":"Artrin x 30 comp &#8211; Brouwer"},"content":{"rendered":"<p>Contiene 5 bl\u00edster de 6 comprimidos.<\/p>\n<ul>\n<li>Condoprotector, regenerador del cart\u00edlago articular, disminuye la inflamaci\u00f3n y el dolor.<\/li>\n<li>Para caninos y felinos.<\/li>\n<li>En comprimidos palatables.<\/li>\n<\/ul>\n<p class=\"style6\" align=\"justify\">Cada comprimido contiene:<\/p>\n<p>Glucosamina \u00a0sulfato \u2026\u2026\u2026 500 mg<br \/>\nCondroit\u00edn sulfato \u2026\u2026\u2026\u2026 100 mg<br \/>\nManganeso \u2026\u2026\u2026\u2026\u2026\u2026\u2026.. 10 mg<br \/>\nExcipientes c. s. p. \u2026\u2026\u2026.. 2000 mg<\/p>\n<p><strong>Artrin<\/strong> esta indicado para el tratamiento de la artrosis (primaria y secundaria), artritis, osteocondroartrtosis, espondilosis, espondiloartrosis anquilosante y procesos degenerativos articulares y tendinosos.<\/p>\n<p>Terap\u00e9utica preventiva de la displasia de cadera de cachorros y displasia coxofemoral grado I y II.<\/p>\n<p>Tratamiento inicial en la calcificaci\u00f3n de los discos intervertebrales.<\/p>\n<p>Como ayuda terap\u00e9utica en la reparaci\u00f3n de las fracturas.<\/p>\n<p>En situaciones de inmovilizaci\u00f3n de articulaciones por vendajes, cirug\u00eda u otros motivos, administrado durante y tras la inmovilizaci\u00f3n, hasta que se recupere totalmente la funci\u00f3n articular.<\/p>\n<p>En animales con desgaste articular debido a ejercicio elevado, sobrepeso o edad avanzada.<\/p>\n<p>Dosificaci\u00f3n y modo de uso<br \/>\n<strong>Caninos<\/strong><br \/>\nMenos de 15 kilos de peso: 1\/2 comprimido por d\u00eda. Mayores de 15 kilos de peso: 1 comprimido por d\u00eda.<br \/>\n<strong>Felinos<\/strong><br \/>\nMenos de 5 kilos de peso: 1\/4 comprimido por d\u00eda. Mayores de 5 kilos de peso: 1\/2 comprimido por d\u00eda.<\/p>\n<p>Brouwer<\/p>\n","protected":false},"excerpt":{"rendered":"<p>Contiene 5 bl\u00edster de 6 comprimidos. Condoprotector, regenerador del cart\u00edlago articular, disminuye la inflamaci\u00f3n y el dolor. Para caninos y felinos. En comprimidos palatables. Cada comprimido contiene: Glucosamina \u00a0sulfato \u2026\u2026\u2026 500 mg Condroit\u00edn sulfato \u2026\u2026\u2026\u2026 100 mg Manganeso \u2026\u2026\u2026\u2026\u2026\u2026\u2026.. 10 mg Excipientes c. s. p. \u2026\u2026\u2026.. 2000 mg Artrin esta indicado para el tratamiento de &#8230; <a title=\"Artrin x 30 comp &#8211; Brouwer\" class=\"read-more\" href=\"https:\/\/vetaustral.com.ar\/?product=artrin-brouwer-x-30-comprimidos\" aria-label=\"Leer m\u00e1s sobre Artrin x 30 comp &#8211; Brouwer\">Leer m\u00e1s<\/a><\/p>\n","protected":false},"featured_media":978,"comment_status":"open","ping_status":"closed","template":"","meta":[],"product_brand":[72],"product_cat":[36,32],"product_tag":[44,78,51,67,79],"class_list":{"0":"post-975","1":"product","2":"type-product","3":"status-publish","4":"has-post-thumbnail","6":"product_brand-brouwer","7":"product_cat-animales-de-compania","8":"product_cat-farmacia","9":"product_tag-antiinflamatorio","10":"product_tag-condroprotector","11":"product_tag-no-esteroide","12":"product_tag-palatable","13":"product_tag-regenerador-del-cartilago-articular","14":"sales-flash-overlay","15":"woocommerce-text-align-center","16":"woocommerce-image-align-center","17":"do-quantity-buttons","19":"first","20":"instock","21":"taxable","22":"shipping-taxable","23":"purchasable","24":"product-type-simple"},"jetpack_sharing_enabled":true,"_links":{"self":[{"href":"https:\/\/vetaustral.com.ar\/index.php?rest_route=\/wp\/v2\/product\/975","targetHints":{"allow":["GET"]}}],"collection":[{"href":"https:\/\/vetaustral.com.ar\/index.php?rest_route=\/wp\/v2\/product"}],"about":[{"href":"https:\/\/vetaustral.com.ar\/index.php?rest_route=\/wp\/v2\/types\/product"}],"replies":[{"embeddable":true,"href":"https:\/\/vetaustral.com.ar\/index.php?rest_route=%2Fwp%2Fv2%2Fcomments&post=975"}],"wp:featuredmedia":[{"embeddable":true,"href":"https:\/\/vetaustral.com.ar\/index.php?rest_route=\/wp\/v2\/media\/978"}],"wp:attachment":[{"href":"https:\/\/vetaustral.com.ar\/index.php?rest_route=%2Fwp%2Fv2%2Fmedia&parent=975"}],"wp:term":[{"taxonomy":"product_brand","embeddable":true,"href":"https:\/\/vetaustral.com.ar\/index.php?rest_route=%2Fwp%2Fv2%2Fproduct_brand&post=975"},{"taxonomy":"product_cat","embeddable":true,"href":"https:\/\/vetaustral.com.ar\/index.php?rest_route=%2Fwp%2Fv2%2Fproduct_cat&post=975"},{"taxonomy":"product_tag","embeddable":true,"href":"https:\/\/vetaustral.com.ar\/index.php?rest_route=%2Fwp%2Fv2%2Fproduct_tag&post=975"}],"curies":[{"name":"wp","href":"https:\/\/api.w.org\/{rel}","templated":true}]}}