{"id":939,"date":"2025-10-09T20:02:21","date_gmt":"2025-10-09T20:02:21","guid":{"rendered":"https:\/\/vetaustral.com.ar\/?post_type=product&#038;p=939"},"modified":"2026-01-27T21:59:05","modified_gmt":"2026-01-27T21:59:05","slug":"uronil-x-250-ml-aton","status":"publish","type":"product","link":"https:\/\/vetaustral.com.ar\/?product=uronil-x-250-ml-aton","title":{"rendered":"Uronil x 250 ml &#8211; Aton"},"content":{"rendered":"<p><b>Presentaci\u00f3n:\u00a0<\/b>Frasco de 250 ml.<\/p>\n<p><b>F\u00f3rmula:<\/b>\u00a0Cada 100 ml de la suspensi\u00f3n poseen: Urotropina 40 grs, Agentes de formulaci\u00f3n c.s.p. 100 ml.<\/p>\n<p><b>Propiedades Farmacol\u00f3gicas:\u00a0<\/b>URONIL est\u00e1 indicado principalmente como antis\u00e9ptico urinario. Se recomienda su uso para acompa\u00f1ar tratamientos antimicrobianos espec\u00edficos (exceptuando las sulfonamidas) del aparato urinario (cistitis, pielonefritis, uretritis), especialmente de tratamientos prolongados ya que no genera resistencia. Se indica tambi\u00e9n en casos de retenci\u00f3n urinaria por su acci\u00f3n diur\u00e9tica. URONIL tiene funci\u00f3n hepatoprotectora ya que ejerce su efecto antis\u00e9ptico a nivel de las v\u00edas biliares. URONIL es efectivo tambi\u00e9n en \u00e1reas inflamadas ya que es un medio \u00e1cido en el cual se convierte en su metabolito activo (formalde\u00eddo) y ejerce all\u00ed si acci\u00f3n antis\u00e9ptica general.<\/p>\n<p><b>Administraci\u00f3n y dosificaci\u00f3n:\u00a0<\/b>Preventiva: 5 ml\/100 kpv. (equivalente a 20 ml de URONIL para un equino de 400 kpv). Curativa: 10 ml\/100 kpv. (equivalente a 40 ml de URONIL para un equino de 400 kpv). Por v\u00eda endovenosa lenta: Cada 12 a 24 hs. por 3 a 5 d\u00edas, de acuerdo al criterio del veterinario actuante.<\/p>\n","protected":false},"excerpt":{"rendered":"<p>Presentaci\u00f3n:\u00a0Frasco de 250 ml. F\u00f3rmula:\u00a0Cada 100 ml de la suspensi\u00f3n poseen: Urotropina 40 grs, Agentes de formulaci\u00f3n c.s.p. 100 ml. Propiedades Farmacol\u00f3gicas:\u00a0URONIL est\u00e1 indicado principalmente como antis\u00e9ptico urinario. Se recomienda su uso para acompa\u00f1ar tratamientos antimicrobianos espec\u00edficos (exceptuando las sulfonamidas) del aparato urinario (cistitis, pielonefritis, uretritis), especialmente de tratamientos prolongados ya que no genera resistencia. &#8230; <a title=\"Uronil x 250 ml &#8211; Aton\" class=\"read-more\" href=\"https:\/\/vetaustral.com.ar\/?product=uronil-x-250-ml-aton\" aria-label=\"Leer m\u00e1s sobre Uronil x 250 ml &#8211; Aton\">Leer m\u00e1s<\/a><\/p>\n","protected":false},"featured_media":940,"comment_status":"open","ping_status":"closed","template":"","meta":[],"product_brand":[55],"product_cat":[33,32],"product_tag":[60,59,58],"class_list":{"0":"post-939","1":"product","2":"type-product","3":"status-publish","4":"has-post-thumbnail","6":"product_brand-aton","7":"product_cat-equinos","8":"product_cat-farmacia","9":"product_tag-antiseptico-urinario","10":"product_tag-desintoxicante","11":"product_tag-equinos","12":"sales-flash-overlay","13":"woocommerce-text-align-center","14":"woocommerce-image-align-center","15":"do-quantity-buttons","17":"first","18":"instock","19":"taxable","20":"shipping-taxable","21":"purchasable","22":"product-type-simple"},"jetpack_sharing_enabled":true,"_links":{"self":[{"href":"https:\/\/vetaustral.com.ar\/index.php?rest_route=\/wp\/v2\/product\/939","targetHints":{"allow":["GET"]}}],"collection":[{"href":"https:\/\/vetaustral.com.ar\/index.php?rest_route=\/wp\/v2\/product"}],"about":[{"href":"https:\/\/vetaustral.com.ar\/index.php?rest_route=\/wp\/v2\/types\/product"}],"replies":[{"embeddable":true,"href":"https:\/\/vetaustral.com.ar\/index.php?rest_route=%2Fwp%2Fv2%2Fcomments&post=939"}],"wp:featuredmedia":[{"embeddable":true,"href":"https:\/\/vetaustral.com.ar\/index.php?rest_route=\/wp\/v2\/media\/940"}],"wp:attachment":[{"href":"https:\/\/vetaustral.com.ar\/index.php?rest_route=%2Fwp%2Fv2%2Fmedia&parent=939"}],"wp:term":[{"taxonomy":"product_brand","embeddable":true,"href":"https:\/\/vetaustral.com.ar\/index.php?rest_route=%2Fwp%2Fv2%2Fproduct_brand&post=939"},{"taxonomy":"product_cat","embeddable":true,"href":"https:\/\/vetaustral.com.ar\/index.php?rest_route=%2Fwp%2Fv2%2Fproduct_cat&post=939"},{"taxonomy":"product_tag","embeddable":true,"href":"https:\/\/vetaustral.com.ar\/index.php?rest_route=%2Fwp%2Fv2%2Fproduct_tag&post=939"}],"curies":[{"name":"wp","href":"https:\/\/api.w.org\/{rel}","templated":true}]}}