{"id":923,"date":"2025-10-08T19:15:37","date_gmt":"2025-10-08T19:15:37","guid":{"rendered":"https:\/\/vetaustral.com.ar\/?post_type=product&#038;p=923"},"modified":"2026-01-27T21:31:39","modified_gmt":"2026-01-27T21:31:39","slug":"bactofago-x100-ml-aton","status":"publish","type":"product","link":"https:\/\/vetaustral.com.ar\/?product=bactofago-x100-ml-aton","title":{"rendered":"Bactofago x 100 ml- Aton"},"content":{"rendered":"<p><strong>F\u00f3rmula:<\/strong> Cada ampolla contiene viriones bacteri\u00f3fagos espec\u00edficos contra: Escherichia coli, paracoli, proteus, pioci\u00e1nico, enterococo, disenteri shiga y flexner, salmonella paratyphi A, salmonella paratyphi B, salmonella paratyphi C, en partes iguales 10-9, cloruro de sodio 26,25 mg., hidr\u00f3xido de potasio 3 mg., \u00e1cido fosf\u00f3rico 3 mg., agua bidestilada c.s.p. 3 ml.<\/p>\n<p><strong>Presentaci\u00f3n:<\/strong> 1 frasco por 100 ml.<\/p>\n<p><strong>Acci\u00f3n terape\u00fatica:<\/strong> Normalizador de la flora intestinal por lisogenia de las bacterias pat\u00f3genas indicadas para cada viri\u00f3n bacteri\u00f3fago. El primer paso del proceso infectivo consiste en la uni\u00f3n de un viri\u00f3n de fago a receptores espec\u00edficos de la c\u00e9lula bacteriana (absorci\u00f3n); a continuaci\u00f3n, el DNA se separa de la cubierta bacteriana y es liberado en el interior de la c\u00e9lula (liberaci\u00f3n del \u00e1cido nucleico).<\/p>\n<p><strong>Posolog\u00eda y administraci\u00f3n:<\/strong>\u00a0Caninos \u2013 Felinos: 2 ampollas por d\u00eda en dos tomas. Bovinos y equinos: 20 ml por dia en dos tomas. Porcinos: 15 ml.\u00a0Ovinos:\u00a010\u00a0ml.<\/p>\n","protected":false},"excerpt":{"rendered":"<p>F\u00f3rmula: Cada ampolla contiene viriones bacteri\u00f3fagos espec\u00edficos contra: Escherichia coli, paracoli, proteus, pioci\u00e1nico, enterococo, disenteri shiga y flexner, salmonella paratyphi A, salmonella paratyphi B, salmonella paratyphi C, en partes iguales 10-9, cloruro de sodio 26,25 mg., hidr\u00f3xido de potasio 3 mg., \u00e1cido fosf\u00f3rico 3 mg., agua bidestilada c.s.p. 3 ml. Presentaci\u00f3n: 1 frasco por 100 &#8230; <a title=\"Bactofago x 100 ml- Aton\" class=\"read-more\" href=\"https:\/\/vetaustral.com.ar\/?product=bactofago-x100-ml-aton\" aria-label=\"Leer m\u00e1s sobre Bactofago x 100 ml- Aton\">Leer m\u00e1s<\/a><\/p>\n","protected":false},"featured_media":924,"comment_status":"open","ping_status":"closed","template":"","meta":[],"product_brand":[55],"product_cat":[33,32,52],"product_tag":[46,47],"class_list":{"0":"post-923","1":"product","2":"type-product","3":"status-publish","4":"has-post-thumbnail","6":"product_brand-aton","7":"product_cat-equinos","8":"product_cat-farmacia","9":"product_cat-grandes-animales","10":"product_tag-antidiarreico","11":"product_tag-aton","12":"sales-flash-overlay","13":"woocommerce-text-align-center","14":"woocommerce-image-align-center","15":"do-quantity-buttons","17":"first","18":"instock","19":"taxable","20":"shipping-taxable","21":"purchasable","22":"product-type-simple"},"jetpack_sharing_enabled":true,"_links":{"self":[{"href":"https:\/\/vetaustral.com.ar\/index.php?rest_route=\/wp\/v2\/product\/923","targetHints":{"allow":["GET"]}}],"collection":[{"href":"https:\/\/vetaustral.com.ar\/index.php?rest_route=\/wp\/v2\/product"}],"about":[{"href":"https:\/\/vetaustral.com.ar\/index.php?rest_route=\/wp\/v2\/types\/product"}],"replies":[{"embeddable":true,"href":"https:\/\/vetaustral.com.ar\/index.php?rest_route=%2Fwp%2Fv2%2Fcomments&post=923"}],"wp:featuredmedia":[{"embeddable":true,"href":"https:\/\/vetaustral.com.ar\/index.php?rest_route=\/wp\/v2\/media\/924"}],"wp:attachment":[{"href":"https:\/\/vetaustral.com.ar\/index.php?rest_route=%2Fwp%2Fv2%2Fmedia&parent=923"}],"wp:term":[{"taxonomy":"product_brand","embeddable":true,"href":"https:\/\/vetaustral.com.ar\/index.php?rest_route=%2Fwp%2Fv2%2Fproduct_brand&post=923"},{"taxonomy":"product_cat","embeddable":true,"href":"https:\/\/vetaustral.com.ar\/index.php?rest_route=%2Fwp%2Fv2%2Fproduct_cat&post=923"},{"taxonomy":"product_tag","embeddable":true,"href":"https:\/\/vetaustral.com.ar\/index.php?rest_route=%2Fwp%2Fv2%2Fproduct_tag&post=923"}],"curies":[{"name":"wp","href":"https:\/\/api.w.org\/{rel}","templated":true}]}}