{"id":919,"date":"2025-10-08T19:04:17","date_gmt":"2025-10-08T19:04:17","guid":{"rendered":"https:\/\/vetaustral.com.ar\/?post_type=product&#038;p=919"},"modified":"2026-01-27T21:22:53","modified_gmt":"2026-01-27T21:22:53","slug":"prednisolona-x10-comprimidos-aton","status":"publish","type":"product","link":"https:\/\/vetaustral.com.ar\/?product=prednisolona-x10-comprimidos-aton","title":{"rendered":"Prednisolona x 10 Comprimidos &#8211; Aton"},"content":{"rendered":"<p><strong>Presentaci\u00f3n:<\/strong> Bl\u00edster de 10 comprimidos ranurados por 20 mg.<\/p>\n<p><strong>F\u00f3rmula:<\/strong> Cada comprimido ranurado contiene Prednisolona 20 mg.<\/p>\n<p><strong>Caninos y felinos:<\/strong> 0,5 a 2 mg. cada 12 \u00f3 24 horas durante 5 a 7 d\u00edas, seg\u00fan criterio del profesional actuante. Se aconseja la administraci\u00f3n por la ma\u00f1ana en los caninos y por la tarde en los felinos. Suspender el tratamiento en forma gradual en caso de tratamientos prolongados y en casos de tratamientos en d\u00edas alternos. Para el tratamiento de tumores, se aconseja emplear el criterio m\u00e9dico\u00a0veterinario.<\/p>\n<p><strong>Indicaciones cl\u00ednicas de uso:<\/strong> Tratamiento de afecciones inflamatorias inmunes y no inmunes, pruritos espec\u00edficos y no espec\u00edficos, con el objetivo de eliminar el rascado y sus\u00a0consecuencias.<\/p>\n","protected":false},"excerpt":{"rendered":"<p>Presentaci\u00f3n: Bl\u00edster de 10 comprimidos ranurados por 20 mg. F\u00f3rmula: Cada comprimido ranurado contiene Prednisolona 20 mg. Caninos y felinos: 0,5 a 2 mg. cada 12 \u00f3 24 horas durante 5 a 7 d\u00edas, seg\u00fan criterio del profesional actuante. Se aconseja la administraci\u00f3n por la ma\u00f1ana en los caninos y por la tarde en los &#8230; <a title=\"Prednisolona x 10 Comprimidos &#8211; Aton\" class=\"read-more\" href=\"https:\/\/vetaustral.com.ar\/?product=prednisolona-x10-comprimidos-aton\" aria-label=\"Leer m\u00e1s sobre Prednisolona x 10 Comprimidos &#8211; Aton\">Leer m\u00e1s<\/a><\/p>\n","protected":false},"featured_media":920,"comment_status":"open","ping_status":"closed","template":"","meta":[],"product_brand":[55],"product_cat":[36,32],"product_tag":[44,47,48],"class_list":{"0":"post-919","1":"product","2":"type-product","3":"status-publish","4":"has-post-thumbnail","6":"product_brand-aton","7":"product_cat-animales-de-compania","8":"product_cat-farmacia","9":"product_tag-antiinflamatorio","10":"product_tag-aton","11":"product_tag-esteroide","12":"sales-flash-overlay","13":"woocommerce-text-align-center","14":"woocommerce-image-align-center","15":"do-quantity-buttons","17":"first","18":"instock","19":"taxable","20":"shipping-taxable","21":"purchasable","22":"product-type-simple"},"jetpack_sharing_enabled":true,"_links":{"self":[{"href":"https:\/\/vetaustral.com.ar\/index.php?rest_route=\/wp\/v2\/product\/919","targetHints":{"allow":["GET"]}}],"collection":[{"href":"https:\/\/vetaustral.com.ar\/index.php?rest_route=\/wp\/v2\/product"}],"about":[{"href":"https:\/\/vetaustral.com.ar\/index.php?rest_route=\/wp\/v2\/types\/product"}],"replies":[{"embeddable":true,"href":"https:\/\/vetaustral.com.ar\/index.php?rest_route=%2Fwp%2Fv2%2Fcomments&post=919"}],"wp:featuredmedia":[{"embeddable":true,"href":"https:\/\/vetaustral.com.ar\/index.php?rest_route=\/wp\/v2\/media\/920"}],"wp:attachment":[{"href":"https:\/\/vetaustral.com.ar\/index.php?rest_route=%2Fwp%2Fv2%2Fmedia&parent=919"}],"wp:term":[{"taxonomy":"product_brand","embeddable":true,"href":"https:\/\/vetaustral.com.ar\/index.php?rest_route=%2Fwp%2Fv2%2Fproduct_brand&post=919"},{"taxonomy":"product_cat","embeddable":true,"href":"https:\/\/vetaustral.com.ar\/index.php?rest_route=%2Fwp%2Fv2%2Fproduct_cat&post=919"},{"taxonomy":"product_tag","embeddable":true,"href":"https:\/\/vetaustral.com.ar\/index.php?rest_route=%2Fwp%2Fv2%2Fproduct_tag&post=919"}],"curies":[{"name":"wp","href":"https:\/\/api.w.org\/{rel}","templated":true}]}}