{"id":907,"date":"2025-10-08T18:33:02","date_gmt":"2025-10-08T18:33:02","guid":{"rendered":"https:\/\/vetaustral.com.ar\/?post_type=product&#038;p=907"},"modified":"2026-01-27T19:55:31","modified_gmt":"2026-01-27T19:55:31","slug":"dentalplax-250ml-afford","status":"publish","type":"product","link":"https:\/\/vetaustral.com.ar\/?product=dentalplax-250ml-afford","title":{"rendered":"Dentalplax x 250ml &#8211; Afford"},"content":{"rendered":"<p><strong>PRESENTACI\u00d3N:<\/strong> Envase de 250 mL.<\/p>\n<p><strong>F\u00d3RMULA:<\/strong> Xilitol 0,5 g cada 100 mL.<\/p>\n<p><strong>INDICACIONES:<\/strong> Para la higiene bucal de caninos y felinos. Como preventivo de gingivitis, caries y otras infecciones bucales, generadoras de placa dental bacteriana y de la formaci\u00f3n de sarro. Combate el mal aliento (halitosis).<\/p>\n<p><strong>SUMINISTRO Y DOSIS:<\/strong> Como \u00fanica fuente de bebida a raz\u00f3n de 10 mL cada 1 litro de agua. Se suministra el agua durante todo el d\u00eda, pasadas las 24 hs., se debe tirar el agua sobrante y se cambia por una\u00a0soluci\u00f3n\u00a0nueva.<\/p>\n<p>Antis\u00e9ptico Bucal<br \/>\nPara Caninos y Felinos<\/p>\n<p>&nbsp;<\/p>\n","protected":false},"excerpt":{"rendered":"<p>PRESENTACI\u00d3N: Envase de 250 mL. F\u00d3RMULA: Xilitol 0,5 g cada 100 mL. INDICACIONES: Para la higiene bucal de caninos y felinos. Como preventivo de gingivitis, caries y otras infecciones bucales, generadoras de placa dental bacteriana y de la formaci\u00f3n de sarro. Combate el mal aliento (halitosis). SUMINISTRO Y DOSIS: Como \u00fanica fuente de bebida a &#8230; <a title=\"Dentalplax x 250ml &#8211; Afford\" class=\"read-more\" href=\"https:\/\/vetaustral.com.ar\/?product=dentalplax-250ml-afford\" aria-label=\"Leer m\u00e1s sobre Dentalplax x 250ml &#8211; Afford\">Leer m\u00e1s<\/a><\/p>\n","protected":false},"featured_media":908,"comment_status":"open","ping_status":"closed","template":"","meta":[],"product_brand":[56],"product_cat":[36,32],"product_tag":[42,40,41,39],"class_list":{"0":"post-907","1":"product","2":"type-product","3":"status-publish","4":"has-post-thumbnail","6":"product_brand-afford","7":"product_cat-animales-de-compania","8":"product_cat-farmacia","9":"product_tag-afford","10":"product_tag-anti-placa","11":"product_tag-anti-sarro","12":"product_tag-antibacteriano","13":"sales-flash-overlay","14":"woocommerce-text-align-center","15":"woocommerce-image-align-center","16":"do-quantity-buttons","18":"first","19":"instock","20":"taxable","21":"shipping-taxable","22":"purchasable","23":"product-type-simple"},"jetpack_sharing_enabled":true,"_links":{"self":[{"href":"https:\/\/vetaustral.com.ar\/index.php?rest_route=\/wp\/v2\/product\/907","targetHints":{"allow":["GET"]}}],"collection":[{"href":"https:\/\/vetaustral.com.ar\/index.php?rest_route=\/wp\/v2\/product"}],"about":[{"href":"https:\/\/vetaustral.com.ar\/index.php?rest_route=\/wp\/v2\/types\/product"}],"replies":[{"embeddable":true,"href":"https:\/\/vetaustral.com.ar\/index.php?rest_route=%2Fwp%2Fv2%2Fcomments&post=907"}],"wp:featuredmedia":[{"embeddable":true,"href":"https:\/\/vetaustral.com.ar\/index.php?rest_route=\/wp\/v2\/media\/908"}],"wp:attachment":[{"href":"https:\/\/vetaustral.com.ar\/index.php?rest_route=%2Fwp%2Fv2%2Fmedia&parent=907"}],"wp:term":[{"taxonomy":"product_brand","embeddable":true,"href":"https:\/\/vetaustral.com.ar\/index.php?rest_route=%2Fwp%2Fv2%2Fproduct_brand&post=907"},{"taxonomy":"product_cat","embeddable":true,"href":"https:\/\/vetaustral.com.ar\/index.php?rest_route=%2Fwp%2Fv2%2Fproduct_cat&post=907"},{"taxonomy":"product_tag","embeddable":true,"href":"https:\/\/vetaustral.com.ar\/index.php?rest_route=%2Fwp%2Fv2%2Fproduct_tag&post=907"}],"curies":[{"name":"wp","href":"https:\/\/api.w.org\/{rel}","templated":true}]}}