{"id":2136,"date":"2026-03-06T22:47:51","date_gmt":"2026-03-06T22:47:51","guid":{"rendered":"https:\/\/vetaustral.com.ar\/?post_type=product&#038;p=2136"},"modified":"2026-03-06T22:47:52","modified_gmt":"2026-03-06T22:47:52","slug":"strydox-x-100-ml-ripoll","status":"publish","type":"product","link":"https:\/\/vetaustral.com.ar\/?product=strydox-x-100-ml-ripoll","title":{"rendered":"Strydox x 100 ml &#8211; Ripoll"},"content":{"rendered":"<p>Contiene 1 frasco ampolla de 100 ml.<\/p>\n<ul>\n<li>Dinamizante neuromuscular.<\/li>\n<\/ul>\n<p>&nbsp;<\/p>\n<table width=\"211\">\n<tbody>\n<tr>\n<td width=\"135\"><strong>COMPOSICI\u00d3N<\/strong><\/td>\n<td width=\"76\"><\/td>\n<\/tr>\n<tr>\n<td width=\"135\">Vitamina B1 HCl<\/td>\n<td>2500 mg<\/td>\n<\/tr>\n<tr>\n<td>Vitamina B12<\/td>\n<td>5 mg<\/td>\n<\/tr>\n<tr>\n<td>Estricnina sulfato<\/td>\n<td>65 mg<\/td>\n<\/tr>\n<tr>\n<td>Veh\u00edculo c.s.p.<\/td>\n<td>100 mL<\/td>\n<\/tr>\n<\/tbody>\n<\/table>\n<p>&nbsp;<\/p>\n<p><strong>PROPIEDADES<br \/>\n<\/strong><strong>strydox<\/strong>\u00a0es un un dinamizante biol\u00f3gico y t\u00f3nico neuromuscular, compuesto por Estricnina y las Vitaminas del grupo B, Tiamina (vitamina B1) y Cianocobalamina (vitamina B12).<br \/>\nLa vitamina B1 o tiamina y su forma activa el pirofosfato de Tiamina funcionan en el metabolismo de los carbohidratos como coenzimas en la decarboxilaci\u00f3n de los alfaceto\u00e1cidos como piruvato y alfacetoglutarato. El requerimiento de Tiamina tiene relaci\u00f3n con el \u00edndice metab\u00f3lico y es m\u00e1ximo cuando los hidratos de carbono son la fuente principal de energ\u00eda. Su carencia se asocia cl\u00e1sicamente con la polineuritis perif\u00e9rica y anomal\u00edas cardiovasculares como ser disnea de esfuerzo, taquicardia, palpitaciones.<br \/>\nLa vitamina B 12 o Cianocobalamina es una vitamina hidrosoluble del complejo B con acci\u00f3n hemopoy\u00e9tica por excelencia.\u00a0Interviene como coenzima esencial en el metabolismo de los folatos, s\u00edntesis de ADN y prote\u00ednas, replicaci\u00f3n celular, hematopoyesis, metabolismo de las grasa\u00a0y carbohidratos. Su deficiencia se reconoce cl\u00ednicamente por su efecto sobre los sistemas hematopoy\u00e9tico y nervioso. Sobre el primero por el alto \u00edndice de replicaci\u00f3n celular de este sistema y la dependencia estricta entre ADN celular y vitamina B12.\u00a0Sobre el segundo produce da\u00f1os irreparables por hinchaz\u00f3n de las neuronas miel\u00ednicas, desmielinizaci\u00f3n y muerte celular.<br \/>\nLa Estricnina es un poderoso alcaloide proveniente del fruto del \u00e1rbol Strychonos nux-v\u00f3mica. Produce exitaci\u00f3n en todas las regiones del Sistema Nervioso Central aunque no por estimulaci\u00f3n sin\u00e1ptica directa sino por bloqueo selectivo de las v\u00eda inhibitorias.<\/p>\n<p><strong>INDICACIONES<br \/>\n<\/strong>Dinamizante y t\u00f3nico neuromuscular para equinos y bovinos.<br \/>\nEstados de agotamiento, falta de apetito, necesidad de un esfuerzo.\u00a0Como coadyuvante en el tratamiento contra la masturbaci\u00f3n en potrillos y en la vaca ca\u00edda.<\/p>\n<p>&nbsp;<\/p>\n<p>Ripoll<\/p>\n","protected":false},"excerpt":{"rendered":"<p>Contiene 1 frasco ampolla de 100 ml. Dinamizante neuromuscular. &nbsp; COMPOSICI\u00d3N Vitamina B1 HCl 2500 mg Vitamina B12 5 mg Estricnina sulfato 65 mg Veh\u00edculo c.s.p. 100 mL &nbsp; PROPIEDADES strydox\u00a0es un un dinamizante biol\u00f3gico y t\u00f3nico neuromuscular, compuesto por Estricnina y las Vitaminas del grupo B, Tiamina (vitamina B1) y Cianocobalamina (vitamina B12). La &#8230; <a title=\"Strydox x 100 ml &#8211; Ripoll\" class=\"read-more\" href=\"https:\/\/vetaustral.com.ar\/?product=strydox-x-100-ml-ripoll\" aria-label=\"Leer m\u00e1s sobre Strydox x 100 ml &#8211; Ripoll\">Leer m\u00e1s<\/a><\/p>\n","protected":false},"featured_media":2137,"comment_status":"open","ping_status":"closed","template":"","meta":[],"product_brand":[316],"product_cat":[33,32,52],"product_tag":[129,317,130],"class_list":{"0":"post-2136","1":"product","2":"type-product","3":"status-publish","4":"has-post-thumbnail","6":"product_brand-ripoll","7":"product_cat-equinos","8":"product_cat-farmacia","9":"product_cat-grandes-animales","10":"product_tag-dinamizante","11":"product_tag-energizante","12":"product_tag-tonico-neuromuscular","13":"sales-flash-overlay","14":"woocommerce-text-align-center","15":"woocommerce-image-align-center","16":"do-quantity-buttons","18":"first","19":"instock","20":"taxable","21":"shipping-taxable","22":"purchasable","23":"product-type-simple"},"jetpack_sharing_enabled":true,"_links":{"self":[{"href":"https:\/\/vetaustral.com.ar\/index.php?rest_route=\/wp\/v2\/product\/2136","targetHints":{"allow":["GET"]}}],"collection":[{"href":"https:\/\/vetaustral.com.ar\/index.php?rest_route=\/wp\/v2\/product"}],"about":[{"href":"https:\/\/vetaustral.com.ar\/index.php?rest_route=\/wp\/v2\/types\/product"}],"replies":[{"embeddable":true,"href":"https:\/\/vetaustral.com.ar\/index.php?rest_route=%2Fwp%2Fv2%2Fcomments&post=2136"}],"wp:featuredmedia":[{"embeddable":true,"href":"https:\/\/vetaustral.com.ar\/index.php?rest_route=\/wp\/v2\/media\/2137"}],"wp:attachment":[{"href":"https:\/\/vetaustral.com.ar\/index.php?rest_route=%2Fwp%2Fv2%2Fmedia&parent=2136"}],"wp:term":[{"taxonomy":"product_brand","embeddable":true,"href":"https:\/\/vetaustral.com.ar\/index.php?rest_route=%2Fwp%2Fv2%2Fproduct_brand&post=2136"},{"taxonomy":"product_cat","embeddable":true,"href":"https:\/\/vetaustral.com.ar\/index.php?rest_route=%2Fwp%2Fv2%2Fproduct_cat&post=2136"},{"taxonomy":"product_tag","embeddable":true,"href":"https:\/\/vetaustral.com.ar\/index.php?rest_route=%2Fwp%2Fv2%2Fproduct_tag&post=2136"}],"curies":[{"name":"wp","href":"https:\/\/api.w.org\/{rel}","templated":true}]}}