{"id":2117,"date":"2026-03-03T20:04:07","date_gmt":"2026-03-03T20:04:07","guid":{"rendered":"https:\/\/vetaustral.com.ar\/?post_type=product&#038;p=2117"},"modified":"2026-03-03T20:04:07","modified_gmt":"2026-03-03T20:04:07","slug":"dermapet-shampoo-voluminizante-x-250-ml-richmond-vet-pharma","status":"publish","type":"product","link":"https:\/\/vetaustral.com.ar\/?product=dermapet-shampoo-voluminizante-x-250-ml-richmond-vet-pharma","title":{"rendered":"Dermapet shampoo voluminizante x 250 ml &#8211; Richmond Vet Pharma"},"content":{"rendered":"<p>Contiene 1 pomo de 250 ml\/ 8,5 Oz.<\/p>\n<ul>\n<li>Listos para usar. F\u00f3rmula balanceada. pH Controlado.<\/li>\n<li>Higiene general para perros y gatos.<\/li>\n<\/ul>\n<h1 class=\"product_title entry-title\">Dermapet Groom Voluminizante<\/h1>\n<div class=\"woocommerce-product-details__short-description\">\n<p class=\"p1\"><span class=\"s1\">Una formulaci\u00f3n innovadora y revolucionaria que marca una nueva era en la pr\u00e1ctica profesional de los mas selectos\u00a0<b>Groomers<\/b>.<\/span><\/p>\n<p class=\"p1\"><span class=\"s1\">Unico\u00a0<b>Shampoo<\/b>\u00a0que adem\u00e1s de su capacidad de limpieza profunda, desenreda, da brillo y suavidad promoviendo al momento del secado un volumen firme y duradero que te sorprender\u00e1.<\/span><\/p>\n<p class=\"p1\"><span class=\"s1\">Ideal para uso en mantos que requieran volumen para el arreglo y pulido a tijera.<\/span><\/p>\n<h3 class=\"p1\"><span class=\"s1\"><b>Composici\u00f3n:<\/b><\/span><\/h3>\n<p class=\"p1\"><span class=\"s1\"><b>Alanto\u00edna<\/b><\/span><\/p>\n<ul>\n<li class=\"p1\"><span class=\"s1\">La Alanto\u00edna disminuye la irritaci\u00f3n de la piel.<\/span><\/li>\n<li class=\"p1\"><span class=\"s1\">Calmante y cicatrizante.<\/span><\/li>\n<li class=\"p1\"><span class=\"s1\">Favorece a la descamaci\u00f3n de las c\u00e9lulas envejecidas, promoviendo la proliferaci\u00f3n y reemplazo por c\u00e9lulas nuevas y sanas.<\/span><\/li>\n<li class=\"p1\"><span class=\"s1\">Estimula el crecimiento de la fibra.<\/span><\/li>\n<\/ul>\n<p class=\"p1\"><span class=\"s1\"><b>Beta\u00edna de coco<\/b><\/span><\/p>\n<ul>\n<li class=\"p1\"><span class=\"s1\">Permite estirar el pelo con mayor facilidad durante el secado.<\/span><\/li>\n<li class=\"p1\"><span class=\"s1\">Compuesto derivado del aceite de coco con comprobadas propiedades antibacterianas.<\/span><\/li>\n<li class=\"p1\"><span class=\"s1\">Promueve una limpieza suave sin agredir al pelo y su estructura.<\/span><\/li>\n<li class=\"p1\"><span class=\"s1\">Favorece a mantener un pH de piel adecuado. Disminuye la est\u00e1tica de la fibra dejando el manto m\u00e1s d\u00f3cil y suave.<\/span><\/li>\n<\/ul>\n<h3 class=\"p1\"><span class=\"s1\"><b>Complejo Voluminizante<\/b><\/span><\/h3>\n<p class=\"p1\"><span class=\"s1\">Una exclusiva combinaci\u00f3n de activos, que ademas de cuidar tus manos en el uso profesional intenso, promueve la fortaleza y vitalidad del manto dando un acabado de gran volumen.<\/span><\/p>\n<p class=\"p1\"><span class=\"s1\">Su uso esta tambi\u00e9n indicado en mantos lacios y ondulados. Mejora la textura y el color natural del pelo al provocar el cierre de la cut\u00edcula capilar, reparando las lesiones de la fibra e hidratando el pelo.<\/span><\/p>\n<p class=\"p1\"><span class=\"s1\"><b>Aroma\u00a0Sweet Clean<\/b>. Un perfume exclusivo que sera tu aliado en el arte del corte y modelado.<\/span><\/p>\n<p class=\"p1\"><span class=\"s1\">Para ser utilizado exclusivamente en animales. Agite bien antes de usar.<\/span><\/p>\n<p><strong>Color<\/strong>: Violeta Nacarado<\/p>\n<h3 class=\"p1\"><span class=\"s1\"><b>Modo de uso:\u00a0<\/b><\/span><\/h3>\n<p class=\"p1\"><span class=\"s1\"><b>Uso externo.<\/b><\/span><\/p>\n<p class=\"p1\"><span class=\"s1\">Mojar por completo el pelaje, luego aplicar\u00a0<b>Shampoo Dermapet<span class=\"Apple-converted-space\">\u00a0\u00a0<\/span>Groom Voluminizante<\/b>\u00a0dando un suave masaje para lograr la formaci\u00f3n de espuma y una homog\u00e9nea distribuci\u00f3n. Enjuagar con abundante agua. Repetir la operaci\u00f3n para obtener \u00f3ptimos resultados. A continuaci\u00f3n proceder con el secado.<\/span><\/p>\n<p class=\"p1\"><span class=\"s1\">Lavar cada 7 d\u00edas o a criterio profesional.<\/span><\/p>\n<p>Dermapet by Richmond Vet Pharma<\/p>\n<\/div>\n","protected":false},"excerpt":{"rendered":"<p>Contiene 1 pomo de 250 ml\/ 8,5 Oz. Listos para usar. F\u00f3rmula balanceada. pH Controlado. Higiene general para perros y gatos. Dermapet Groom Voluminizante Una formulaci\u00f3n innovadora y revolucionaria que marca una nueva era en la pr\u00e1ctica profesional de los mas selectos\u00a0Groomers. Unico\u00a0Shampoo\u00a0que adem\u00e1s de su capacidad de limpieza profunda, desenreda, da brillo y suavidad &#8230; <a title=\"Dermapet shampoo voluminizante x 250 ml &#8211; Richmond Vet Pharma\" class=\"read-more\" href=\"https:\/\/vetaustral.com.ar\/?product=dermapet-shampoo-voluminizante-x-250-ml-richmond-vet-pharma\" aria-label=\"Leer m\u00e1s sobre Dermapet shampoo voluminizante x 250 ml &#8211; Richmond Vet Pharma\">Leer m\u00e1s<\/a><\/p>\n","protected":false},"featured_media":2113,"comment_status":"open","ping_status":"closed","template":"","meta":[],"product_brand":[303],"product_cat":[36,32],"product_tag":[305,237,151],"class_list":{"0":"post-2117","1":"product","2":"type-product","3":"status-publish","4":"has-post-thumbnail","6":"product_brand-richmond-vet-pharma","7":"product_cat-animales-de-compania","8":"product_cat-farmacia","9":"product_tag-desenredante","10":"product_tag-para-perros-y-gatos","11":"product_tag-shampoo","12":"sales-flash-overlay","13":"woocommerce-text-align-center","14":"woocommerce-image-align-center","15":"do-quantity-buttons","17":"first","18":"instock","19":"taxable","20":"shipping-taxable","21":"purchasable","22":"product-type-simple"},"jetpack_sharing_enabled":true,"_links":{"self":[{"href":"https:\/\/vetaustral.com.ar\/index.php?rest_route=\/wp\/v2\/product\/2117","targetHints":{"allow":["GET"]}}],"collection":[{"href":"https:\/\/vetaustral.com.ar\/index.php?rest_route=\/wp\/v2\/product"}],"about":[{"href":"https:\/\/vetaustral.com.ar\/index.php?rest_route=\/wp\/v2\/types\/product"}],"replies":[{"embeddable":true,"href":"https:\/\/vetaustral.com.ar\/index.php?rest_route=%2Fwp%2Fv2%2Fcomments&post=2117"}],"wp:featuredmedia":[{"embeddable":true,"href":"https:\/\/vetaustral.com.ar\/index.php?rest_route=\/wp\/v2\/media\/2113"}],"wp:attachment":[{"href":"https:\/\/vetaustral.com.ar\/index.php?rest_route=%2Fwp%2Fv2%2Fmedia&parent=2117"}],"wp:term":[{"taxonomy":"product_brand","embeddable":true,"href":"https:\/\/vetaustral.com.ar\/index.php?rest_route=%2Fwp%2Fv2%2Fproduct_brand&post=2117"},{"taxonomy":"product_cat","embeddable":true,"href":"https:\/\/vetaustral.com.ar\/index.php?rest_route=%2Fwp%2Fv2%2Fproduct_cat&post=2117"},{"taxonomy":"product_tag","embeddable":true,"href":"https:\/\/vetaustral.com.ar\/index.php?rest_route=%2Fwp%2Fv2%2Fproduct_tag&post=2117"}],"curies":[{"name":"wp","href":"https:\/\/api.w.org\/{rel}","templated":true}]}}