{"id":2079,"date":"2026-02-12T14:10:11","date_gmt":"2026-02-12T14:10:11","guid":{"rendered":"https:\/\/vetaustral.com.ar\/?post_type=product&#038;p=2079"},"modified":"2026-02-12T14:10:12","modified_gmt":"2026-02-12T14:10:12","slug":"bicholuz-curabichera-x-500-ml-rio-de-janeiro","status":"publish","type":"product","link":"https:\/\/vetaustral.com.ar\/?product=bicholuz-curabichera-x-500-ml-rio-de-janeiro","title":{"rendered":"Bicholuz curabichera x 500 ml \u2013 Rio de Janeiro"},"content":{"rendered":"<p>Contiene 1 frasco con pico de 500 ml.<\/p>\n<ul>\n<li>Curabichera l\u00edquido.<\/li>\n<\/ul>\n<p>&nbsp;<\/p>\n<h5><strong>F\u00f3rmula:<\/strong><\/h5>\n<p>Acido t\u00e1nico 2,0 g.<\/p>\n<p>Dimetil-tricloro-hidroxietil-fosfato 0,5 g.<\/p>\n<p>Veh\u00edculo c.s.p. 100 ml.<\/p>\n<p>&nbsp;<\/p>\n<h5><strong>Indicaciones:<\/strong><\/h5>\n<p>Tratamiento y control de las miasis (BICHERAS) en herida de todo tipo. Como pueden ser heridas por descorne, descole, castraci\u00f3n, traumas, quir\u00fargicas, onfalitis (ombligos), entre otras.<\/p>\n<p>&nbsp;<\/p>\n<p>Allignani Hnos. \u2013 Rio de Janeiro<\/p>\n","protected":false},"excerpt":{"rendered":"<p>Contiene 1 frasco con pico de 500 ml. Curabichera l\u00edquido. &nbsp; F\u00f3rmula: Acido t\u00e1nico 2,0 g. Dimetil-tricloro-hidroxietil-fosfato 0,5 g. Veh\u00edculo c.s.p. 100 ml. &nbsp; Indicaciones: Tratamiento y control de las miasis (BICHERAS) en herida de todo tipo. Como pueden ser heridas por descorne, descole, castraci\u00f3n, traumas, quir\u00fargicas, onfalitis (ombligos), entre otras. &nbsp; Allignani Hnos. \u2013 &#8230; <a title=\"Bicholuz curabichera x 500 ml \u2013 Rio de Janeiro\" class=\"read-more\" href=\"https:\/\/vetaustral.com.ar\/?product=bicholuz-curabichera-x-500-ml-rio-de-janeiro\" aria-label=\"Leer m\u00e1s sobre Bicholuz curabichera x 500 ml \u2013 Rio de Janeiro\">Leer m\u00e1s<\/a><\/p>\n","protected":false},"featured_media":2080,"comment_status":"open","ping_status":"closed","template":"","meta":[],"product_brand":[293,295],"product_cat":[36,33,32,52],"product_tag":[98,256],"class_list":{"0":"post-2079","1":"product","2":"type-product","3":"status-publish","4":"has-post-thumbnail","6":"product_brand-allignani-hnos","7":"product_brand-rio-de-janeiro","8":"product_cat-animales-de-compania","9":"product_cat-equinos","10":"product_cat-farmacia","11":"product_cat-grandes-animales","12":"product_tag-curabichera","13":"product_tag-curabichera-liquido","14":"sales-flash-overlay","15":"woocommerce-text-align-center","16":"woocommerce-image-align-center","17":"do-quantity-buttons","19":"first","20":"instock","21":"taxable","22":"shipping-taxable","23":"purchasable","24":"product-type-simple"},"jetpack_sharing_enabled":true,"_links":{"self":[{"href":"https:\/\/vetaustral.com.ar\/index.php?rest_route=\/wp\/v2\/product\/2079","targetHints":{"allow":["GET"]}}],"collection":[{"href":"https:\/\/vetaustral.com.ar\/index.php?rest_route=\/wp\/v2\/product"}],"about":[{"href":"https:\/\/vetaustral.com.ar\/index.php?rest_route=\/wp\/v2\/types\/product"}],"replies":[{"embeddable":true,"href":"https:\/\/vetaustral.com.ar\/index.php?rest_route=%2Fwp%2Fv2%2Fcomments&post=2079"}],"wp:featuredmedia":[{"embeddable":true,"href":"https:\/\/vetaustral.com.ar\/index.php?rest_route=\/wp\/v2\/media\/2080"}],"wp:attachment":[{"href":"https:\/\/vetaustral.com.ar\/index.php?rest_route=%2Fwp%2Fv2%2Fmedia&parent=2079"}],"wp:term":[{"taxonomy":"product_brand","embeddable":true,"href":"https:\/\/vetaustral.com.ar\/index.php?rest_route=%2Fwp%2Fv2%2Fproduct_brand&post=2079"},{"taxonomy":"product_cat","embeddable":true,"href":"https:\/\/vetaustral.com.ar\/index.php?rest_route=%2Fwp%2Fv2%2Fproduct_cat&post=2079"},{"taxonomy":"product_tag","embeddable":true,"href":"https:\/\/vetaustral.com.ar\/index.php?rest_route=%2Fwp%2Fv2%2Fproduct_tag&post=2079"}],"curies":[{"name":"wp","href":"https:\/\/api.w.org\/{rel}","templated":true}]}}