{"id":2069,"date":"2026-02-12T12:29:59","date_gmt":"2026-02-12T12:29:59","guid":{"rendered":"https:\/\/vetaustral.com.ar\/?post_type=product&#038;p=2069"},"modified":"2026-02-12T12:30:00","modified_gmt":"2026-02-12T12:30:00","slug":"esele-x-1-litro-chinfield","status":"publish","type":"product","link":"https:\/\/vetaustral.com.ar\/?product=esele-x-1-litro-chinfield","title":{"rendered":"Esel\u00e9 x 1 litro &#8211; Chinfield"},"content":{"rendered":"<p>Contiene 1 frasco de 1000 ml.<\/p>\n<ul>\n<li>Jarabe Vitam\u00ednico \u2013 Mineralizante.<\/li>\n<\/ul>\n<h3 class=\"wp-block-heading\">F\u00f3rmula:<\/h3>\n<p>Vitamina E (acetato de dl-tocoferol)\u2026\u2026\u2026 6000 U.I<br \/>\nSelenito de sodio \u2026\u2026\u2026\u2026\u2026\u2026\u2026\u2026\u2026\u2026\u2026\u2026\u2026\u2026 0,033 g<br \/>\nCloruro de Magnesio \u2026\u2026\u2026\u2026\u2026\u2026\u2026\u2026\u2026\u2026\u2026\u2026\u2026.. 1 g<br \/>\nCloruro de potasio \u2026\u2026\u2026\u2026\u2026\u2026\u2026\u2026\u2026\u2026\u2026\u2026\u2026\u2026\u2026 1 g<br \/>\nAgentes de formulaci\u00f3n c.s.p. \u2026\u2026\u2026\u2026\u2026\u2026\u2026100 ml.<\/p>\n<h3 class=\"wp-block-heading\">Beneficios:<\/h3>\n<p>ESEL\u00c9\u00ae es un vitam\u00ednico y mineralizante que brinda en su f\u00f3rmula la acci\u00f3n combinada de Selenio y Vitamina E, junto al importante aporte de Magnesio y Potasio, todos componentes que benefician la actividad muscular. El Selenio es esencial para la respiraci\u00f3n de los tejidos y para proteger contra la necrosis hep\u00e1tica de origen diet\u00e9tico. La Vitamina E mejora la acci\u00f3n del Selenio y resulta esencial en el metabolismo muscular por su poderosa acci\u00f3n antioxidante y como preventivo de miositis y distrofias musculares. Numerosos trabajos de investigaci\u00f3n demuestran que la suplementaci\u00f3n diaria con vitamina E permite un mejor aprovechamiento del potencial de rendimiento de los caballos de alta competici\u00f3n. El Magnesio y el Potasio, con importante presencia en la f\u00f3rmula de ESEL\u00c9\u00ae (200 mg. de cada uno, por dosis), resultan fundamentales para facilitar la eficiente contractibilidad de las fibras musculares. El Magnesio como cofactor de enzimas que act\u00faan en las reacciones de transporte de fosfatos que utilizan ATP y el Potasio cumple un important\u00edsimo papel, principalmente en la excitabilidad el\u00e9ctrica de las c\u00e9lulas.<\/p>\n<h3 class=\"wp-block-heading\">Indicaciones:<\/h3>\n<p>ESEL\u00c9\u00ae est\u00e1 indicado en la prevenci\u00f3n y tratamiento de diversas miositis del equino adulto, en la enfermedad del m\u00fasculo blanco del potrillo, s\u00edndrome de deficiencia de Vitamina E y Selenio asociado a trastornos en la reproducci\u00f3n (bajo porcentaje de fertilidad, abortos no infecciosos). Paralelamente suplementa la cantidad de minerales que ingresan por dieta y previene el d\u00e9ficit de potasio que pudiere ocurrir por sudoraci\u00f3n excesiva o por el uso de diur\u00e9ticos salur\u00e9ticos.<\/p>\n<p>&nbsp;<\/p>\n<h3 class=\"wp-block-heading\">Especies de destino:<\/h3>\n<p>Equinos deportivos y de trabajo no destinados al consumo alimentario<br \/>\nhumano.<\/p>\n<p>Chinfield<\/p>\n","protected":false},"excerpt":{"rendered":"<p>Contiene 1 frasco de 1000 ml. Jarabe Vitam\u00ednico \u2013 Mineralizante. F\u00f3rmula: Vitamina E (acetato de dl-tocoferol)\u2026\u2026\u2026 6000 U.I Selenito de sodio \u2026\u2026\u2026\u2026\u2026\u2026\u2026\u2026\u2026\u2026\u2026\u2026\u2026\u2026 0,033 g Cloruro de Magnesio \u2026\u2026\u2026\u2026\u2026\u2026\u2026\u2026\u2026\u2026\u2026\u2026\u2026.. 1 g Cloruro de potasio \u2026\u2026\u2026\u2026\u2026\u2026\u2026\u2026\u2026\u2026\u2026\u2026\u2026\u2026\u2026 1 g Agentes de formulaci\u00f3n c.s.p. \u2026\u2026\u2026\u2026\u2026\u2026\u2026100 ml. Beneficios: ESEL\u00c9\u00ae es un vitam\u00ednico y mineralizante que brinda en su f\u00f3rmula la &#8230; <a title=\"Esel\u00e9 x 1 litro &#8211; Chinfield\" class=\"read-more\" href=\"https:\/\/vetaustral.com.ar\/?product=esele-x-1-litro-chinfield\" aria-label=\"Leer m\u00e1s sobre Esel\u00e9 x 1 litro &#8211; Chinfield\">Leer m\u00e1s<\/a><\/p>\n","protected":false},"featured_media":2070,"comment_status":"open","ping_status":"closed","template":"","meta":[],"product_brand":[114],"product_cat":[33,32],"product_tag":[84,297,116],"class_list":{"0":"post-2069","1":"product","2":"type-product","3":"status-publish","4":"has-post-thumbnail","6":"product_brand-chinfield","7":"product_cat-equinos","8":"product_cat-farmacia","9":"product_tag-minerales","10":"product_tag-protector-muscular","11":"product_tag-vitaminico","12":"sales-flash-overlay","13":"woocommerce-text-align-center","14":"woocommerce-image-align-center","15":"do-quantity-buttons","17":"first","18":"instock","19":"taxable","20":"shipping-taxable","21":"purchasable","22":"product-type-simple"},"jetpack_sharing_enabled":true,"_links":{"self":[{"href":"https:\/\/vetaustral.com.ar\/index.php?rest_route=\/wp\/v2\/product\/2069","targetHints":{"allow":["GET"]}}],"collection":[{"href":"https:\/\/vetaustral.com.ar\/index.php?rest_route=\/wp\/v2\/product"}],"about":[{"href":"https:\/\/vetaustral.com.ar\/index.php?rest_route=\/wp\/v2\/types\/product"}],"replies":[{"embeddable":true,"href":"https:\/\/vetaustral.com.ar\/index.php?rest_route=%2Fwp%2Fv2%2Fcomments&post=2069"}],"wp:featuredmedia":[{"embeddable":true,"href":"https:\/\/vetaustral.com.ar\/index.php?rest_route=\/wp\/v2\/media\/2070"}],"wp:attachment":[{"href":"https:\/\/vetaustral.com.ar\/index.php?rest_route=%2Fwp%2Fv2%2Fmedia&parent=2069"}],"wp:term":[{"taxonomy":"product_brand","embeddable":true,"href":"https:\/\/vetaustral.com.ar\/index.php?rest_route=%2Fwp%2Fv2%2Fproduct_brand&post=2069"},{"taxonomy":"product_cat","embeddable":true,"href":"https:\/\/vetaustral.com.ar\/index.php?rest_route=%2Fwp%2Fv2%2Fproduct_cat&post=2069"},{"taxonomy":"product_tag","embeddable":true,"href":"https:\/\/vetaustral.com.ar\/index.php?rest_route=%2Fwp%2Fv2%2Fproduct_tag&post=2069"}],"curies":[{"name":"wp","href":"https:\/\/api.w.org\/{rel}","templated":true}]}}