{"id":2014,"date":"2026-02-04T19:04:19","date_gmt":"2026-02-04T19:04:19","guid":{"rendered":"https:\/\/vetaustral.com.ar\/?post_type=product&#038;p=2014"},"modified":"2026-02-04T19:04:55","modified_gmt":"2026-02-04T19:04:55","slug":"super-synect-pour-on-x-1-litro-over","status":"publish","type":"product","link":"https:\/\/vetaustral.com.ar\/?product=super-synect-pour-on-x-1-litro-over","title":{"rendered":"Super synect Pour on x 1 Litro &#8211; Over"},"content":{"rendered":"<p>Contiene 1 bid\u00f3n autodosificable de 1000 ml.<\/p>\n<ul>\n<li>Antiparasitario externo.<\/li>\n<li>Piojicida.<\/li>\n<li>Repelente de insectos.<\/li>\n<\/ul>\n<h5><strong>F\u00f3rmula:<\/strong><\/h5>\n<p>Cada 100 ml contiene:<br \/>\nCipermetrina 5 g<br \/>\nCarbaryl 2 g<br \/>\nAgentes de formulaci\u00f3n c.s.<\/p>\n<h5><strong>Indicaciones:<\/strong><\/h5>\n<p>Tratamiento y control de piojos masticadores y chupadores, moscas, mosquitos, jejenes, t\u00e1banos, ectopar\u00e1sitos sensibles y resistentes a piretroides.<\/p>\n<h5><strong>Especies a las que se destina:<\/strong><\/h5>\n<p>Bovinos, equinos, porcinos y ovinos.<\/p>\n<h5><strong>Administraci\u00f3n:<\/strong><\/h5>\n<p>Pour on.<\/p>\n<p>&nbsp;<\/p>\n<p>Over<\/p>\n","protected":false},"excerpt":{"rendered":"<p>Contiene 1 bid\u00f3n autodosificable de 1000 ml. Antiparasitario externo. Piojicida. Repelente de insectos. F\u00f3rmula: Cada 100 ml contiene: Cipermetrina 5 g Carbaryl 2 g Agentes de formulaci\u00f3n c.s. Indicaciones: Tratamiento y control de piojos masticadores y chupadores, moscas, mosquitos, jejenes, t\u00e1banos, ectopar\u00e1sitos sensibles y resistentes a piretroides. Especies a las que se destina: Bovinos, equinos, &#8230; <a title=\"Super synect Pour on x 1 Litro &#8211; Over\" class=\"read-more\" href=\"https:\/\/vetaustral.com.ar\/?product=super-synect-pour-on-x-1-litro-over\" aria-label=\"Leer m\u00e1s sobre Super synect Pour on x 1 Litro &#8211; Over\">Leer m\u00e1s<\/a><\/p>\n","protected":false},"featured_media":2015,"comment_status":"open","ping_status":"closed","template":"","meta":[],"product_brand":[286],"product_cat":[33,32,52],"product_tag":[65,102,105,104,103,148],"class_list":{"0":"post-2014","1":"product","2":"type-product","3":"status-publish","4":"has-post-thumbnail","6":"product_brand-over","7":"product_cat-equinos","8":"product_cat-farmacia","9":"product_cat-grandes-animales","10":"product_tag-antiparasitario-externo","11":"product_tag-mosca-del-cuerno","12":"product_tag-piojicida","13":"product_tag-pour-on","14":"product_tag-puron","15":"product_tag-repelente-de-moscas-y-mosquitos","16":"sales-flash-overlay","17":"woocommerce-text-align-center","18":"woocommerce-image-align-center","19":"do-quantity-buttons","21":"first","22":"instock","23":"taxable","24":"shipping-taxable","25":"purchasable","26":"product-type-simple"},"jetpack_sharing_enabled":true,"_links":{"self":[{"href":"https:\/\/vetaustral.com.ar\/index.php?rest_route=\/wp\/v2\/product\/2014","targetHints":{"allow":["GET"]}}],"collection":[{"href":"https:\/\/vetaustral.com.ar\/index.php?rest_route=\/wp\/v2\/product"}],"about":[{"href":"https:\/\/vetaustral.com.ar\/index.php?rest_route=\/wp\/v2\/types\/product"}],"replies":[{"embeddable":true,"href":"https:\/\/vetaustral.com.ar\/index.php?rest_route=%2Fwp%2Fv2%2Fcomments&post=2014"}],"wp:featuredmedia":[{"embeddable":true,"href":"https:\/\/vetaustral.com.ar\/index.php?rest_route=\/wp\/v2\/media\/2015"}],"wp:attachment":[{"href":"https:\/\/vetaustral.com.ar\/index.php?rest_route=%2Fwp%2Fv2%2Fmedia&parent=2014"}],"wp:term":[{"taxonomy":"product_brand","embeddable":true,"href":"https:\/\/vetaustral.com.ar\/index.php?rest_route=%2Fwp%2Fv2%2Fproduct_brand&post=2014"},{"taxonomy":"product_cat","embeddable":true,"href":"https:\/\/vetaustral.com.ar\/index.php?rest_route=%2Fwp%2Fv2%2Fproduct_cat&post=2014"},{"taxonomy":"product_tag","embeddable":true,"href":"https:\/\/vetaustral.com.ar\/index.php?rest_route=%2Fwp%2Fv2%2Fproduct_tag&post=2014"}],"curies":[{"name":"wp","href":"https:\/\/api.w.org\/{rel}","templated":true}]}}