{"id":2007,"date":"2026-02-04T15:08:31","date_gmt":"2026-02-04T15:08:31","guid":{"rendered":"https:\/\/vetaustral.com.ar\/?post_type=product&#038;p=2007"},"modified":"2026-02-04T15:08:31","modified_gmt":"2026-02-04T15:08:31","slug":"overbiotic-sol-x-100-ml-over","status":"publish","type":"product","link":"https:\/\/vetaustral.com.ar\/?product=overbiotic-sol-x-100-ml-over","title":{"rendered":"Overbiotic sol. x 100 ml &#8211; Over"},"content":{"rendered":"<p>Contiene 1 frasco ampolla de 100 ml.<\/p>\n<ul>\n<li>Antibi\u00f3tico de amplio espectro.<\/li>\n<\/ul>\n<h5><strong>F\u00f3rmula:<\/strong><\/h5>\n<p>Cada 100 ml contiene:<br \/>\nOxitetraciclina clorhidrato 5,5 g<br \/>\nAgentes de formulaci\u00f3n c.s.<\/p>\n<h5><strong>Indicaciones:<\/strong><\/h5>\n<p>Tratamiento y control de carbunclo bacteriano, carbunclo sintom\u00e1tico, septicemia hemorr\u00e1gica, leptospirosis, actinobacilosis, actinomicosis, hemoglobinuria bacilar, enterotoxemias, paratifosis porcina, psitacosis, anaplasmosis, brucelosis, neumon\u00edas, bronquitis, pleuritis, enteritis, infecciones del tracto genitourinario y toda afecci\u00f3n no espec\u00edfica causada por g\u00e9rmenes sensibles a la oxitetraciclina.<\/p>\n<h5><strong>Especies a las que se destina:<\/strong><\/h5>\n<p>Bovinos, equinos, ovinos, porcinos, caninos, felinos y aves.<\/p>\n<h5><strong>Administraci\u00f3n:<\/strong><\/h5>\n<p><strong>Bovinos, equinos, ovinos, porcinos y caninos:<\/strong>\u00a0V\u00eda intramuscular o subcut\u00e1nea.\u00a0<strong>Felinos y aves:\u00a0<\/strong>V\u00eda subcut\u00e1nea.<\/p>\n<p>&nbsp;<\/p>\n<p>Over<\/p>\n","protected":false},"excerpt":{"rendered":"<p>Contiene 1 frasco ampolla de 100 ml. Antibi\u00f3tico de amplio espectro. F\u00f3rmula: Cada 100 ml contiene: Oxitetraciclina clorhidrato 5,5 g Agentes de formulaci\u00f3n c.s. Indicaciones: Tratamiento y control de carbunclo bacteriano, carbunclo sintom\u00e1tico, septicemia hemorr\u00e1gica, leptospirosis, actinobacilosis, actinomicosis, hemoglobinuria bacilar, enterotoxemias, paratifosis porcina, psitacosis, anaplasmosis, brucelosis, neumon\u00edas, bronquitis, pleuritis, enteritis, infecciones del tracto genitourinario y &#8230; <a title=\"Overbiotic sol. x 100 ml &#8211; Over\" class=\"read-more\" href=\"https:\/\/vetaustral.com.ar\/?product=overbiotic-sol-x-100-ml-over\" aria-label=\"Leer m\u00e1s sobre Overbiotic sol. x 100 ml &#8211; Over\">Leer m\u00e1s<\/a><\/p>\n","protected":false},"featured_media":2008,"comment_status":"open","ping_status":"closed","template":"","meta":[],"product_brand":[286],"product_cat":[36,33,32,52],"product_tag":[53],"class_list":{"0":"post-2007","1":"product","2":"type-product","3":"status-publish","4":"has-post-thumbnail","6":"product_brand-over","7":"product_cat-animales-de-compania","8":"product_cat-equinos","9":"product_cat-farmacia","10":"product_cat-grandes-animales","11":"product_tag-antibiotico","12":"sales-flash-overlay","13":"woocommerce-text-align-center","14":"woocommerce-image-align-center","15":"do-quantity-buttons","17":"first","18":"instock","19":"taxable","20":"shipping-taxable","21":"purchasable","22":"product-type-simple"},"jetpack_sharing_enabled":true,"_links":{"self":[{"href":"https:\/\/vetaustral.com.ar\/index.php?rest_route=\/wp\/v2\/product\/2007","targetHints":{"allow":["GET"]}}],"collection":[{"href":"https:\/\/vetaustral.com.ar\/index.php?rest_route=\/wp\/v2\/product"}],"about":[{"href":"https:\/\/vetaustral.com.ar\/index.php?rest_route=\/wp\/v2\/types\/product"}],"replies":[{"embeddable":true,"href":"https:\/\/vetaustral.com.ar\/index.php?rest_route=%2Fwp%2Fv2%2Fcomments&post=2007"}],"wp:featuredmedia":[{"embeddable":true,"href":"https:\/\/vetaustral.com.ar\/index.php?rest_route=\/wp\/v2\/media\/2008"}],"wp:attachment":[{"href":"https:\/\/vetaustral.com.ar\/index.php?rest_route=%2Fwp%2Fv2%2Fmedia&parent=2007"}],"wp:term":[{"taxonomy":"product_brand","embeddable":true,"href":"https:\/\/vetaustral.com.ar\/index.php?rest_route=%2Fwp%2Fv2%2Fproduct_brand&post=2007"},{"taxonomy":"product_cat","embeddable":true,"href":"https:\/\/vetaustral.com.ar\/index.php?rest_route=%2Fwp%2Fv2%2Fproduct_cat&post=2007"},{"taxonomy":"product_tag","embeddable":true,"href":"https:\/\/vetaustral.com.ar\/index.php?rest_route=%2Fwp%2Fv2%2Fproduct_tag&post=2007"}],"curies":[{"name":"wp","href":"https:\/\/api.w.org\/{rel}","templated":true}]}}