{"id":2001,"date":"2026-02-04T14:48:13","date_gmt":"2026-02-04T14:48:13","guid":{"rendered":"https:\/\/vetaustral.com.ar\/?post_type=product&#038;p=2001"},"modified":"2026-02-04T14:48:13","modified_gmt":"2026-02-04T14:48:13","slug":"gestar-x-50-ml-over","status":"publish","type":"product","link":"https:\/\/vetaustral.com.ar\/?product=gestar-x-50-ml-over","title":{"rendered":"Gestar x 50 ml &#8211; Over"},"content":{"rendered":"<p>Contiene 1 frasco ampolla de 50 ml.<\/p>\n<ul>\n<li>Hormonal.<\/li>\n<li>Hormona liberadora de las gonadotrofinas FHS y LH.<\/li>\n<\/ul>\n<h5><strong>F\u00f3rmula:<\/strong><\/h5>\n<p>Cada 100 ml contiene:<br \/>\nAcetato de buserelina 0,00042 g<br \/>\nAgentes de formulaci\u00f3n c.s.<\/p>\n<h5><strong>Indicaciones:<\/strong><\/h5>\n<p><strong>Vacas:<\/strong>\u00a0Tratamiento de trastornos de la fertilidad de origen ov\u00e1rico: quistes foliculares, aciclia, anestro, ovulaci\u00f3n retardada y atresia folicular. Incrementa el \u00edndice de concepci\u00f3n en la inseminaci\u00f3n artificial y despu\u00e9s de la sincronizaci\u00f3n del celo.\u00a0<strong>Yeguas:<\/strong>\u00a0Tratamiento de trastornos qu\u00edsticos de los ovarios acompa\u00f1ados o no de celo prolongado o permanente; y aciclia. Inducci\u00f3n de la ovulaci\u00f3n (en celo prolongado, permanente, para fijar el tiempo de la ovulaci\u00f3n y la monta, para mejorar el \u00edndice de concepci\u00f3n).<\/p>\n<h5><strong>Especies a las que se destina:<\/strong><\/h5>\n<p>Bovinos y equinos.<\/p>\n<h5><strong>Administraci\u00f3n:<\/strong><\/h5>\n<p>V\u00eda intramuscular, subcut\u00e1nea o endovenosa.<\/p>\n<p>&nbsp;<\/p>\n<p>Over<\/p>\n","protected":false},"excerpt":{"rendered":"<p>Contiene 1 frasco ampolla de 50 ml. Hormonal. Hormona liberadora de las gonadotrofinas FHS y LH. F\u00f3rmula: Cada 100 ml contiene: Acetato de buserelina 0,00042 g Agentes de formulaci\u00f3n c.s. Indicaciones: Vacas:\u00a0Tratamiento de trastornos de la fertilidad de origen ov\u00e1rico: quistes foliculares, aciclia, anestro, ovulaci\u00f3n retardada y atresia folicular. Incrementa el \u00edndice de concepci\u00f3n en &#8230; <a title=\"Gestar x 50 ml &#8211; Over\" class=\"read-more\" href=\"https:\/\/vetaustral.com.ar\/?product=gestar-x-50-ml-over\" aria-label=\"Leer m\u00e1s sobre Gestar x 50 ml &#8211; Over\">Leer m\u00e1s<\/a><\/p>\n","protected":false},"featured_media":2002,"comment_status":"open","ping_status":"closed","template":"","meta":[],"product_brand":[286],"product_cat":[33,32,52],"product_tag":[241],"class_list":{"0":"post-2001","1":"product","2":"type-product","3":"status-publish","4":"has-post-thumbnail","6":"product_brand-over","7":"product_cat-equinos","8":"product_cat-farmacia","9":"product_cat-grandes-animales","10":"product_tag-hormonal","11":"sales-flash-overlay","12":"woocommerce-text-align-center","13":"woocommerce-image-align-center","14":"do-quantity-buttons","16":"first","17":"instock","18":"taxable","19":"shipping-taxable","20":"purchasable","21":"product-type-simple"},"jetpack_sharing_enabled":true,"_links":{"self":[{"href":"https:\/\/vetaustral.com.ar\/index.php?rest_route=\/wp\/v2\/product\/2001","targetHints":{"allow":["GET"]}}],"collection":[{"href":"https:\/\/vetaustral.com.ar\/index.php?rest_route=\/wp\/v2\/product"}],"about":[{"href":"https:\/\/vetaustral.com.ar\/index.php?rest_route=\/wp\/v2\/types\/product"}],"replies":[{"embeddable":true,"href":"https:\/\/vetaustral.com.ar\/index.php?rest_route=%2Fwp%2Fv2%2Fcomments&post=2001"}],"wp:featuredmedia":[{"embeddable":true,"href":"https:\/\/vetaustral.com.ar\/index.php?rest_route=\/wp\/v2\/media\/2002"}],"wp:attachment":[{"href":"https:\/\/vetaustral.com.ar\/index.php?rest_route=%2Fwp%2Fv2%2Fmedia&parent=2001"}],"wp:term":[{"taxonomy":"product_brand","embeddable":true,"href":"https:\/\/vetaustral.com.ar\/index.php?rest_route=%2Fwp%2Fv2%2Fproduct_brand&post=2001"},{"taxonomy":"product_cat","embeddable":true,"href":"https:\/\/vetaustral.com.ar\/index.php?rest_route=%2Fwp%2Fv2%2Fproduct_cat&post=2001"},{"taxonomy":"product_tag","embeddable":true,"href":"https:\/\/vetaustral.com.ar\/index.php?rest_route=%2Fwp%2Fv2%2Fproduct_tag&post=2001"}],"curies":[{"name":"wp","href":"https:\/\/api.w.org\/{rel}","templated":true}]}}