{"id":1933,"date":"2026-01-15T21:01:15","date_gmt":"2026-01-15T21:01:15","guid":{"rendered":"https:\/\/vetaustral.com.ar\/?post_type=product&#038;p=1933"},"modified":"2026-01-15T21:01:35","modified_gmt":"2026-01-15T21:01:35","slug":"shampoo-co-clorhexidina-x-250-ml-osspret","status":"publish","type":"product","link":"https:\/\/vetaustral.com.ar\/?product=shampoo-co-clorhexidina-x-250-ml-osspret","title":{"rendered":"Shampoo con clorhexidina x 250 ml &#8211; Osspret"},"content":{"rendered":"<p>Contiene 1 envase de 250 ml.<\/p>\n<ul>\n<li>Bactericida.<\/li>\n<li>Antis\u00e9ptico.<\/li>\n<li>Antimic\u00f3tico.<\/li>\n<\/ul>\n<p><strong>Componentes: <\/strong><\/p>\n<p>Clorhexidina Digluconato 2,5%<\/p>\n<div class=\"layout-element layout-element--layout layout-element transition transition--slide\" data-v-862b8f16=\"\" data-qa=\"layout-element-wrapper:zfbuir\" data-animation-state=\"active\">\n<div id=\"zfbUIR\" class=\"text-box layout-element__component layout-element__component--GridTextBox\" data-v-862b8f16=\"\" data-qa=\"gridtextbox:zfbuir\">\n<h6 dir=\"auto\"><strong>Descripci\u00f3n<\/strong><\/h6>\n<\/div>\n<\/div>\n<div class=\"layout-element layout-element--layout layout-element transition transition--slide\" data-v-862b8f16=\"\" data-qa=\"layout-element-wrapper:zzgp0u\" data-animation-state=\"active\">\n<div id=\"zzGP0U\" class=\"text-box layout-element__component layout-element__component--GridTextBox\" data-v-862b8f16=\"\" data-qa=\"gridtextbox:zzgp0u\">\n<p class=\"body\" dir=\"auto\">Piodermias superficiales provocadas por g\u00e9rmenes sensibles gram + y gram -. Afecciones mic\u00f3ticas (seborreas mic\u00f3ticas), levaduras (malassezia).<\/p>\n<\/div>\n<\/div>\n<div class=\"layout-element layout-element--layout layout-element transition transition--slide\" data-v-862b8f16=\"\" data-qa=\"layout-element-wrapper:z6fmrm\" data-animation-state=\"active\">\n<div id=\"z6FMRm\" class=\"text-box layout-element__component layout-element__component--GridTextBox\" data-v-862b8f16=\"\" data-qa=\"gridtextbox:z6fmrm\">\n<h6 dir=\"auto\"><strong>Indicado para:<\/strong> caninos y felinos mayores.<\/h6>\n<\/div>\n<\/div>\n<p>&nbsp;<\/p>\n<p>Osspret<\/p>\n","protected":false},"excerpt":{"rendered":"<p>Contiene 1 envase de 250 ml. Bactericida. Antis\u00e9ptico. Antimic\u00f3tico. Componentes: Clorhexidina Digluconato 2,5% Descripci\u00f3n Piodermias superficiales provocadas por g\u00e9rmenes sensibles gram + y gram -. Afecciones mic\u00f3ticas (seborreas mic\u00f3ticas), levaduras (malassezia). Indicado para: caninos y felinos mayores. &nbsp; Osspret<\/p>\n","protected":false},"featured_media":1934,"comment_status":"open","ping_status":"closed","template":"","meta":[],"product_brand":[272],"product_cat":[36,32],"product_tag":[73,153,151],"class_list":{"0":"post-1933","1":"product","2":"type-product","3":"status-publish","4":"has-post-thumbnail","6":"product_brand-osspret","7":"product_cat-animales-de-compania","8":"product_cat-farmacia","9":"product_tag-antimicotico","10":"product_tag-antiseptico","11":"product_tag-shampoo","12":"sales-flash-overlay","13":"woocommerce-text-align-center","14":"woocommerce-image-align-center","15":"do-quantity-buttons","17":"first","18":"instock","19":"taxable","20":"shipping-taxable","21":"purchasable","22":"product-type-simple"},"jetpack_sharing_enabled":true,"_links":{"self":[{"href":"https:\/\/vetaustral.com.ar\/index.php?rest_route=\/wp\/v2\/product\/1933","targetHints":{"allow":["GET"]}}],"collection":[{"href":"https:\/\/vetaustral.com.ar\/index.php?rest_route=\/wp\/v2\/product"}],"about":[{"href":"https:\/\/vetaustral.com.ar\/index.php?rest_route=\/wp\/v2\/types\/product"}],"replies":[{"embeddable":true,"href":"https:\/\/vetaustral.com.ar\/index.php?rest_route=%2Fwp%2Fv2%2Fcomments&post=1933"}],"wp:featuredmedia":[{"embeddable":true,"href":"https:\/\/vetaustral.com.ar\/index.php?rest_route=\/wp\/v2\/media\/1934"}],"wp:attachment":[{"href":"https:\/\/vetaustral.com.ar\/index.php?rest_route=%2Fwp%2Fv2%2Fmedia&parent=1933"}],"wp:term":[{"taxonomy":"product_brand","embeddable":true,"href":"https:\/\/vetaustral.com.ar\/index.php?rest_route=%2Fwp%2Fv2%2Fproduct_brand&post=1933"},{"taxonomy":"product_cat","embeddable":true,"href":"https:\/\/vetaustral.com.ar\/index.php?rest_route=%2Fwp%2Fv2%2Fproduct_cat&post=1933"},{"taxonomy":"product_tag","embeddable":true,"href":"https:\/\/vetaustral.com.ar\/index.php?rest_route=%2Fwp%2Fv2%2Fproduct_tag&post=1933"}],"curies":[{"name":"wp","href":"https:\/\/api.w.org\/{rel}","templated":true}]}}