{"id":1755,"date":"2025-12-04T20:43:28","date_gmt":"2025-12-04T20:43:28","guid":{"rendered":"https:\/\/vetaustral.com.ar\/?post_type=product&#038;p=1755"},"modified":"2025-12-04T20:43:29","modified_gmt":"2025-12-04T20:43:29","slug":"cefalaser-x-10-comp-laser","status":"publish","type":"product","link":"https:\/\/vetaustral.com.ar\/?product=cefalaser-x-10-comp-laser","title":{"rendered":"Cefalaser x 10 comp &#8211; Laser"},"content":{"rendered":"<p>Contiene 1 bl\u00edster de 10 comprimidos.<\/p>\n<ul>\n<li>Antibi\u00f3tico<\/li>\n<li>Antiinflamatorio enzim\u00e1tico<\/li>\n<li>Edematol\u00edtico<\/li>\n<\/ul>\n<h4><strong>F\u00f3rmula:<\/strong><\/h4>\n<p class=\"query-text-line ng-star-inserted\"><strong>Cada comprimido contiene<\/strong><\/p>\n<ul>\n<li class=\"query-text-line ng-star-inserted\">\n<p class=\"query-text-line ng-star-inserted\">Cefalexina Monohidrato 500mg<\/p>\n<\/li>\n<li class=\"query-text-line ng-star-inserted\">\n<p class=\"query-text-line ng-star-inserted\">Proteasa de Carica Papaya 50 mg<\/p>\n<\/li>\n<li>Excipientes c.s.<\/li>\n<\/ul>\n<h4><strong>Indicaciones:<\/strong><\/h4>\n<p class=\"query-text-line ng-star-inserted\">LABORATORIOS LASER presenta bajo el nombre de CEFALASER 500, un antibi\u00f3tico de \u00faltima generaci\u00f3n. Cefalexina, con acci\u00f3n sobre amplia gama de g\u00e9rmenes GRAMM positivos y GRAMM negativos<\/p>\n<p class=\"query-text-line ng-star-inserted\">Especialmente indicado para el tratamiento de infecciones de tejidos duros y blandos producidas por bacterias que ofrecen resistencia a otros antibi\u00f3ticos. Se incluye una encima proteol\u00edtica de la Proteasa de Carica Papaya que, entre otras funciones facilita la penetraci\u00f3n de los antibi\u00f3ticos en los tejidos afectados.<\/p>\n<p>Laser<\/p>\n","protected":false},"excerpt":{"rendered":"<p>Contiene 1 bl\u00edster de 10 comprimidos. Antibi\u00f3tico Antiinflamatorio enzim\u00e1tico Edematol\u00edtico F\u00f3rmula: Cada comprimido contiene Cefalexina Monohidrato 500mg Proteasa de Carica Papaya 50 mg Excipientes c.s. Indicaciones: LABORATORIOS LASER presenta bajo el nombre de CEFALASER 500, un antibi\u00f3tico de \u00faltima generaci\u00f3n. Cefalexina, con acci\u00f3n sobre amplia gama de g\u00e9rmenes GRAMM positivos y GRAMM negativos Especialmente indicado &#8230; <a title=\"Cefalaser x 10 comp &#8211; Laser\" class=\"read-more\" href=\"https:\/\/vetaustral.com.ar\/?product=cefalaser-x-10-comp-laser\" aria-label=\"Leer m\u00e1s sobre Cefalaser x 10 comp &#8211; Laser\">Leer m\u00e1s<\/a><\/p>\n","protected":false},"featured_media":1756,"comment_status":"open","ping_status":"closed","template":"","meta":[],"product_brand":[270],"product_cat":[36,32],"product_tag":[53,173],"class_list":{"0":"post-1755","1":"product","2":"type-product","3":"status-publish","4":"has-post-thumbnail","6":"product_brand-laser","7":"product_cat-animales-de-compania","8":"product_cat-farmacia","9":"product_tag-antibiotico","10":"product_tag-antiinflamatorio-enzimatico","11":"sales-flash-overlay","12":"woocommerce-text-align-center","13":"woocommerce-image-align-center","14":"do-quantity-buttons","16":"first","17":"instock","18":"taxable","19":"shipping-taxable","20":"purchasable","21":"product-type-simple"},"jetpack_sharing_enabled":true,"_links":{"self":[{"href":"https:\/\/vetaustral.com.ar\/index.php?rest_route=\/wp\/v2\/product\/1755","targetHints":{"allow":["GET"]}}],"collection":[{"href":"https:\/\/vetaustral.com.ar\/index.php?rest_route=\/wp\/v2\/product"}],"about":[{"href":"https:\/\/vetaustral.com.ar\/index.php?rest_route=\/wp\/v2\/types\/product"}],"replies":[{"embeddable":true,"href":"https:\/\/vetaustral.com.ar\/index.php?rest_route=%2Fwp%2Fv2%2Fcomments&post=1755"}],"wp:featuredmedia":[{"embeddable":true,"href":"https:\/\/vetaustral.com.ar\/index.php?rest_route=\/wp\/v2\/media\/1756"}],"wp:attachment":[{"href":"https:\/\/vetaustral.com.ar\/index.php?rest_route=%2Fwp%2Fv2%2Fmedia&parent=1755"}],"wp:term":[{"taxonomy":"product_brand","embeddable":true,"href":"https:\/\/vetaustral.com.ar\/index.php?rest_route=%2Fwp%2Fv2%2Fproduct_brand&post=1755"},{"taxonomy":"product_cat","embeddable":true,"href":"https:\/\/vetaustral.com.ar\/index.php?rest_route=%2Fwp%2Fv2%2Fproduct_cat&post=1755"},{"taxonomy":"product_tag","embeddable":true,"href":"https:\/\/vetaustral.com.ar\/index.php?rest_route=%2Fwp%2Fv2%2Fproduct_tag&post=1755"}],"curies":[{"name":"wp","href":"https:\/\/api.w.org\/{rel}","templated":true}]}}