{"id":1740,"date":"2025-12-04T12:58:34","date_gmt":"2025-12-04T12:58:34","guid":{"rendered":"https:\/\/vetaustral.com.ar\/?post_type=product&#038;p=1740"},"modified":"2025-12-04T12:58:36","modified_gmt":"2025-12-04T12:58:36","slug":"nutrical-x-120-ml-konig","status":"publish","type":"product","link":"https:\/\/vetaustral.com.ar\/?product=nutrical-x-120-ml-konig","title":{"rendered":"Nutrical x 120 ml &#8211; Konig"},"content":{"rendered":"<p>Contiene 1 frasco de 120 ml.<\/p>\n<ul>\n<li>Suplemento c\u00e1lcico para peque\u00f1os animales.<\/li>\n<li>En suspensi\u00f3n oral.<\/li>\n<\/ul>\n<h4><strong>F\u00f3rmula:<\/strong><\/h4>\n<p>Cada 100 mL contiene: Carbonato de Calcio 10 gramos; excipientes c.s.<\/p>\n<h4><strong>Indicaciones de uso:<\/strong><\/h4>\n<p>Prevenci\u00f3n de los disturbios asociados al incremento de la demanda de calcio durante la lactancia, pre\u00f1ez y crecimiento.<br \/>\nComo tratamiento preventivo y curativo del hiperparatiroidismo nutricional secundario (tratamiento de la osteodistrofia fibrosa generalizada) en animales en crecimiento, osteoporosis y espondiloartritis en animales adultos y seniles, trastornos de la dentici\u00f3n e hipocalcemia.<\/p>\n<p><strong>Administraci\u00f3n y dosis:<\/strong><br \/>\nComo preventivo, administrar una medida de 5 mL cada 5 Kg. de peso por d\u00eda.<br \/>\nComo curativo administrar 2 medidas \u00a0(10 mL) cada 5 Kg. de peso por d\u00eda.<br \/>\nEstas dosis son orientetivas y pueden ser cambiadas seg\u00fan criterio del m\u00e9dico veterinario.<br \/>\nPuede administrarse directamente o incluirlo en leche o agua de bebida.<\/p>\n<p>Konig<\/p>\n","protected":false},"excerpt":{"rendered":"<p>Contiene 1 frasco de 120 ml. Suplemento c\u00e1lcico para peque\u00f1os animales. En suspensi\u00f3n oral. F\u00f3rmula: Cada 100 mL contiene: Carbonato de Calcio 10 gramos; excipientes c.s. Indicaciones de uso: Prevenci\u00f3n de los disturbios asociados al incremento de la demanda de calcio durante la lactancia, pre\u00f1ez y crecimiento. Como tratamiento preventivo y curativo del hiperparatiroidismo nutricional &#8230; <a title=\"Nutrical x 120 ml &#8211; Konig\" class=\"read-more\" href=\"https:\/\/vetaustral.com.ar\/?product=nutrical-x-120-ml-konig\" aria-label=\"Leer m\u00e1s sobre Nutrical x 120 ml &#8211; Konig\">Leer m\u00e1s<\/a><\/p>\n","protected":false},"featured_media":1741,"comment_status":"open","ping_status":"closed","template":"","meta":[],"product_brand":[258],"product_cat":[36,32],"product_tag":[199,265],"class_list":{"0":"post-1740","1":"product","2":"type-product","3":"status-publish","4":"has-post-thumbnail","6":"product_brand-konig","7":"product_cat-animales-de-compania","8":"product_cat-farmacia","9":"product_tag-calcio","10":"product_tag-suplemento-de-calcio","11":"sales-flash-overlay","12":"woocommerce-text-align-center","13":"woocommerce-image-align-center","14":"do-quantity-buttons","16":"first","17":"instock","18":"taxable","19":"shipping-taxable","20":"purchasable","21":"product-type-simple"},"jetpack_sharing_enabled":true,"_links":{"self":[{"href":"https:\/\/vetaustral.com.ar\/index.php?rest_route=\/wp\/v2\/product\/1740","targetHints":{"allow":["GET"]}}],"collection":[{"href":"https:\/\/vetaustral.com.ar\/index.php?rest_route=\/wp\/v2\/product"}],"about":[{"href":"https:\/\/vetaustral.com.ar\/index.php?rest_route=\/wp\/v2\/types\/product"}],"replies":[{"embeddable":true,"href":"https:\/\/vetaustral.com.ar\/index.php?rest_route=%2Fwp%2Fv2%2Fcomments&post=1740"}],"wp:featuredmedia":[{"embeddable":true,"href":"https:\/\/vetaustral.com.ar\/index.php?rest_route=\/wp\/v2\/media\/1741"}],"wp:attachment":[{"href":"https:\/\/vetaustral.com.ar\/index.php?rest_route=%2Fwp%2Fv2%2Fmedia&parent=1740"}],"wp:term":[{"taxonomy":"product_brand","embeddable":true,"href":"https:\/\/vetaustral.com.ar\/index.php?rest_route=%2Fwp%2Fv2%2Fproduct_brand&post=1740"},{"taxonomy":"product_cat","embeddable":true,"href":"https:\/\/vetaustral.com.ar\/index.php?rest_route=%2Fwp%2Fv2%2Fproduct_cat&post=1740"},{"taxonomy":"product_tag","embeddable":true,"href":"https:\/\/vetaustral.com.ar\/index.php?rest_route=%2Fwp%2Fv2%2Fproduct_tag&post=1740"}],"curies":[{"name":"wp","href":"https:\/\/api.w.org\/{rel}","templated":true}]}}