{"id":1676,"date":"2025-11-21T12:04:51","date_gmt":"2025-11-21T12:04:51","guid":{"rendered":"https:\/\/vetaustral.com.ar\/?post_type=product&#038;p=1676"},"modified":"2026-01-09T20:43:06","modified_gmt":"2026-01-09T20:43:06","slug":"feline-full-spot-de-1-a-2-kg-labyes","status":"publish","type":"product","link":"https:\/\/vetaustral.com.ar\/?product=feline-full-spot-de-1-a-2-kg-labyes","title":{"rendered":"Feline full spot de 1 a 2 kg &#8211; Labyes"},"content":{"rendered":"<p>Contiene 1 pipeta spot-on de 0,40 ml.<\/p>\n<ul>\n<li>Antiparasitario interno y externo para gatos.<\/li>\n<li>Amigable, sin stress.<\/li>\n<\/ul>\n<h4><strong>F\u00f3rmula:<\/strong><\/h4>\n<table class=\"table\">\n<caption>Cada 100 ml contiene:<\/caption>\n<tbody>\n<tr>\n<td>Imidacloprid<\/td>\n<td class=\"align-right\">11,0 g<\/td>\n<\/tr>\n<tr>\n<td>Ivermectina<\/td>\n<td class=\"align-right\">0,2 g<\/td>\n<\/tr>\n<tr>\n<td>Praziquantel<\/td>\n<td class=\"align-right\">7,5 g<\/td>\n<\/tr>\n<tr>\n<td>Excipientes c.s.p.<\/td>\n<td class=\"align-right\">100 ml<\/td>\n<\/tr>\n<\/tbody>\n<\/table>\n<p>&nbsp;<\/p>\n<h4><strong>Indicaciones:<\/strong><\/h4>\n<ul>\n<li>Para el tratamiento, control y prevenci\u00f3n de las parasitosis externas causadas por pulgas e internas causadas por nematodes y\/o cestodes.<\/li>\n<li>Ejerce un r\u00e1pido efecto letal sobre los par\u00e1sitos intestinales y, al mismo tiempo, elimina a las pulgas, hospedadores intermediarios donde cumplen parte de su ciclo de vida par\u00e1sitos internos como el\u00a0<em>Dipylidium caninum<\/em>.<\/li>\n<li>Una \u00fanica dosis es terap\u00e9utica. El intervalo entre aplicaciones es de 30 d\u00edas, frecuencia que puede variar seg\u00fan el ambiente que habita el paciente, la parasitosis que desea controlar y\/o la indicaci\u00f3n del M\u00e9dico Veterinario.<\/li>\n<li>Se recomienda alternar su uso con Protech gatos, en aquellos pacientes que no requieran la desparasitaci\u00f3n interna al mismo tiempo.<\/li>\n<li>Feline Fullspot se recomienda a partir de los 30 d\u00edas de vida y de 0,5 kg de peso.<\/li>\n<li>Puede utilizarse en animales enfermos y debilitados.<\/li>\n<\/ul>\n<p>Labyes<\/p>\n","protected":false},"excerpt":{"rendered":"<p>Contiene 1 pipeta spot-on de 0,40 ml. Antiparasitario interno y externo para gatos. Amigable, sin stress. F\u00f3rmula: Cada 100 ml contiene: Imidacloprid 11,0 g Ivermectina 0,2 g Praziquantel 7,5 g Excipientes c.s.p. 100 ml &nbsp; Indicaciones: Para el tratamiento, control y prevenci\u00f3n de las parasitosis externas causadas por pulgas e internas causadas por nematodes y\/o &#8230; <a title=\"Feline full spot de 1 a 2 kg &#8211; Labyes\" class=\"read-more\" href=\"https:\/\/vetaustral.com.ar\/?product=feline-full-spot-de-1-a-2-kg-labyes\" aria-label=\"Leer m\u00e1s sobre Feline full spot de 1 a 2 kg &#8211; Labyes\">Leer m\u00e1s<\/a><\/p>\n","protected":false},"featured_media":1677,"comment_status":"open","ping_status":"closed","template":"","meta":[],"product_brand":[253],"product_cat":[36,32],"product_tag":[65,71,91,69],"class_list":{"0":"post-1676","1":"product","2":"type-product","3":"status-publish","4":"has-post-thumbnail","6":"product_brand-labyes","7":"product_cat-animales-de-compania","8":"product_cat-farmacia","9":"product_tag-antiparasitario-externo","10":"product_tag-antiparasitario-interno","11":"product_tag-pipeta","12":"product_tag-pulguicida","13":"sales-flash-overlay","14":"woocommerce-text-align-center","15":"woocommerce-image-align-center","16":"do-quantity-buttons","18":"first","19":"instock","20":"taxable","21":"shipping-taxable","22":"purchasable","23":"product-type-simple"},"jetpack_sharing_enabled":true,"_links":{"self":[{"href":"https:\/\/vetaustral.com.ar\/index.php?rest_route=\/wp\/v2\/product\/1676","targetHints":{"allow":["GET"]}}],"collection":[{"href":"https:\/\/vetaustral.com.ar\/index.php?rest_route=\/wp\/v2\/product"}],"about":[{"href":"https:\/\/vetaustral.com.ar\/index.php?rest_route=\/wp\/v2\/types\/product"}],"replies":[{"embeddable":true,"href":"https:\/\/vetaustral.com.ar\/index.php?rest_route=%2Fwp%2Fv2%2Fcomments&post=1676"}],"wp:featuredmedia":[{"embeddable":true,"href":"https:\/\/vetaustral.com.ar\/index.php?rest_route=\/wp\/v2\/media\/1677"}],"wp:attachment":[{"href":"https:\/\/vetaustral.com.ar\/index.php?rest_route=%2Fwp%2Fv2%2Fmedia&parent=1676"}],"wp:term":[{"taxonomy":"product_brand","embeddable":true,"href":"https:\/\/vetaustral.com.ar\/index.php?rest_route=%2Fwp%2Fv2%2Fproduct_brand&post=1676"},{"taxonomy":"product_cat","embeddable":true,"href":"https:\/\/vetaustral.com.ar\/index.php?rest_route=%2Fwp%2Fv2%2Fproduct_cat&post=1676"},{"taxonomy":"product_tag","embeddable":true,"href":"https:\/\/vetaustral.com.ar\/index.php?rest_route=%2Fwp%2Fv2%2Fproduct_tag&post=1676"}],"curies":[{"name":"wp","href":"https:\/\/api.w.org\/{rel}","templated":true}]}}