{"id":1632,"date":"2025-11-20T14:05:09","date_gmt":"2025-11-20T14:05:09","guid":{"rendered":"https:\/\/vetaustral.com.ar\/?post_type=product&#038;p=1632"},"modified":"2026-02-28T11:28:08","modified_gmt":"2026-02-28T11:28:08","slug":"sosten-cg-oral-x-80-comp-biogenesis-bago","status":"publish","type":"product","link":"https:\/\/vetaustral.com.ar\/?product=sosten-cg-oral-x-80-comp-biogenesis-bago","title":{"rendered":"Sosten CG oral x 80 comp \u2013 Biog\u00e9nesis Bag\u00f3"},"content":{"rendered":"<p>Contiene 8 bl\u00edsters de 10 comprimidos.<\/p>\n<ul>\n<li>Antiartr\u00f3sico.<\/li>\n<li>Regenerador osteoarticular.<\/li>\n<li>Promotor de la Condrog\u00e9nesis.<\/li>\n<\/ul>\n<p>&nbsp;<\/p>\n<h4 class=\"color-white text-center\"><strong>COMPOSICI\u00d3N<\/strong><\/h4>\n<p class=\"texto-compo color-white text-center\">Condroit\u00edn sulfato 240 mg.<\/p>\n<p class=\"texto-compo color-white text-center\">Glucosamina sulfato 400 mg.<\/p>\n<p class=\"texto-compo color-white text-center\">Sulfato de Manganeso 40 mg.<\/p>\n<p class=\"texto-compo color-white text-center\">Excipientes c.s.p. 950 mg.<\/p>\n<p>&nbsp;<\/p>\n<h4 class=\"bline presentacion-left presentacion2\"><strong>INDICACI\u00d3N<\/strong><\/h4>\n<div class=\"wrapper aos-init aos-animate\" data-aos=\"fade-in\" data-aos-delay=\"200\">\n<p class=\"texto-mini2 line-height30\">Terap\u00e9utica fisiol\u00f3gica del cart\u00edlago, para animales en crecimiento y adultos.<\/p>\n<p>Tratamiento y prevenci\u00f3n de la artrosis.<\/p>\n<p>Preventivo del desgaste y ruptura de las estructuras del cart\u00edlago.<\/p>\n<p>Displasia de cadera.<\/p>\n<p>Antiinflamatorio y analg\u00e9sico natural.<\/p>\n<\/div>\n<p>&nbsp;<\/p>\n<p>Biog\u00e9nesis Bag\u00f3<\/p>\n","protected":false},"excerpt":{"rendered":"<p>Contiene 8 bl\u00edsters de 10 comprimidos. Antiartr\u00f3sico. Regenerador osteoarticular. Promotor de la Condrog\u00e9nesis. &nbsp; COMPOSICI\u00d3N Condroit\u00edn sulfato 240 mg. Glucosamina sulfato 400 mg. Sulfato de Manganeso 40 mg. Excipientes c.s.p. 950 mg. &nbsp; INDICACI\u00d3N Terap\u00e9utica fisiol\u00f3gica del cart\u00edlago, para animales en crecimiento y adultos. Tratamiento y prevenci\u00f3n de la artrosis. Preventivo del desgaste y ruptura &#8230; <a title=\"Sosten CG oral x 80 comp \u2013 Biog\u00e9nesis Bag\u00f3\" class=\"read-more\" href=\"https:\/\/vetaustral.com.ar\/?product=sosten-cg-oral-x-80-comp-biogenesis-bago\" aria-label=\"Leer m\u00e1s sobre Sosten CG oral x 80 comp \u2013 Biog\u00e9nesis Bag\u00f3\">Leer m\u00e1s<\/a><\/p>\n","protected":false},"featured_media":1630,"comment_status":"open","ping_status":"closed","template":"","meta":[],"product_brand":[190],"product_cat":[36,32],"product_tag":[247,78],"class_list":{"0":"post-1632","1":"product","2":"type-product","3":"status-publish","4":"has-post-thumbnail","6":"product_brand-biogenesis-bago","7":"product_cat-animales-de-compania","8":"product_cat-farmacia","9":"product_tag-antiartrosico","10":"product_tag-condroprotector","11":"sales-flash-overlay","12":"woocommerce-text-align-center","13":"woocommerce-image-align-center","14":"do-quantity-buttons","16":"first","17":"instock","18":"taxable","19":"shipping-taxable","20":"purchasable","21":"product-type-simple"},"jetpack_sharing_enabled":true,"_links":{"self":[{"href":"https:\/\/vetaustral.com.ar\/index.php?rest_route=\/wp\/v2\/product\/1632","targetHints":{"allow":["GET"]}}],"collection":[{"href":"https:\/\/vetaustral.com.ar\/index.php?rest_route=\/wp\/v2\/product"}],"about":[{"href":"https:\/\/vetaustral.com.ar\/index.php?rest_route=\/wp\/v2\/types\/product"}],"replies":[{"embeddable":true,"href":"https:\/\/vetaustral.com.ar\/index.php?rest_route=%2Fwp%2Fv2%2Fcomments&post=1632"}],"wp:featuredmedia":[{"embeddable":true,"href":"https:\/\/vetaustral.com.ar\/index.php?rest_route=\/wp\/v2\/media\/1630"}],"wp:attachment":[{"href":"https:\/\/vetaustral.com.ar\/index.php?rest_route=%2Fwp%2Fv2%2Fmedia&parent=1632"}],"wp:term":[{"taxonomy":"product_brand","embeddable":true,"href":"https:\/\/vetaustral.com.ar\/index.php?rest_route=%2Fwp%2Fv2%2Fproduct_brand&post=1632"},{"taxonomy":"product_cat","embeddable":true,"href":"https:\/\/vetaustral.com.ar\/index.php?rest_route=%2Fwp%2Fv2%2Fproduct_cat&post=1632"},{"taxonomy":"product_tag","embeddable":true,"href":"https:\/\/vetaustral.com.ar\/index.php?rest_route=%2Fwp%2Fv2%2Fproduct_tag&post=1632"}],"curies":[{"name":"wp","href":"https:\/\/api.w.org\/{rel}","templated":true}]}}