{"id":1589,"date":"2025-11-14T14:28:00","date_gmt":"2025-11-14T14:28:00","guid":{"rendered":"https:\/\/vetaustral.com.ar\/?post_type=product&#038;p=1589"},"modified":"2025-11-14T19:08:10","modified_gmt":"2025-11-14T19:08:10","slug":"caninsulin-x-10-ml-msd","status":"publish","type":"product","link":"https:\/\/vetaustral.com.ar\/?product=caninsulin-x-10-ml-msd","title":{"rendered":"Caninsulin x 10 ml &#8211; Msd"},"content":{"rendered":"<p>Contiene 1 frasco ampolla de 10 ml.<\/p>\n<ul>\n<li>Insulina de acci\u00f3n intermedia para el control de la diabetes mellitus<br \/>\nen perros y gatos.<\/li>\n<\/ul>\n<p>&nbsp;<\/p>\n<h5><strong>Composici\u00f3n:<\/strong><br \/>\nPrincipio activo: insulina porcina altamente purificada 40 UI\/ml.<br \/>\nSe presenta como 30% de insulina-zinc amorfa y 70% de insulina-zinc cristalina.<br \/>\nConservante: metilparahidroxibenzoato 1 mg\/ml.<\/h5>\n<p>&nbsp;<\/p>\n<h5><strong>Forma farmac\u00e9utica:<\/strong><br \/>\nSuspensi\u00f3n acuosa inyectable<\/h5>\n<h5><strong>Acci\u00f3n:<\/strong><br \/>\nCaninsulin es una insulina de acci\u00f3n intermedia.<br \/>\nContiene insulina porcina, la cual es id\u00e9ntica estructuralmente a la insulina canina.<br \/>\nCaninsulin dosificado de forma individual permite obtener los niveles requeridos de insulina en sangre en<br \/>\ncasos de deficiencia insul\u00ednica.<\/h5>\n<h5><strong>Especies de destino:<\/strong><br \/>\nCaninos y Felinos.<\/h5>\n<h5><strong>Dosis y m\u00e9todo de administraci\u00f3n:<\/strong><br \/>\nAgitar vigorosamente el vial hasta obtener una suspensi\u00f3n homog\u00e9nea lechosa. Se debe<br \/>\npermitir que la espuma que se forma en la superficie de la suspensi\u00f3n al agitar el producto<br \/>\ndesaparezca antes de usar y, si se requiere, agitar el producto suavemente para mantener<br \/>\nla suspensi\u00f3n homog\u00e9nea y uniforme antes de usar. Se pueden formar aglomerados en la<br \/>\nsuspensi\u00f3n de insulina: no use el producto si persisten los aglomerados visibles despu\u00e9s<br \/>\nde agitar vigorosamente.<br \/>\nSe debe utilizar una jeringa para insulina calibrada para 40 UI\/ml.<br \/>\nLos cartuchos han sido dise\u00f1ados para ser utilizados con VetPen. VetPen se acompa\u00f1a de<br \/>\nun folleto con instrucciones detalladas sobre su uso.<\/h5>\n<p>MSD<\/p>\n","protected":false},"excerpt":{"rendered":"<p>Contiene 1 frasco ampolla de 10 ml. Insulina de acci\u00f3n intermedia para el control de la diabetes mellitus en perros y gatos. &nbsp; Composici\u00f3n: Principio activo: insulina porcina altamente purificada 40 UI\/ml. Se presenta como 30% de insulina-zinc amorfa y 70% de insulina-zinc cristalina. Conservante: metilparahidroxibenzoato 1 mg\/ml. &nbsp; Forma farmac\u00e9utica: Suspensi\u00f3n acuosa inyectable Acci\u00f3n: &#8230; <a title=\"Caninsulin x 10 ml &#8211; Msd\" class=\"read-more\" href=\"https:\/\/vetaustral.com.ar\/?product=caninsulin-x-10-ml-msd\" aria-label=\"Leer m\u00e1s sobre Caninsulin x 10 ml &#8211; Msd\">Leer m\u00e1s<\/a><\/p>\n","protected":false},"featured_media":1590,"comment_status":"open","ping_status":"closed","template":"","meta":[],"product_brand":[238],"product_cat":[36,32],"product_tag":[242],"class_list":{"0":"post-1589","1":"product","2":"type-product","3":"status-publish","4":"has-post-thumbnail","6":"product_brand-msd-animal-health","7":"product_cat-animales-de-compania","8":"product_cat-farmacia","9":"product_tag-insulina","10":"sales-flash-overlay","11":"woocommerce-text-align-center","12":"woocommerce-image-align-center","13":"do-quantity-buttons","15":"first","16":"instock","17":"taxable","18":"shipping-taxable","19":"product-type-simple"},"jetpack_sharing_enabled":true,"_links":{"self":[{"href":"https:\/\/vetaustral.com.ar\/index.php?rest_route=\/wp\/v2\/product\/1589","targetHints":{"allow":["GET"]}}],"collection":[{"href":"https:\/\/vetaustral.com.ar\/index.php?rest_route=\/wp\/v2\/product"}],"about":[{"href":"https:\/\/vetaustral.com.ar\/index.php?rest_route=\/wp\/v2\/types\/product"}],"replies":[{"embeddable":true,"href":"https:\/\/vetaustral.com.ar\/index.php?rest_route=%2Fwp%2Fv2%2Fcomments&post=1589"}],"wp:featuredmedia":[{"embeddable":true,"href":"https:\/\/vetaustral.com.ar\/index.php?rest_route=\/wp\/v2\/media\/1590"}],"wp:attachment":[{"href":"https:\/\/vetaustral.com.ar\/index.php?rest_route=%2Fwp%2Fv2%2Fmedia&parent=1589"}],"wp:term":[{"taxonomy":"product_brand","embeddable":true,"href":"https:\/\/vetaustral.com.ar\/index.php?rest_route=%2Fwp%2Fv2%2Fproduct_brand&post=1589"},{"taxonomy":"product_cat","embeddable":true,"href":"https:\/\/vetaustral.com.ar\/index.php?rest_route=%2Fwp%2Fv2%2Fproduct_cat&post=1589"},{"taxonomy":"product_tag","embeddable":true,"href":"https:\/\/vetaustral.com.ar\/index.php?rest_route=%2Fwp%2Fv2%2Fproduct_tag&post=1589"}],"curies":[{"name":"wp","href":"https:\/\/api.w.org\/{rel}","templated":true}]}}