{"id":1504,"date":"2025-11-05T23:17:07","date_gmt":"2025-11-05T23:17:07","guid":{"rendered":"https:\/\/vetaustral.com.ar\/?post_type=product&#038;p=1504"},"modified":"2026-01-30T21:10:16","modified_gmt":"2026-01-30T21:10:16","slug":"queloide-x-100-gr-cu-tral-co","status":"publish","type":"product","link":"https:\/\/vetaustral.com.ar\/?product=queloide-x-100-gr-cu-tral-co","title":{"rendered":"Queloide x 100 gr &#8211; Cu-Tral-Co"},"content":{"rendered":"<p>Contiene 1 talquera de 100 gr.<\/p>\n<ul>\n<li>Antis\u00e9ptico<\/li>\n<li>Polvo queratol\u00edtico<\/li>\n<li>Uso externo<\/li>\n<\/ul>\n<p>&nbsp;<\/p>\n<h3>F\u00f3rmula<\/h3>\n<p>Alumbre pot\u00e1sico [20g]<br \/>\nSulfato de cobre [20g]<br \/>\n\u00d3xido de calcio [60g]<\/p>\n<p>&nbsp;<\/p>\n<h3>Indicaciones<\/h3>\n<p>Prevenci\u00f3n y tratamiento de queloides. Se utiliza en la cicatrizaci\u00f3n irregular y exuberante.<\/p>\n<p>Cu-Tral-Co (Induvet)<\/p>\n","protected":false},"excerpt":{"rendered":"<p>Contiene 1 talquera de 100 gr. Antis\u00e9ptico Polvo queratol\u00edtico Uso externo &nbsp; F\u00f3rmula Alumbre pot\u00e1sico [20g] Sulfato de cobre [20g] \u00d3xido de calcio [60g] &nbsp; Indicaciones Prevenci\u00f3n y tratamiento de queloides. Se utiliza en la cicatrizaci\u00f3n irregular y exuberante. Cu-Tral-Co (Induvet)<\/p>\n","protected":false},"featured_media":1505,"comment_status":"open","ping_status":"closed","template":"","meta":[],"product_brand":[214,213],"product_cat":[33,32],"product_tag":[216,77,58],"class_list":{"0":"post-1504","1":"product","2":"type-product","3":"status-publish","4":"has-post-thumbnail","6":"product_brand-cu-tral-co","7":"product_brand-induvet","8":"product_cat-equinos","9":"product_cat-farmacia","10":"product_tag-antiqueloide","11":"product_tag-cicatrizante","12":"product_tag-equinos","13":"sales-flash-overlay","14":"woocommerce-text-align-center","15":"woocommerce-image-align-center","16":"do-quantity-buttons","18":"first","19":"instock","20":"taxable","21":"shipping-taxable","22":"purchasable","23":"product-type-simple"},"jetpack_sharing_enabled":true,"_links":{"self":[{"href":"https:\/\/vetaustral.com.ar\/index.php?rest_route=\/wp\/v2\/product\/1504","targetHints":{"allow":["GET"]}}],"collection":[{"href":"https:\/\/vetaustral.com.ar\/index.php?rest_route=\/wp\/v2\/product"}],"about":[{"href":"https:\/\/vetaustral.com.ar\/index.php?rest_route=\/wp\/v2\/types\/product"}],"replies":[{"embeddable":true,"href":"https:\/\/vetaustral.com.ar\/index.php?rest_route=%2Fwp%2Fv2%2Fcomments&post=1504"}],"wp:featuredmedia":[{"embeddable":true,"href":"https:\/\/vetaustral.com.ar\/index.php?rest_route=\/wp\/v2\/media\/1505"}],"wp:attachment":[{"href":"https:\/\/vetaustral.com.ar\/index.php?rest_route=%2Fwp%2Fv2%2Fmedia&parent=1504"}],"wp:term":[{"taxonomy":"product_brand","embeddable":true,"href":"https:\/\/vetaustral.com.ar\/index.php?rest_route=%2Fwp%2Fv2%2Fproduct_brand&post=1504"},{"taxonomy":"product_cat","embeddable":true,"href":"https:\/\/vetaustral.com.ar\/index.php?rest_route=%2Fwp%2Fv2%2Fproduct_cat&post=1504"},{"taxonomy":"product_tag","embeddable":true,"href":"https:\/\/vetaustral.com.ar\/index.php?rest_route=%2Fwp%2Fv2%2Fproduct_tag&post=1504"}],"curies":[{"name":"wp","href":"https:\/\/api.w.org\/{rel}","templated":true}]}}