{"id":1444,"date":"2025-11-04T15:43:52","date_gmt":"2025-11-04T15:43:52","guid":{"rendered":"https:\/\/vetaustral.com.ar\/?post_type=product&#038;p=1444"},"modified":"2026-01-30T20:22:04","modified_gmt":"2026-01-30T20:22:04","slug":"vetarsil-x-100-ml-calastreme","status":"publish","type":"product","link":"https:\/\/vetaustral.com.ar\/?product=vetarsil-x-100-ml-calastreme","title":{"rendered":"Vetarsil x 100 ml &#8211; Calastreme"},"content":{"rendered":"<p>Contiene 1 frasco ampolla de 100 ml.<\/p>\n<ul>\n<li>Suplemento Preventivo Y Terap\u00e9utico<\/li>\n<li>Minerales<\/li>\n<\/ul>\n<p>&nbsp;<\/p>\n<h3>F\u00f3rmula<\/h3>\n<p><strong>Para equinos deportivos.<\/strong><\/p>\n<p>Cacodilato de sodio 4,00 g.; Glicerofosfato de sodio 14,00 g. Cloruro f\u00e9rrico. 6 H2O 0,120 g.; Gluconato de cobre 0,020 g. Excipientes c.s.p. 100 ml.<\/p>\n<p>&nbsp;<\/p>\n<h3>Indicaciones<\/h3>\n<p>T\u00f3nico eutr\u00f3fico. Indicado en estados an\u00e9micos, debilidad, como estimulante del apetito en animales con signos de inapetencia, debilidad, decaimiento y fatiga. Utilizar en post infecciones y parasitosis.<\/p>\n<p>Calastreme<\/p>\n","protected":false},"excerpt":{"rendered":"<p>Contiene 1 frasco ampolla de 100 ml. Suplemento Preventivo Y Terap\u00e9utico Minerales &nbsp; F\u00f3rmula Para equinos deportivos. Cacodilato de sodio 4,00 g.; Glicerofosfato de sodio 14,00 g. Cloruro f\u00e9rrico. 6 H2O 0,120 g.; Gluconato de cobre 0,020 g. Excipientes c.s.p. 100 ml. &nbsp; Indicaciones T\u00f3nico eutr\u00f3fico. Indicado en estados an\u00e9micos, debilidad, como estimulante del apetito &#8230; <a title=\"Vetarsil x 100 ml &#8211; Calastreme\" class=\"read-more\" href=\"https:\/\/vetaustral.com.ar\/?product=vetarsil-x-100-ml-calastreme\" aria-label=\"Leer m\u00e1s sobre Vetarsil x 100 ml &#8211; Calastreme\">Leer m\u00e1s<\/a><\/p>\n","protected":false},"featured_media":1445,"comment_status":"open","ping_status":"closed","template":"","meta":[],"product_brand":[197],"product_cat":[33,32],"product_tag":[61,211,136],"class_list":{"0":"post-1444","1":"product","2":"type-product","3":"status-publish","4":"has-post-thumbnail","6":"product_brand-calastreme","7":"product_cat-equinos","8":"product_cat-farmacia","9":"product_tag-equinos-deportivos","10":"product_tag-para-lecantar-el-hematocrito","11":"product_tag-reconstituyente","12":"sales-flash-overlay","13":"woocommerce-text-align-center","14":"woocommerce-image-align-center","15":"do-quantity-buttons","17":"first","18":"instock","19":"taxable","20":"shipping-taxable","21":"purchasable","22":"product-type-simple"},"jetpack_sharing_enabled":true,"_links":{"self":[{"href":"https:\/\/vetaustral.com.ar\/index.php?rest_route=\/wp\/v2\/product\/1444","targetHints":{"allow":["GET"]}}],"collection":[{"href":"https:\/\/vetaustral.com.ar\/index.php?rest_route=\/wp\/v2\/product"}],"about":[{"href":"https:\/\/vetaustral.com.ar\/index.php?rest_route=\/wp\/v2\/types\/product"}],"replies":[{"embeddable":true,"href":"https:\/\/vetaustral.com.ar\/index.php?rest_route=%2Fwp%2Fv2%2Fcomments&post=1444"}],"wp:featuredmedia":[{"embeddable":true,"href":"https:\/\/vetaustral.com.ar\/index.php?rest_route=\/wp\/v2\/media\/1445"}],"wp:attachment":[{"href":"https:\/\/vetaustral.com.ar\/index.php?rest_route=%2Fwp%2Fv2%2Fmedia&parent=1444"}],"wp:term":[{"taxonomy":"product_brand","embeddable":true,"href":"https:\/\/vetaustral.com.ar\/index.php?rest_route=%2Fwp%2Fv2%2Fproduct_brand&post=1444"},{"taxonomy":"product_cat","embeddable":true,"href":"https:\/\/vetaustral.com.ar\/index.php?rest_route=%2Fwp%2Fv2%2Fproduct_cat&post=1444"},{"taxonomy":"product_tag","embeddable":true,"href":"https:\/\/vetaustral.com.ar\/index.php?rest_route=%2Fwp%2Fv2%2Fproduct_tag&post=1444"}],"curies":[{"name":"wp","href":"https:\/\/api.w.org\/{rel}","templated":true}]}}