{"id":1437,"date":"2025-11-03T21:09:09","date_gmt":"2025-11-03T21:09:09","guid":{"rendered":"https:\/\/vetaustral.com.ar\/?post_type=product&#038;p=1437"},"modified":"2026-01-30T20:20:29","modified_gmt":"2026-01-30T20:20:29","slug":"sulfalkyl-topico-x-100-ml-calastreme","status":"publish","type":"product","link":"https:\/\/vetaustral.com.ar\/?product=sulfalkyl-topico-x-100-ml-calastreme","title":{"rendered":"Sulfalkyl t\u00f3pico x 100 ml &#8211; Calastreme"},"content":{"rendered":"<p>Contiene 1 frasco de 100 ml.<\/p>\n<ul>\n<li>Dmso<\/li>\n<li>Revulsivo Rubefaciente<\/li>\n<li>Uso Externo En <strong>Equinos<\/strong> Deportivo<\/li>\n<\/ul>\n<p>&nbsp;<\/p>\n<h3>F\u00f3rmula<\/h3>\n<p>Dimetilsulf\u00f3xidO 100 %<\/p>\n<p>&nbsp;<\/p>\n<h3>Indicaciones<\/h3>\n<p>Para el tratamiento antiinflamatorio y analg\u00e9sico de diversas injurias traum\u00e1ticas esquel\u00e9ticas , en especial las agudas. Para el alivio r\u00e1pido de inflamaciones y edemas concomitantes. Equinos deportivos exclusivamente.<\/p>\n<p>Calastreme<\/p>\n<p>&nbsp;<\/p>\n<p>&nbsp;<\/p>\n","protected":false},"excerpt":{"rendered":"<p>Contiene 1 frasco de 100 ml. Dmso Revulsivo Rubefaciente Uso Externo En Equinos Deportivo &nbsp; F\u00f3rmula Dimetilsulf\u00f3xidO 100 % &nbsp; Indicaciones Para el tratamiento antiinflamatorio y analg\u00e9sico de diversas injurias traum\u00e1ticas esquel\u00e9ticas , en especial las agudas. Para el alivio r\u00e1pido de inflamaciones y edemas concomitantes. Equinos deportivos exclusivamente. Calastreme &nbsp; &nbsp;<\/p>\n","protected":false},"featured_media":1439,"comment_status":"open","ping_status":"closed","template":"","meta":[],"product_brand":[197],"product_cat":[33,32],"product_tag":[44,209,61,210],"class_list":{"0":"post-1437","1":"product","2":"type-product","3":"status-publish","4":"has-post-thumbnail","6":"product_brand-calastreme","7":"product_cat-equinos","8":"product_cat-farmacia","9":"product_tag-antiinflamatorio","10":"product_tag-dmso","11":"product_tag-equinos-deportivos","12":"product_tag-uso-topico","13":"sales-flash-overlay","14":"woocommerce-text-align-center","15":"woocommerce-image-align-center","16":"do-quantity-buttons","18":"first","19":"instock","20":"taxable","21":"shipping-taxable","22":"purchasable","23":"product-type-simple"},"jetpack_sharing_enabled":true,"_links":{"self":[{"href":"https:\/\/vetaustral.com.ar\/index.php?rest_route=\/wp\/v2\/product\/1437","targetHints":{"allow":["GET"]}}],"collection":[{"href":"https:\/\/vetaustral.com.ar\/index.php?rest_route=\/wp\/v2\/product"}],"about":[{"href":"https:\/\/vetaustral.com.ar\/index.php?rest_route=\/wp\/v2\/types\/product"}],"replies":[{"embeddable":true,"href":"https:\/\/vetaustral.com.ar\/index.php?rest_route=%2Fwp%2Fv2%2Fcomments&post=1437"}],"wp:featuredmedia":[{"embeddable":true,"href":"https:\/\/vetaustral.com.ar\/index.php?rest_route=\/wp\/v2\/media\/1439"}],"wp:attachment":[{"href":"https:\/\/vetaustral.com.ar\/index.php?rest_route=%2Fwp%2Fv2%2Fmedia&parent=1437"}],"wp:term":[{"taxonomy":"product_brand","embeddable":true,"href":"https:\/\/vetaustral.com.ar\/index.php?rest_route=%2Fwp%2Fv2%2Fproduct_brand&post=1437"},{"taxonomy":"product_cat","embeddable":true,"href":"https:\/\/vetaustral.com.ar\/index.php?rest_route=%2Fwp%2Fv2%2Fproduct_cat&post=1437"},{"taxonomy":"product_tag","embeddable":true,"href":"https:\/\/vetaustral.com.ar\/index.php?rest_route=%2Fwp%2Fv2%2Fproduct_tag&post=1437"}],"curies":[{"name":"wp","href":"https:\/\/api.w.org\/{rel}","templated":true}]}}