{"id":1385,"date":"2025-11-01T13:21:45","date_gmt":"2025-11-01T13:21:45","guid":{"rendered":"https:\/\/vetaustral.com.ar\/?post_type=product&#038;p=1385"},"modified":"2026-01-30T15:06:06","modified_gmt":"2026-01-30T15:06:06","slug":"cuatrifecta-pasta-burnet","status":"publish","type":"product","link":"https:\/\/vetaustral.com.ar\/?product=cuatrifecta-pasta-burnet","title":{"rendered":"Cuatrifecta pasta &#8211; Burnet"},"content":{"rendered":"<p>Contiene 1 jeringa dosificadora de 20 gr. para 500 kg de peso.<\/p>\n<ul>\n<li>Antiparasitario interno para equinos.<\/li>\n<li>Sirve para el gusano del cuajo.<\/li>\n<\/ul>\n<p>&nbsp;<\/p>\n<p><strong>Composici\u00f3n:<\/strong><\/p>\n<p>Fenbendazol 18,75 g., Triclorf\u00f3n 56,25 g., DL-metionina 1,8 g., Bitartrato de colina 3 g., excipientes c.s.p. 100 g.<\/p>\n<p>&nbsp;<\/p>\n<p><strong>Indicaciones de uso:<\/strong><\/p>\n<p>Tratamiento de los siguientes endopar\u00e1sitos en padrillos, potros, potrillos, yeguas de cr\u00eda y gestantes, mulares y asnales: grandes estr\u00f3ngilos (<em>Strongylus vulgaris, Strongylus edentatus, Strongylus equinus<\/em>), peque\u00f1os estr\u00f3ngilos (<em>Trichonema, Triodontophorus<\/em>), \u00e1scaris (<em>Parascaris equorum<\/em>), oxiuros (<em>Oxyuris equi<\/em>) y gusanos del cuajo (<em>Gasterophilus nasalis, Gasterophilus intestinalis<\/em>).<\/p>\n<p>Burnet<\/p>\n<p>&nbsp;<\/p>\n","protected":false},"excerpt":{"rendered":"<p>Contiene 1 jeringa dosificadora de 20 gr. para 500 kg de peso. Antiparasitario interno para equinos. Sirve para el gusano del cuajo. &nbsp; Composici\u00f3n: Fenbendazol 18,75 g., Triclorf\u00f3n 56,25 g., DL-metionina 1,8 g., Bitartrato de colina 3 g., excipientes c.s.p. 100 g. &nbsp; Indicaciones de uso: Tratamiento de los siguientes endopar\u00e1sitos en padrillos, potros, potrillos, &#8230; <a title=\"Cuatrifecta pasta &#8211; Burnet\" class=\"read-more\" href=\"https:\/\/vetaustral.com.ar\/?product=cuatrifecta-pasta-burnet\" aria-label=\"Leer m\u00e1s sobre Cuatrifecta pasta &#8211; Burnet\">Leer m\u00e1s<\/a><\/p>\n","protected":false},"featured_media":1386,"comment_status":"open","ping_status":"closed","template":"","meta":[],"product_brand":[191],"product_cat":[33,32],"product_tag":[71,112],"class_list":{"0":"post-1385","1":"product","2":"type-product","3":"status-publish","4":"has-post-thumbnail","6":"product_brand-burnet","7":"product_cat-equinos","8":"product_cat-farmacia","9":"product_tag-antiparasitario-interno","10":"product_tag-toma","11":"sales-flash-overlay","12":"woocommerce-text-align-center","13":"woocommerce-image-align-center","14":"do-quantity-buttons","16":"first","17":"instock","18":"taxable","19":"shipping-taxable","20":"purchasable","21":"product-type-simple"},"jetpack_sharing_enabled":true,"_links":{"self":[{"href":"https:\/\/vetaustral.com.ar\/index.php?rest_route=\/wp\/v2\/product\/1385","targetHints":{"allow":["GET"]}}],"collection":[{"href":"https:\/\/vetaustral.com.ar\/index.php?rest_route=\/wp\/v2\/product"}],"about":[{"href":"https:\/\/vetaustral.com.ar\/index.php?rest_route=\/wp\/v2\/types\/product"}],"replies":[{"embeddable":true,"href":"https:\/\/vetaustral.com.ar\/index.php?rest_route=%2Fwp%2Fv2%2Fcomments&post=1385"}],"wp:featuredmedia":[{"embeddable":true,"href":"https:\/\/vetaustral.com.ar\/index.php?rest_route=\/wp\/v2\/media\/1386"}],"wp:attachment":[{"href":"https:\/\/vetaustral.com.ar\/index.php?rest_route=%2Fwp%2Fv2%2Fmedia&parent=1385"}],"wp:term":[{"taxonomy":"product_brand","embeddable":true,"href":"https:\/\/vetaustral.com.ar\/index.php?rest_route=%2Fwp%2Fv2%2Fproduct_brand&post=1385"},{"taxonomy":"product_cat","embeddable":true,"href":"https:\/\/vetaustral.com.ar\/index.php?rest_route=%2Fwp%2Fv2%2Fproduct_cat&post=1385"},{"taxonomy":"product_tag","embeddable":true,"href":"https:\/\/vetaustral.com.ar\/index.php?rest_route=%2Fwp%2Fv2%2Fproduct_tag&post=1385"}],"curies":[{"name":"wp","href":"https:\/\/api.w.org\/{rel}","templated":true}]}}