{"id":1379,"date":"2025-11-01T12:41:03","date_gmt":"2025-11-01T12:41:03","guid":{"rendered":"https:\/\/vetaustral.com.ar\/?post_type=product&#038;p=1379"},"modified":"2026-01-30T15:00:55","modified_gmt":"2026-01-30T15:00:55","slug":"galmetrin-plus-pomada-x-1-kg-biogenesis-bago","status":"publish","type":"product","link":"https:\/\/vetaustral.com.ar\/?product=galmetrin-plus-pomada-x-1-kg-biogenesis-bago","title":{"rendered":"Galmetrin plus pomada x 1 kg &#8211; Biog\u00e9nesis Bag\u00f3"},"content":{"rendered":"<p>Contiene 1 pote de 1000 gr.<\/p>\n<ul>\n<li>Curabichera.<\/li>\n<li>Larvicida externo.<\/li>\n<li>Pomada antimi\u00e1sica para <strong>bovinos<\/strong>, <strong>ovinos<\/strong>, <strong>caprinos<\/strong>, <strong>equinos<\/strong> y <strong>porcinos<\/strong>.<\/li>\n<\/ul>\n<p>&nbsp;<\/p>\n<h3 class=\"fs-4\"><strong>Composici\u00f3n<\/strong><\/h3>\n<p>Cipermetrina, 2 g; diclorv\u00f3s, 1 g; excipientes, c.s.p. 100 g.<\/p>\n<p>&nbsp;<\/p>\n<h3 class=\"fs-4\"><strong>Indicaciones<\/strong><\/h3>\n<p>Indicado especialmente para combatir las miasis producidas por<em>\u00a0Cochliomyia hominivorax, Lucilia cuprina y L. sericata<\/em>\u00a0en bovinos, ovinos, caprinos, equinos y porcinos. Tiene acci\u00f3n residual por 12 d\u00edas.<\/p>\n<p>&nbsp;<\/p>\n<p>Biog\u00e9nesis Bag\u00f3<\/p>\n<p>&nbsp;<\/p>\n","protected":false},"excerpt":{"rendered":"<p>Contiene 1 pote de 1000 gr. Curabichera. Larvicida externo. Pomada antimi\u00e1sica para bovinos, ovinos, caprinos, equinos y porcinos. &nbsp; Composici\u00f3n Cipermetrina, 2 g; diclorv\u00f3s, 1 g; excipientes, c.s.p. 100 g. &nbsp; Indicaciones Indicado especialmente para combatir las miasis producidas por\u00a0Cochliomyia hominivorax, Lucilia cuprina y L. sericata\u00a0en bovinos, ovinos, caprinos, equinos y porcinos. Tiene acci\u00f3n residual &#8230; <a title=\"Galmetrin plus pomada x 1 kg &#8211; Biog\u00e9nesis Bag\u00f3\" class=\"read-more\" href=\"https:\/\/vetaustral.com.ar\/?product=galmetrin-plus-pomada-x-1-kg-biogenesis-bago\" aria-label=\"Leer m\u00e1s sobre Galmetrin plus pomada x 1 kg &#8211; Biog\u00e9nesis Bag\u00f3\">Leer m\u00e1s<\/a><\/p>\n","protected":false},"featured_media":1380,"comment_status":"open","ping_status":"closed","template":"","meta":[],"product_brand":[190],"product_cat":[33,32,52],"product_tag":[65,98],"class_list":{"0":"post-1379","1":"product","2":"type-product","3":"status-publish","4":"has-post-thumbnail","6":"product_brand-biogenesis-bago","7":"product_cat-equinos","8":"product_cat-farmacia","9":"product_cat-grandes-animales","10":"product_tag-antiparasitario-externo","11":"product_tag-curabichera","12":"sales-flash-overlay","13":"woocommerce-text-align-center","14":"woocommerce-image-align-center","15":"do-quantity-buttons","17":"first","18":"instock","19":"taxable","20":"shipping-taxable","21":"purchasable","22":"product-type-simple"},"jetpack_sharing_enabled":true,"_links":{"self":[{"href":"https:\/\/vetaustral.com.ar\/index.php?rest_route=\/wp\/v2\/product\/1379","targetHints":{"allow":["GET"]}}],"collection":[{"href":"https:\/\/vetaustral.com.ar\/index.php?rest_route=\/wp\/v2\/product"}],"about":[{"href":"https:\/\/vetaustral.com.ar\/index.php?rest_route=\/wp\/v2\/types\/product"}],"replies":[{"embeddable":true,"href":"https:\/\/vetaustral.com.ar\/index.php?rest_route=%2Fwp%2Fv2%2Fcomments&post=1379"}],"wp:featuredmedia":[{"embeddable":true,"href":"https:\/\/vetaustral.com.ar\/index.php?rest_route=\/wp\/v2\/media\/1380"}],"wp:attachment":[{"href":"https:\/\/vetaustral.com.ar\/index.php?rest_route=%2Fwp%2Fv2%2Fmedia&parent=1379"}],"wp:term":[{"taxonomy":"product_brand","embeddable":true,"href":"https:\/\/vetaustral.com.ar\/index.php?rest_route=%2Fwp%2Fv2%2Fproduct_brand&post=1379"},{"taxonomy":"product_cat","embeddable":true,"href":"https:\/\/vetaustral.com.ar\/index.php?rest_route=%2Fwp%2Fv2%2Fproduct_cat&post=1379"},{"taxonomy":"product_tag","embeddable":true,"href":"https:\/\/vetaustral.com.ar\/index.php?rest_route=%2Fwp%2Fv2%2Fproduct_tag&post=1379"}],"curies":[{"name":"wp","href":"https:\/\/api.w.org\/{rel}","templated":true}]}}