{"id":1329,"date":"2025-10-30T22:26:39","date_gmt":"2025-10-30T22:26:39","guid":{"rendered":"https:\/\/vetaustral.com.ar\/?post_type=product&#038;p=1329"},"modified":"2026-01-30T12:48:36","modified_gmt":"2026-01-30T12:48:36","slug":"syncrocel-x-20-ml-argos","status":"publish","type":"product","link":"https:\/\/vetaustral.com.ar\/?product=syncrocel-x-20-ml-argos","title":{"rendered":"Syncrocel x 20 ml &#8211; Argos"},"content":{"rendered":"<p>Contiene 1 frasco ampolla de 20 ml.<\/p>\n<ul>\n<li>Medicamento para la reproducci\u00f3n.<\/li>\n<li>Hormonal.<\/li>\n<li><strong>Bovinos<\/strong> y <strong>porcinos<\/strong>.<\/li>\n<\/ul>\n<p><strong>F\u00f3rmula:\u00a0<\/strong><\/p>\n<p>D(+) Cloprostenol s\u00f3dico &#8230;&#8230;. 0,075mg.<\/p>\n<p>Agentes de formulaci\u00f3n c.s.p &#8230;.. 1ml.<\/p>\n<p>Soluci\u00f3n inyectable esteril para ser administrada por v\u00eda intramuscular exclusivamente.<\/p>\n<p><strong>Indicaciones:\u00a0<\/strong>Sincronizaci\u00f3n del celo. Des\u00f3rdenes funcionales del ciclo estral. Inducci\u00f3n al parto o aborto. Des\u00f3rdenes funcionales de los ovarios (quistes luteales o foliculares). Patolog\u00edas uterinas postparto (pi\u00f3metras, endometritis.).<\/p>\n<p><strong>Syncrocel\u00a0<\/strong>es una especialidad a base de cloprostenol dextr\u00f3giro. Cloprostenol dextr\u00f3giro es un an\u00e1logo sint\u00e9tico de la prostaglandina F2\ud835\udefc. El enanti\u00f3mero dextr\u00f3giro es el componente luteol\u00edtico biol\u00f3gicamente activo del cloprostenol. <strong>Syncrocel<\/strong> es aproximadamente 3,5 veces m\u00e1s potente que las especialidades similares basadas en cloprostenol rac\u00e9mico. Por tanto puede ser utilizado proporcionalmente a un nivel de dosis inferior. <strong>Syncrocel<\/strong> es m\u00e1s eficaz y mejor tolerado que el cloprostenol rac\u00e9mico. Durante la fase luteinizante del ciclo estral, <strong>Syncrocel<\/strong> induce una ca\u00edda en el n\u00famero de receptores de hormona luteinizante (LH) en el ovario, loque conduce a una r\u00e1pida regresi\u00f3n del cuerpo l\u00fateo y un descenso en los niveles de progesterona. La parte anterior de la gl\u00e1ndula pituitaria aumenta los niveles de hormona estimulante del fol\u00edculo (FSH). Esto permite la maduraci\u00f3n de un nuevo fol\u00edculo, aparici\u00f3n del estro y la ovulaci\u00f3n.<\/p>\n<p>Argos<\/p>\n<p>&nbsp;<\/p>\n","protected":false},"excerpt":{"rendered":"<p>Contiene 1 frasco ampolla de 20 ml. Medicamento para la reproducci\u00f3n. Hormonal. Bovinos y porcinos. F\u00f3rmula:\u00a0 D(+) Cloprostenol s\u00f3dico &#8230;&#8230;. 0,075mg. Agentes de formulaci\u00f3n c.s.p &#8230;.. 1ml. Soluci\u00f3n inyectable esteril para ser administrada por v\u00eda intramuscular exclusivamente. Indicaciones:\u00a0Sincronizaci\u00f3n del celo. Des\u00f3rdenes funcionales del ciclo estral. Inducci\u00f3n al parto o aborto. Des\u00f3rdenes funcionales de los ovarios &#8230; <a title=\"Syncrocel x 20 ml &#8211; Argos\" class=\"read-more\" href=\"https:\/\/vetaustral.com.ar\/?product=syncrocel-x-20-ml-argos\" aria-label=\"Leer m\u00e1s sobre Syncrocel x 20 ml &#8211; Argos\">Leer m\u00e1s<\/a><\/p>\n","protected":false},"featured_media":1330,"comment_status":"open","ping_status":"closed","template":"","meta":[],"product_brand":[176],"product_cat":[32,52],"product_tag":[179,178,181,180,182],"class_list":{"0":"post-1329","1":"product","2":"type-product","3":"status-publish","4":"has-post-thumbnail","6":"product_brand-argos","7":"product_cat-farmacia","8":"product_cat-grandes-animales","9":"product_tag-endometritis","10":"product_tag-induccion-al-parto","11":"product_tag-interrupcion-de-la-prenez","12":"product_tag-piometras","13":"product_tag-sincronizacion-del-celo","14":"sales-flash-overlay","15":"woocommerce-text-align-center","16":"woocommerce-image-align-center","17":"do-quantity-buttons","19":"first","20":"instock","21":"taxable","22":"shipping-taxable","23":"purchasable","24":"product-type-simple"},"jetpack_sharing_enabled":true,"_links":{"self":[{"href":"https:\/\/vetaustral.com.ar\/index.php?rest_route=\/wp\/v2\/product\/1329","targetHints":{"allow":["GET"]}}],"collection":[{"href":"https:\/\/vetaustral.com.ar\/index.php?rest_route=\/wp\/v2\/product"}],"about":[{"href":"https:\/\/vetaustral.com.ar\/index.php?rest_route=\/wp\/v2\/types\/product"}],"replies":[{"embeddable":true,"href":"https:\/\/vetaustral.com.ar\/index.php?rest_route=%2Fwp%2Fv2%2Fcomments&post=1329"}],"wp:featuredmedia":[{"embeddable":true,"href":"https:\/\/vetaustral.com.ar\/index.php?rest_route=\/wp\/v2\/media\/1330"}],"wp:attachment":[{"href":"https:\/\/vetaustral.com.ar\/index.php?rest_route=%2Fwp%2Fv2%2Fmedia&parent=1329"}],"wp:term":[{"taxonomy":"product_brand","embeddable":true,"href":"https:\/\/vetaustral.com.ar\/index.php?rest_route=%2Fwp%2Fv2%2Fproduct_brand&post=1329"},{"taxonomy":"product_cat","embeddable":true,"href":"https:\/\/vetaustral.com.ar\/index.php?rest_route=%2Fwp%2Fv2%2Fproduct_cat&post=1329"},{"taxonomy":"product_tag","embeddable":true,"href":"https:\/\/vetaustral.com.ar\/index.php?rest_route=%2Fwp%2Fv2%2Fproduct_tag&post=1329"}],"curies":[{"name":"wp","href":"https:\/\/api.w.org\/{rel}","templated":true}]}}