{"id":1283,"date":"2025-10-29T13:44:12","date_gmt":"2025-10-29T13:44:12","guid":{"rendered":"https:\/\/vetaustral.com.ar\/?post_type=product&#038;p=1283"},"modified":"2026-01-29T12:06:28","modified_gmt":"2026-01-29T12:06:28","slug":"proteliv-gotas-x-15-ml-holliday","status":"publish","type":"product","link":"https:\/\/vetaustral.com.ar\/?product=proteliv-gotas-x-15-ml-holliday","title":{"rendered":"Proteliv gotas x 15 ml &#8211; Holliday"},"content":{"rendered":"<p>Contiene frasco gotero de 15 ml.<\/p>\n<ul>\n<li>Compuesto hepatoprotector oral en gotas.<\/li>\n<li>Para <strong>perros<\/strong> y <strong>gatos<\/strong>.<\/li>\n<\/ul>\n<h3>F\u00f3rmula<\/h3>\n<p>Cada 100 ml de la soluci\u00f3n contiene:<br \/>\nColina Bitartrato 5 g.<br \/>\nAlcachofa extracto 5 g.<br \/>\nNicotinamida 2,5 g.<br \/>\n\u00c1cido Dehidroc\u00f3lico 0,25 g.<br \/>\n\u00c1cido Desoxic\u00f3lico 0,25 g.<br \/>\nMetilbromuro de Homatropina 0,2 g.<br \/>\nExcipientes c.s.<\/p>\n<h3>Acci\u00f3n<\/h3>\n<p>Hepatoprotector, hidrocoler\u00e9tico, colagogo.<br \/>\nNicotinamida: Colabora en la eliminaci\u00f3n de t\u00f3xicos. Coadyuva a disminuir los niveles de colesterol y triglic\u00e9ridos.<br \/>\nColina Colabora en el metabolismo lip\u00eddico.<br \/>\nAlcachofa:coler\u00e9tico y colagogo. Hepatoprotector, captador de radicales libres. (antioxidante).<br \/>\nHomatropina: Antiespasmodico.<br \/>\nDehidrocolato: Hidrocoler\u00e9tico.<br \/>\nDesoxicolato: Emulsiona las grasas.<\/p>\n<h3>Indicaciones<\/h3>\n<p>Insuficiencia hepatobiliar, hepatitis agudas y cr\u00f3nicas, colecistitis, colangitis.<\/p>\n<p>Holliday<\/p>\n","protected":false},"excerpt":{"rendered":"<p>Contiene frasco gotero de 15 ml. Compuesto hepatoprotector oral en gotas. Para perros y gatos. F\u00f3rmula Cada 100 ml de la soluci\u00f3n contiene: Colina Bitartrato 5 g. Alcachofa extracto 5 g. Nicotinamida 2,5 g. \u00c1cido Dehidroc\u00f3lico 0,25 g. \u00c1cido Desoxic\u00f3lico 0,25 g. Metilbromuro de Homatropina 0,2 g. Excipientes c.s. Acci\u00f3n Hepatoprotector, hidrocoler\u00e9tico, colagogo. Nicotinamida: Colabora &#8230; <a title=\"Proteliv gotas x 15 ml &#8211; Holliday\" class=\"read-more\" href=\"https:\/\/vetaustral.com.ar\/?product=proteliv-gotas-x-15-ml-holliday\" aria-label=\"Leer m\u00e1s sobre Proteliv gotas x 15 ml &#8211; Holliday\">Leer m\u00e1s<\/a><\/p>\n","protected":false},"featured_media":1284,"comment_status":"open","ping_status":"closed","template":"","meta":[],"product_brand":[164],"product_cat":[36,32],"product_tag":[157,113],"class_list":{"0":"post-1283","1":"product","2":"type-product","3":"status-publish","4":"has-post-thumbnail","6":"product_brand-holliday","7":"product_cat-animales-de-compania","8":"product_cat-farmacia","9":"product_tag-gotero","10":"product_tag-hepatoprotector","11":"sales-flash-overlay","12":"woocommerce-text-align-center","13":"woocommerce-image-align-center","14":"do-quantity-buttons","16":"first","17":"instock","18":"taxable","19":"shipping-taxable","20":"purchasable","21":"product-type-simple"},"jetpack_sharing_enabled":true,"_links":{"self":[{"href":"https:\/\/vetaustral.com.ar\/index.php?rest_route=\/wp\/v2\/product\/1283","targetHints":{"allow":["GET"]}}],"collection":[{"href":"https:\/\/vetaustral.com.ar\/index.php?rest_route=\/wp\/v2\/product"}],"about":[{"href":"https:\/\/vetaustral.com.ar\/index.php?rest_route=\/wp\/v2\/types\/product"}],"replies":[{"embeddable":true,"href":"https:\/\/vetaustral.com.ar\/index.php?rest_route=%2Fwp%2Fv2%2Fcomments&post=1283"}],"wp:featuredmedia":[{"embeddable":true,"href":"https:\/\/vetaustral.com.ar\/index.php?rest_route=\/wp\/v2\/media\/1284"}],"wp:attachment":[{"href":"https:\/\/vetaustral.com.ar\/index.php?rest_route=%2Fwp%2Fv2%2Fmedia&parent=1283"}],"wp:term":[{"taxonomy":"product_brand","embeddable":true,"href":"https:\/\/vetaustral.com.ar\/index.php?rest_route=%2Fwp%2Fv2%2Fproduct_brand&post=1283"},{"taxonomy":"product_cat","embeddable":true,"href":"https:\/\/vetaustral.com.ar\/index.php?rest_route=%2Fwp%2Fv2%2Fproduct_cat&post=1283"},{"taxonomy":"product_tag","embeddable":true,"href":"https:\/\/vetaustral.com.ar\/index.php?rest_route=%2Fwp%2Fv2%2Fproduct_tag&post=1283"}],"curies":[{"name":"wp","href":"https:\/\/api.w.org\/{rel}","templated":true}]}}