{"id":1266,"date":"2025-10-28T14:57:00","date_gmt":"2025-10-28T14:57:00","guid":{"rendered":"https:\/\/vetaustral.com.ar\/?post_type=product&#038;p=1266"},"modified":"2026-01-29T11:32:41","modified_gmt":"2026-01-29T11:32:41","slug":"no-aca-x-500-ml-elmer","status":"publish","type":"product","link":"https:\/\/vetaustral.com.ar\/?product=no-aca-x-500-ml-elmer","title":{"rendered":"No ac\u00e1!!! x 500 ml &#8211; Elmer"},"content":{"rendered":"<p>Contiene 1 frasco de 500 ml.<\/p>\n<ul>\n<li>Repelente concentrado<\/li>\n<li>Para <strong>perros<\/strong>, <strong>gatos<\/strong>, <strong>p\u00e1jaros<\/strong>, <strong>roedores<\/strong> y <strong>peludos<\/strong><\/li>\n<\/ul>\n<p><strong>F\u00f3rmula<\/strong><br \/>\nCada 100 mL contiene:<\/p>\n<p>Aceite de Mostaza 0,14 g;<\/p>\n<p>Aceite de Citronella 0,14 g;<\/p>\n<p>Extracto de Ajo 4,41 g;<br \/>\nExcipientes c.s.p.<\/p>\n<p><strong>Indicaciones<\/strong><br \/>\nNO AC\u00c1!!! ha sido formulado como repelente para perros, gatos, roedores y peludos, as\u00ed como para<br \/>\neducar a caninos y felinos respecto de los lugares no aptos para sus deposiciones. Los caracter\u00edsticos<br \/>\naromas contenidos en la f\u00f3rmula de NO AC\u00c1!!! se encuentran seleccionados con la finalidad de actuar<br \/>\nsobre los sentidos de mascotas tanto como roedores y producir un est\u00edmulo negativo en relaci\u00f3n con<br \/>\nlos lugares que frecuentan. La met\u00f3dica rutina en la aplicaci\u00f3n y la reposici\u00f3n abundante de NO AC\u00c1!!!<br \/>\ngenera el cambio duradero de conducta y logra que los animales abandonen el lugar en cuesti\u00f3n. NO<br \/>\nAC\u00c1!!! no es t\u00f3xico para las personas ni para los animales, utilizado de la forma indicada.<\/p>\n<p>Elmer<\/p>\n","protected":false},"excerpt":{"rendered":"<p>Contiene 1 frasco de 500 ml. Repelente concentrado Para perros, gatos, p\u00e1jaros, roedores y peludos F\u00f3rmula Cada 100 mL contiene: Aceite de Mostaza 0,14 g; Aceite de Citronella 0,14 g; Extracto de Ajo 4,41 g; Excipientes c.s.p. Indicaciones NO AC\u00c1!!! ha sido formulado como repelente para perros, gatos, roedores y peludos, as\u00ed como para educar &#8230; <a title=\"No ac\u00e1!!! x 500 ml &#8211; Elmer\" class=\"read-more\" href=\"https:\/\/vetaustral.com.ar\/?product=no-aca-x-500-ml-elmer\" aria-label=\"Leer m\u00e1s sobre No ac\u00e1!!! x 500 ml &#8211; Elmer\">Leer m\u00e1s<\/a><\/p>\n","protected":false},"featured_media":1267,"comment_status":"open","ping_status":"closed","template":"","meta":[],"product_brand":[145],"product_cat":[36,32],"product_tag":[163,162,161],"class_list":{"0":"post-1266","1":"product","2":"type-product","3":"status-publish","4":"has-post-thumbnail","6":"product_brand-elmer","7":"product_cat-animales-de-compania","8":"product_cat-farmacia","9":"product_tag-educador","10":"product_tag-repelente-de-gatos","11":"product_tag-repelente-de-perros","12":"sales-flash-overlay","13":"woocommerce-text-align-center","14":"woocommerce-image-align-center","15":"do-quantity-buttons","17":"first","18":"instock","19":"taxable","20":"shipping-taxable","21":"purchasable","22":"product-type-simple"},"jetpack_sharing_enabled":true,"_links":{"self":[{"href":"https:\/\/vetaustral.com.ar\/index.php?rest_route=\/wp\/v2\/product\/1266","targetHints":{"allow":["GET"]}}],"collection":[{"href":"https:\/\/vetaustral.com.ar\/index.php?rest_route=\/wp\/v2\/product"}],"about":[{"href":"https:\/\/vetaustral.com.ar\/index.php?rest_route=\/wp\/v2\/types\/product"}],"replies":[{"embeddable":true,"href":"https:\/\/vetaustral.com.ar\/index.php?rest_route=%2Fwp%2Fv2%2Fcomments&post=1266"}],"wp:featuredmedia":[{"embeddable":true,"href":"https:\/\/vetaustral.com.ar\/index.php?rest_route=\/wp\/v2\/media\/1267"}],"wp:attachment":[{"href":"https:\/\/vetaustral.com.ar\/index.php?rest_route=%2Fwp%2Fv2%2Fmedia&parent=1266"}],"wp:term":[{"taxonomy":"product_brand","embeddable":true,"href":"https:\/\/vetaustral.com.ar\/index.php?rest_route=%2Fwp%2Fv2%2Fproduct_brand&post=1266"},{"taxonomy":"product_cat","embeddable":true,"href":"https:\/\/vetaustral.com.ar\/index.php?rest_route=%2Fwp%2Fv2%2Fproduct_cat&post=1266"},{"taxonomy":"product_tag","embeddable":true,"href":"https:\/\/vetaustral.com.ar\/index.php?rest_route=%2Fwp%2Fv2%2Fproduct_tag&post=1266"}],"curies":[{"name":"wp","href":"https:\/\/api.w.org\/{rel}","templated":true}]}}