{"id":1250,"date":"2025-10-28T13:42:25","date_gmt":"2025-10-28T13:42:25","guid":{"rendered":"https:\/\/vetaustral.com.ar\/?post_type=product&#038;p=1250"},"modified":"2026-01-29T11:25:18","modified_gmt":"2026-01-29T11:25:18","slug":"supresor-de-celo-inyectable-x-2-dosis-elmer","status":"publish","type":"product","link":"https:\/\/vetaustral.com.ar\/?product=supresor-de-celo-inyectable-x-2-dosis-elmer","title":{"rendered":"Supresor de celo inyectable x 2 dosis &#8211; Elmer"},"content":{"rendered":"<p>Contiene 2 frasco ampolla de 1 ml.<\/p>\n<ul>\n<li>Anticonceptivo para <strong>perros<\/strong> y <strong>gatos<\/strong>.<\/li>\n<\/ul>\n<p><strong>F\u00f3rmula:<\/strong><br \/>\nCada ml. Contiene 50 mg de Acetato de medroxiprogesterona.<br \/>\nVeh\u00edculo id\u00f3neo c.s.p. 1 ml.<\/p>\n<p><strong>Acci\u00f3n:<\/strong><br \/>\nSe trata de un progest\u00e1geno de efecto prolongado, formulado<br \/>\ncon esteroide de estructura qu\u00edmica semejante a la de la<br \/>\nhormona del cuerpo l\u00fateo, la progesterona denominado<br \/>\nacetato de 17 alfa-hidroxi-6-metilprogesterona, con una<br \/>\npotencia de 25 a 48 veces superior al de la hormona natural.<\/p>\n<p><strong>Indicaciones:<\/strong><br \/>\n1. Para la prevenci\u00f3n del celo y evitar la aparici\u00f3n de<br \/>\nsignos exteriores del estro (hemorragia vaginal,<br \/>\nb\u00fasqueda de macho, cambios de car\u00e1cter) y, la<br \/>\npre\u00f1ez cuando no se desean cr\u00edas.<br \/>\n2. Para la interrupci\u00f3n temporaria del estro, demorando<br \/>\nla aparici\u00f3n del ciclo menstrual.<br \/>\n<strong>Dosificaci\u00f3n:<\/strong><br \/>\nPara la prevenci\u00f3n, una inyecci\u00f3n cada 5 \u2013 6 mese por v\u00eda<br \/>\nsubcut\u00e1nea en la cara interna del muslo.<br \/>\nPara la interrupci\u00f3n, una sola inyecci\u00f3n con las limitaciones<br \/>\nque se expondr\u00e1n en \u201ccontraindicaciones\u201d. El retorno del ciclo<br \/>\nhormonal ocurre a los tres meses.<br \/>\nPerras de talla grande y mediana: 1 ml. (50 mg).<br \/>\nPerras de talla peque\u00f1a y gatas: 0,5 ml (25 mg).<\/p>\n<p>Elmer<\/p>\n","protected":false},"excerpt":{"rendered":"<p>Contiene 2 frasco ampolla de 1 ml. Anticonceptivo para perros y gatos. F\u00f3rmula: Cada ml. Contiene 50 mg de Acetato de medroxiprogesterona. Veh\u00edculo id\u00f3neo c.s.p. 1 ml. Acci\u00f3n: Se trata de un progest\u00e1geno de efecto prolongado, formulado con esteroide de estructura qu\u00edmica semejante a la de la hormona del cuerpo l\u00fateo, la progesterona denominado acetato &#8230; <a title=\"Supresor de celo inyectable x 2 dosis &#8211; Elmer\" class=\"read-more\" href=\"https:\/\/vetaustral.com.ar\/?product=supresor-de-celo-inyectable-x-2-dosis-elmer\" aria-label=\"Leer m\u00e1s sobre Supresor de celo inyectable x 2 dosis &#8211; Elmer\">Leer m\u00e1s<\/a><\/p>\n","protected":false},"featured_media":1251,"comment_status":"open","ping_status":"closed","template":"","meta":[],"product_brand":[145],"product_cat":[36,32],"product_tag":[158,159],"class_list":{"0":"post-1250","1":"product","2":"type-product","3":"status-publish","4":"has-post-thumbnail","6":"product_brand-elmer","7":"product_cat-animales-de-compania","8":"product_cat-farmacia","9":"product_tag-anticonceptivo","10":"product_tag-supresor-de-celo","11":"sales-flash-overlay","12":"woocommerce-text-align-center","13":"woocommerce-image-align-center","14":"do-quantity-buttons","16":"first","17":"instock","18":"taxable","19":"shipping-taxable","20":"purchasable","21":"product-type-simple"},"jetpack_sharing_enabled":true,"_links":{"self":[{"href":"https:\/\/vetaustral.com.ar\/index.php?rest_route=\/wp\/v2\/product\/1250","targetHints":{"allow":["GET"]}}],"collection":[{"href":"https:\/\/vetaustral.com.ar\/index.php?rest_route=\/wp\/v2\/product"}],"about":[{"href":"https:\/\/vetaustral.com.ar\/index.php?rest_route=\/wp\/v2\/types\/product"}],"replies":[{"embeddable":true,"href":"https:\/\/vetaustral.com.ar\/index.php?rest_route=%2Fwp%2Fv2%2Fcomments&post=1250"}],"wp:featuredmedia":[{"embeddable":true,"href":"https:\/\/vetaustral.com.ar\/index.php?rest_route=\/wp\/v2\/media\/1251"}],"wp:attachment":[{"href":"https:\/\/vetaustral.com.ar\/index.php?rest_route=%2Fwp%2Fv2%2Fmedia&parent=1250"}],"wp:term":[{"taxonomy":"product_brand","embeddable":true,"href":"https:\/\/vetaustral.com.ar\/index.php?rest_route=%2Fwp%2Fv2%2Fproduct_brand&post=1250"},{"taxonomy":"product_cat","embeddable":true,"href":"https:\/\/vetaustral.com.ar\/index.php?rest_route=%2Fwp%2Fv2%2Fproduct_cat&post=1250"},{"taxonomy":"product_tag","embeddable":true,"href":"https:\/\/vetaustral.com.ar\/index.php?rest_route=%2Fwp%2Fv2%2Fproduct_tag&post=1250"}],"curies":[{"name":"wp","href":"https:\/\/api.w.org\/{rel}","templated":true}]}}