{"id":1240,"date":"2025-10-28T12:57:43","date_gmt":"2025-10-28T12:57:43","guid":{"rendered":"https:\/\/vetaustral.com.ar\/?post_type=product&#038;p=1240"},"modified":"2026-01-29T11:18:01","modified_gmt":"2026-01-29T11:18:01","slug":"shampoo-tarzinc-x-250-ml-elmer","status":"publish","type":"product","link":"https:\/\/vetaustral.com.ar\/?product=shampoo-tarzinc-x-250-ml-elmer","title":{"rendered":"Shampoo tarzinc x 250 ml &#8211; Elmer"},"content":{"rendered":"<p>Contiene 1 frasco de 250 ml.<\/p>\n<ul>\n<li>Dermatol\u00f3gico<\/li>\n<li>Antiseborreico<\/li>\n<\/ul>\n<p><strong>F\u00f3rmula:<\/strong><br \/>\nCada 100 ml contiene:<br \/>\nSoluci\u00f3n T\u00f3pica de Coaltar 5,00 g., Salicilato de Zinc<br \/>\ntrihidrato 0,20 g., Agentes de Formulaci\u00f3n, c.s.p.<\/p>\n<p><strong>Acci\u00f3n:<\/strong><br \/>\nLos especialistas en peque\u00f1os animales conocen<br \/>\nperfectamente el problema que constituye el complejo de la<br \/>\nseborrea canina. M\u00e1s a\u00fan, se trata de una de las m\u00e1s<br \/>\ncomunes dermatosis cr\u00f3nicas del canino, cuyos signos<br \/>\niniciales: descamaci\u00f3n, costras, alopec\u00eda suelen complicarse<br \/>\nhasta alcanzar el grado de lesiones eritematosas, escamosas,<br \/>\ncostrosas muy severas asociadas generalmente con agentes<br \/>\nmicrobianos, sobre todo el estafilococo aureus.<\/p>\n<p>Precisamente, para el tratamiento de esta dermatitis y otras<br \/>\ninespec\u00edficas que evolucionan con s\u00edntomas casi similares y<br \/>\ntrastornos en la queratinizaci\u00f3n, Laboratorio Elmer ha<br \/>\nformulado<strong> TARZINC SHAMPOO<\/strong>.<\/p>\n<p>Elmer<\/p>\n","protected":false},"excerpt":{"rendered":"<p>Contiene 1 frasco de 250 ml. Dermatol\u00f3gico Antiseborreico F\u00f3rmula: Cada 100 ml contiene: Soluci\u00f3n T\u00f3pica de Coaltar 5,00 g., Salicilato de Zinc trihidrato 0,20 g., Agentes de Formulaci\u00f3n, c.s.p. Acci\u00f3n: Los especialistas en peque\u00f1os animales conocen perfectamente el problema que constituye el complejo de la seborrea canina. M\u00e1s a\u00fan, se trata de una de las &#8230; <a title=\"Shampoo tarzinc x 250 ml &#8211; Elmer\" class=\"read-more\" href=\"https:\/\/vetaustral.com.ar\/?product=shampoo-tarzinc-x-250-ml-elmer\" aria-label=\"Leer m\u00e1s sobre Shampoo tarzinc x 250 ml &#8211; Elmer\">Leer m\u00e1s<\/a><\/p>\n","protected":false},"featured_media":1241,"comment_status":"open","ping_status":"closed","template":"","meta":[],"product_brand":[145],"product_cat":[36,32],"product_tag":[74,155,153,152,154],"class_list":{"0":"post-1240","1":"product","2":"type-product","3":"status-publish","4":"has-post-thumbnail","6":"product_brand-elmer","7":"product_cat-animales-de-compania","8":"product_cat-farmacia","9":"product_tag-antipruriginoso","10":"product_tag-antiseborreico","11":"product_tag-antiseptico","12":"product_tag-coaltar","13":"product_tag-queratoplastico","14":"sales-flash-overlay","15":"woocommerce-text-align-center","16":"woocommerce-image-align-center","17":"do-quantity-buttons","19":"first","20":"instock","21":"taxable","22":"shipping-taxable","23":"purchasable","24":"product-type-simple"},"jetpack_sharing_enabled":true,"_links":{"self":[{"href":"https:\/\/vetaustral.com.ar\/index.php?rest_route=\/wp\/v2\/product\/1240","targetHints":{"allow":["GET"]}}],"collection":[{"href":"https:\/\/vetaustral.com.ar\/index.php?rest_route=\/wp\/v2\/product"}],"about":[{"href":"https:\/\/vetaustral.com.ar\/index.php?rest_route=\/wp\/v2\/types\/product"}],"replies":[{"embeddable":true,"href":"https:\/\/vetaustral.com.ar\/index.php?rest_route=%2Fwp%2Fv2%2Fcomments&post=1240"}],"wp:featuredmedia":[{"embeddable":true,"href":"https:\/\/vetaustral.com.ar\/index.php?rest_route=\/wp\/v2\/media\/1241"}],"wp:attachment":[{"href":"https:\/\/vetaustral.com.ar\/index.php?rest_route=%2Fwp%2Fv2%2Fmedia&parent=1240"}],"wp:term":[{"taxonomy":"product_brand","embeddable":true,"href":"https:\/\/vetaustral.com.ar\/index.php?rest_route=%2Fwp%2Fv2%2Fproduct_brand&post=1240"},{"taxonomy":"product_cat","embeddable":true,"href":"https:\/\/vetaustral.com.ar\/index.php?rest_route=%2Fwp%2Fv2%2Fproduct_cat&post=1240"},{"taxonomy":"product_tag","embeddable":true,"href":"https:\/\/vetaustral.com.ar\/index.php?rest_route=%2Fwp%2Fv2%2Fproduct_tag&post=1240"}],"curies":[{"name":"wp","href":"https:\/\/api.w.org\/{rel}","templated":true}]}}