{"id":1212,"date":"2025-10-27T19:53:48","date_gmt":"2025-10-27T19:53:48","guid":{"rendered":"https:\/\/vetaustral.com.ar\/?post_type=product&#038;p=1212"},"modified":"2026-01-28T20:42:06","modified_gmt":"2026-01-28T20:42:06","slug":"mv-chinfield-x-50-ml-chinfield","status":"publish","type":"product","link":"https:\/\/vetaustral.com.ar\/?product=mv-chinfield-x-50-ml-chinfield","title":{"rendered":"MV chinfield x 50 ml &#8211; Chinfield"},"content":{"rendered":"<p>Contiene 1 frasco ampolla de 50 ml.<\/p>\n<ul>\n<li>Estimulante cardiorrespiratorio<\/li>\n<li>Defatigante<\/li>\n<li>Broncodilatador<\/li>\n<\/ul>\n<h3 class=\"wp-block-heading\">F\u00f3rmula:<\/h3>\n<p>Succinato de sodio \u2026\u2026\u2026\u2026\u2026\u2026\u2026\u2026\u2026\u2026\u2026\u2026\u2026\u2026.. 20 g<br \/>\nUTP \u2026\u2026\u2026\u2026\u2026\u2026\u2026\u2026\u2026\u2026\u2026\u2026\u2026\u2026\u2026\u2026\u2026\u2026\u2026\u2026\u2026\u2026 200 mg<br \/>\nAgentes de formulaci\u00f3n c.s.p. \u2026\u2026\u2026\u2026\u2026\u2026.. 100 ml<\/p>\n<h3 class=\"wp-block-heading\">Beneficios:<\/h3>\n<p><strong>MV CHINFIELD\u00ae<\/strong> es un estimulante respiratorio. Act\u00faa estimulando directamente el centro respiratorio y el grado de saturaci\u00f3n de la hemoglobina, lo que deriva en un defatigante. <strong>MV CHINFIELD\u00ae<\/strong> aumenta el volumen de aire inspirado en forma progresiva, y su efecto dura varias horas. No se han verificado reacciones secundarias con su uso prolongado y se puede administrar cuantas veces sea necesario sin producir acostumbramiento siempre con indicaci\u00f3n del M\u00e9dico Veterinario.<\/p>\n<p>&nbsp;<\/p>\n<h3 class=\"wp-block-heading\">Indicaciones:<\/h3>\n<p>Anoxia card\u00edaca. Depresi\u00f3n respiratoria y para cuando se desee aumentar el volumen de aire inspirado.<br \/>\nPara reducir la fatiga producida por el mayor esfuerzo f\u00edsico. Coadyuvante de tratamientos para evitar hemorragias de esfuerzo (hemorragia pulmonar inducida por el ejercicio). <strong>MV CHINFIELD\u00ae<\/strong> tambi\u00e9n est\u00e1 indicado en casos de reacciones al\u00e9rgicas respiratorias por cama de paja, viruta y diversos al\u00e9rgenos del establo que pueden aparecer en caballos sensibles.<\/p>\n<h3 class=\"wp-block-heading\">Especies de destino:<\/h3>\n<p><strong>Equinos deportivos<\/strong> y de trabajo no destinados al consumo alimentario<br \/>\nhumano.<\/p>\n<p>Chinfield<\/p>\n","protected":false},"excerpt":{"rendered":"<p>Contiene 1 frasco ampolla de 50 ml. Estimulante cardiorrespiratorio Defatigante Broncodilatador F\u00f3rmula: Succinato de sodio \u2026\u2026\u2026\u2026\u2026\u2026\u2026\u2026\u2026\u2026\u2026\u2026\u2026\u2026.. 20 g UTP \u2026\u2026\u2026\u2026\u2026\u2026\u2026\u2026\u2026\u2026\u2026\u2026\u2026\u2026\u2026\u2026\u2026\u2026\u2026\u2026\u2026\u2026 200 mg Agentes de formulaci\u00f3n c.s.p. \u2026\u2026\u2026\u2026\u2026\u2026.. 100 ml Beneficios: MV CHINFIELD\u00ae es un estimulante respiratorio. Act\u00faa estimulando directamente el centro respiratorio y el grado de saturaci\u00f3n de la hemoglobina, lo que deriva en un &#8230; <a title=\"MV chinfield x 50 ml &#8211; Chinfield\" class=\"read-more\" href=\"https:\/\/vetaustral.com.ar\/?product=mv-chinfield-x-50-ml-chinfield\" aria-label=\"Leer m\u00e1s sobre MV chinfield x 50 ml &#8211; Chinfield\">Leer m\u00e1s<\/a><\/p>\n","protected":false},"featured_media":1214,"comment_status":"open","ping_status":"closed","template":"","meta":[],"product_brand":[114],"product_cat":[33,32],"product_tag":[131,144,61,135,127],"class_list":{"0":"post-1212","1":"product","2":"type-product","3":"status-publish","4":"has-post-thumbnail","6":"product_brand-chinfield","7":"product_cat-equinos","8":"product_cat-farmacia","9":"product_tag-broncodilatador","10":"product_tag-desfatigante","11":"product_tag-equinos-deportivos","12":"product_tag-estimulante-cardiaco","13":"product_tag-estimulante-respiratorio","14":"sales-flash-overlay","15":"woocommerce-text-align-center","16":"woocommerce-image-align-center","17":"do-quantity-buttons","19":"first","20":"instock","21":"taxable","22":"shipping-taxable","23":"purchasable","24":"product-type-simple"},"jetpack_sharing_enabled":true,"_links":{"self":[{"href":"https:\/\/vetaustral.com.ar\/index.php?rest_route=\/wp\/v2\/product\/1212","targetHints":{"allow":["GET"]}}],"collection":[{"href":"https:\/\/vetaustral.com.ar\/index.php?rest_route=\/wp\/v2\/product"}],"about":[{"href":"https:\/\/vetaustral.com.ar\/index.php?rest_route=\/wp\/v2\/types\/product"}],"replies":[{"embeddable":true,"href":"https:\/\/vetaustral.com.ar\/index.php?rest_route=%2Fwp%2Fv2%2Fcomments&post=1212"}],"wp:featuredmedia":[{"embeddable":true,"href":"https:\/\/vetaustral.com.ar\/index.php?rest_route=\/wp\/v2\/media\/1214"}],"wp:attachment":[{"href":"https:\/\/vetaustral.com.ar\/index.php?rest_route=%2Fwp%2Fv2%2Fmedia&parent=1212"}],"wp:term":[{"taxonomy":"product_brand","embeddable":true,"href":"https:\/\/vetaustral.com.ar\/index.php?rest_route=%2Fwp%2Fv2%2Fproduct_brand&post=1212"},{"taxonomy":"product_cat","embeddable":true,"href":"https:\/\/vetaustral.com.ar\/index.php?rest_route=%2Fwp%2Fv2%2Fproduct_cat&post=1212"},{"taxonomy":"product_tag","embeddable":true,"href":"https:\/\/vetaustral.com.ar\/index.php?rest_route=%2Fwp%2Fv2%2Fproduct_tag&post=1212"}],"curies":[{"name":"wp","href":"https:\/\/api.w.org\/{rel}","templated":true}]}}