{"id":1206,"date":"2025-10-27T19:30:44","date_gmt":"2025-10-27T19:30:44","guid":{"rendered":"https:\/\/vetaustral.com.ar\/?post_type=product&#038;p=1206"},"modified":"2026-01-28T20:38:38","modified_gmt":"2026-01-28T20:38:38","slug":"suiferro-fuerte-x-50-ml-chinfield","status":"publish","type":"product","link":"https:\/\/vetaustral.com.ar\/?product=suiferro-fuerte-x-50-ml-chinfield","title":{"rendered":"Suiferro fuerte x 50 ml &#8211; Chinfield"},"content":{"rendered":"<p>Contiene 1 frasco ampolla de 50 ml.<\/p>\n<ul>\n<li>Antian\u00e9mico potente<\/li>\n<\/ul>\n<h3 class=\"wp-block-heading\">F\u00f3rmula:<\/h3>\n<p>Edetato de Sodio y Hierro \u2026\u2026\u2026\u2026\u2026\u2026\u2026 10.000 mg<br \/>\nEdetato de Sodio y Cobalto \u2026\u2026\u2026\u2026\u2026\u2026.. 5.000 mg<br \/>\nEdetato de Sodio y Cobre \u2026\u2026\u2026\u2026\u2026\u2026\u2026\u2026\u2026. 50 mg<br \/>\nAgentes de formulaci\u00f3n c.s.p. \u2026\u2026\u2026\u2026\u2026\u2026. 100 ml<\/p>\n<h3 class=\"wp-block-heading\">Beneficios:<\/h3>\n<p><strong>SUIFERRO FUERTE<\/strong> provee los elementos b\u00e1sicos como hierro, cobre y cobalto, en forma de sales org\u00e1nicas de asimilaci\u00f3n lenta para la formaci\u00f3n y maduraci\u00f3n de los gl\u00f3bulos rojos y para la s\u00edntesis de hemoglobina. Su dosificaci\u00f3n efectiva simplifica el tratamiento a la administraci\u00f3n de una dosis cada 30-45 d\u00edas.<\/p>\n<h3 class=\"wp-block-heading\">Indicaciones:<\/h3>\n<p>Anemias ferrop\u00e9nicas. Falta de desarrollo. Convalecencias de enfermedades anemizantes infecciosas y parasitarias. Parasitosis intestinal. P\u00e9rdida de peso. Pre\u00f1ez, lactancia, pre y post destete.<\/p>\n<h3 class=\"wp-block-heading\">Especies de destino:<\/h3>\n<p><strong>Equinos deportivos<\/strong> y de trabajo no destinados al consumo alimentario humano.<\/p>\n<p>Chinfield<\/p>\n","protected":false},"excerpt":{"rendered":"<p>Contiene 1 frasco ampolla de 50 ml. Antian\u00e9mico potente F\u00f3rmula: Edetato de Sodio y Hierro \u2026\u2026\u2026\u2026\u2026\u2026\u2026 10.000 mg Edetato de Sodio y Cobalto \u2026\u2026\u2026\u2026\u2026\u2026.. 5.000 mg Edetato de Sodio y Cobre \u2026\u2026\u2026\u2026\u2026\u2026\u2026\u2026\u2026. 50 mg Agentes de formulaci\u00f3n c.s.p. \u2026\u2026\u2026\u2026\u2026\u2026. 100 ml Beneficios: SUIFERRO FUERTE provee los elementos b\u00e1sicos como hierro, cobre y cobalto, en forma &#8230; <a title=\"Suiferro fuerte x 50 ml &#8211; Chinfield\" class=\"read-more\" href=\"https:\/\/vetaustral.com.ar\/?product=suiferro-fuerte-x-50-ml-chinfield\" aria-label=\"Leer m\u00e1s sobre Suiferro fuerte x 50 ml &#8211; Chinfield\">Leer m\u00e1s<\/a><\/p>\n","protected":false},"featured_media":1207,"comment_status":"open","ping_status":"closed","template":"","meta":[],"product_brand":[114],"product_cat":[33,32],"product_tag":[115,61],"class_list":{"0":"post-1206","1":"product","2":"type-product","3":"status-publish","4":"has-post-thumbnail","6":"product_brand-chinfield","7":"product_cat-equinos","8":"product_cat-farmacia","9":"product_tag-antianemico","10":"product_tag-equinos-deportivos","11":"sales-flash-overlay","12":"woocommerce-text-align-center","13":"woocommerce-image-align-center","14":"do-quantity-buttons","16":"first","17":"instock","18":"taxable","19":"shipping-taxable","20":"purchasable","21":"product-type-simple"},"jetpack_sharing_enabled":true,"_links":{"self":[{"href":"https:\/\/vetaustral.com.ar\/index.php?rest_route=\/wp\/v2\/product\/1206","targetHints":{"allow":["GET"]}}],"collection":[{"href":"https:\/\/vetaustral.com.ar\/index.php?rest_route=\/wp\/v2\/product"}],"about":[{"href":"https:\/\/vetaustral.com.ar\/index.php?rest_route=\/wp\/v2\/types\/product"}],"replies":[{"embeddable":true,"href":"https:\/\/vetaustral.com.ar\/index.php?rest_route=%2Fwp%2Fv2%2Fcomments&post=1206"}],"wp:featuredmedia":[{"embeddable":true,"href":"https:\/\/vetaustral.com.ar\/index.php?rest_route=\/wp\/v2\/media\/1207"}],"wp:attachment":[{"href":"https:\/\/vetaustral.com.ar\/index.php?rest_route=%2Fwp%2Fv2%2Fmedia&parent=1206"}],"wp:term":[{"taxonomy":"product_brand","embeddable":true,"href":"https:\/\/vetaustral.com.ar\/index.php?rest_route=%2Fwp%2Fv2%2Fproduct_brand&post=1206"},{"taxonomy":"product_cat","embeddable":true,"href":"https:\/\/vetaustral.com.ar\/index.php?rest_route=%2Fwp%2Fv2%2Fproduct_cat&post=1206"},{"taxonomy":"product_tag","embeddable":true,"href":"https:\/\/vetaustral.com.ar\/index.php?rest_route=%2Fwp%2Fv2%2Fproduct_tag&post=1206"}],"curies":[{"name":"wp","href":"https:\/\/api.w.org\/{rel}","templated":true}]}}