{"id":1194,"date":"2025-10-27T15:07:46","date_gmt":"2025-10-27T15:07:46","guid":{"rendered":"https:\/\/vetaustral.com.ar\/?post_type=product&#038;p=1194"},"modified":"2026-01-28T20:35:53","modified_gmt":"2026-01-28T20:35:53","slug":"fructosa-vitaminada-x-250-ml-chinfield","status":"publish","type":"product","link":"https:\/\/vetaustral.com.ar\/?product=fructosa-vitaminada-x-250-ml-chinfield","title":{"rendered":"Fructosa vitaminada x 250 ml &#8211; Chinfield"},"content":{"rendered":"<p>Contiene 1 frasco ampolla de 250 ml.<\/p>\n<ul>\n<li>Energ\u00e9tico.<\/li>\n<li>Hepatoprotector<\/li>\n<li>Desintoxicante<\/li>\n<\/ul>\n<h3 class=\"wp-block-heading\">F\u00f3rmula:<\/h3>\n<p>Fructosa \u2026\u2026\u2026\u2026\u2026\u2026\u2026\u2026\u2026\u2026\u2026\u2026\u2026\u2026\u2026\u2026\u2026\u2026\u2026\u2026\u2026 50 g<br \/>\nVitamina B12 \u2026\u2026\u2026\u2026\u2026\u2026\u2026\u2026\u2026\u2026\u2026\u2026\u2026\u2026\u2026\u2026 2000 \u03bcg<br \/>\nAgentes de formulaci\u00f3n c.s.p. \u2026\u2026\u2026\u2026\u2026\u2026.. 100 ml<\/p>\n<h3 class=\"wp-block-heading\">Beneficios:<\/h3>\n<p>La Fructosa es un carbohidrato de alto valor energ\u00e9tico que puede reemplazar a la glucosa y de la que se diferencia porque su metabolismo no es insulinodependiente.<br \/>\nDe elevado rendimiento energ\u00e9tico y f\u00e1cilmente metabolizable, la fructosa provee al organismo de la posiblidad de recuperar su funcionamiento normal alterado por factores como deshidrataci\u00f3n, diarreas, toxemias. En perros diab\u00e9ticos, en los que es necesario aumentar la oferta de sustancias energ\u00e9ticas diferentes a la glucosa, se constituye en un elemento de indudable valor al no ser dependiente de la insulina para su utilizaci\u00f3n.<\/p>\n<h3 class=\"wp-block-heading\">Indicaciones:<\/h3>\n<p>Energ\u00e9tico. Hepatopat\u00edas. Toxemias. Infecciones. Sustituto de la Glucosa. Deshidrataci\u00f3n. Desintoxicante.<\/p>\n<h3 class=\"wp-block-heading\">Especies de destino:<\/h3>\n<p><strong>Equinos<\/strong> no destinados a consumo alimentario humano, <strong>bovinos<\/strong>, <strong>ovinos<\/strong>, <strong>caninos<\/strong>.<\/p>\n<p>Chinfield<\/p>\n","protected":false},"excerpt":{"rendered":"<p>Contiene 1 frasco ampolla de 250 ml. Energ\u00e9tico. Hepatoprotector Desintoxicante F\u00f3rmula: Fructosa \u2026\u2026\u2026\u2026\u2026\u2026\u2026\u2026\u2026\u2026\u2026\u2026\u2026\u2026\u2026\u2026\u2026\u2026\u2026\u2026\u2026 50 g Vitamina B12 \u2026\u2026\u2026\u2026\u2026\u2026\u2026\u2026\u2026\u2026\u2026\u2026\u2026\u2026\u2026\u2026 2000 \u03bcg Agentes de formulaci\u00f3n c.s.p. \u2026\u2026\u2026\u2026\u2026\u2026.. 100 ml Beneficios: La Fructosa es un carbohidrato de alto valor energ\u00e9tico que puede reemplazar a la glucosa y de la que se diferencia porque su metabolismo no es insulinodependiente. &#8230; <a title=\"Fructosa vitaminada x 250 ml &#8211; Chinfield\" class=\"read-more\" href=\"https:\/\/vetaustral.com.ar\/?product=fructosa-vitaminada-x-250-ml-chinfield\" aria-label=\"Leer m\u00e1s sobre Fructosa vitaminada x 250 ml &#8211; Chinfield\">Leer m\u00e1s<\/a><\/p>\n","protected":false},"featured_media":1195,"comment_status":"open","ping_status":"closed","template":"","meta":[],"product_brand":[114],"product_cat":[36,33,32,52],"product_tag":[59,141,116],"class_list":{"0":"post-1194","1":"product","2":"type-product","3":"status-publish","4":"has-post-thumbnail","6":"product_brand-chinfield","7":"product_cat-animales-de-compania","8":"product_cat-equinos","9":"product_cat-farmacia","10":"product_cat-grandes-animales","11":"product_tag-desintoxicante","12":"product_tag-energetico","13":"product_tag-vitaminico","14":"sales-flash-overlay","15":"woocommerce-text-align-center","16":"woocommerce-image-align-center","17":"do-quantity-buttons","19":"first","20":"instock","21":"taxable","22":"shipping-taxable","23":"purchasable","24":"product-type-simple"},"jetpack_sharing_enabled":true,"_links":{"self":[{"href":"https:\/\/vetaustral.com.ar\/index.php?rest_route=\/wp\/v2\/product\/1194","targetHints":{"allow":["GET"]}}],"collection":[{"href":"https:\/\/vetaustral.com.ar\/index.php?rest_route=\/wp\/v2\/product"}],"about":[{"href":"https:\/\/vetaustral.com.ar\/index.php?rest_route=\/wp\/v2\/types\/product"}],"replies":[{"embeddable":true,"href":"https:\/\/vetaustral.com.ar\/index.php?rest_route=%2Fwp%2Fv2%2Fcomments&post=1194"}],"wp:featuredmedia":[{"embeddable":true,"href":"https:\/\/vetaustral.com.ar\/index.php?rest_route=\/wp\/v2\/media\/1195"}],"wp:attachment":[{"href":"https:\/\/vetaustral.com.ar\/index.php?rest_route=%2Fwp%2Fv2%2Fmedia&parent=1194"}],"wp:term":[{"taxonomy":"product_brand","embeddable":true,"href":"https:\/\/vetaustral.com.ar\/index.php?rest_route=%2Fwp%2Fv2%2Fproduct_brand&post=1194"},{"taxonomy":"product_cat","embeddable":true,"href":"https:\/\/vetaustral.com.ar\/index.php?rest_route=%2Fwp%2Fv2%2Fproduct_cat&post=1194"},{"taxonomy":"product_tag","embeddable":true,"href":"https:\/\/vetaustral.com.ar\/index.php?rest_route=%2Fwp%2Fv2%2Fproduct_tag&post=1194"}],"curies":[{"name":"wp","href":"https:\/\/api.w.org\/{rel}","templated":true}]}}