{"id":1183,"date":"2025-10-27T13:00:50","date_gmt":"2025-10-27T13:00:50","guid":{"rendered":"https:\/\/vetaustral.com.ar\/?post_type=product&#038;p=1183"},"modified":"2026-01-28T20:06:02","modified_gmt":"2026-01-28T20:06:02","slug":"hialuronato-de-sodio-chinfield-x-5-amp-chinfield","status":"publish","type":"product","link":"https:\/\/vetaustral.com.ar\/?product=hialuronato-de-sodio-chinfield-x-5-amp-chinfield","title":{"rendered":"Hialuronato de sodio chinfield x 5 amp \u2013 Chinfield"},"content":{"rendered":"<p>Contiene 5 frasco ampolla de 2 ml.<\/p>\n<ul>\n<li>Reparador articular.<\/li>\n<li>Condroprotector.<\/li>\n<li>PESO MOLECULAR 1.800.000 Dalton.<\/li>\n<\/ul>\n<p>&nbsp;<\/p>\n<h3 class=\"wp-block-heading\">F\u00f3rmula:<\/h3>\n<p>Hialuronato de sodio \u2026\u2026\u2026\u2026\u2026\u2026\u2026\u2026\u2026\u2026\u2026\u2026.. 20 mg<br \/>\nAgentes de formulaci\u00f3n c.s.p. \u2026\u2026\u2026\u2026\u2026\u2026\u2026\u2026. 2 ml<\/p>\n<h3 class=\"wp-block-heading\">Beneficios:<\/h3>\n<p>En el inicio de la osteoartrosis las articulaciones de los pacientes se caracterizan por la p\u00e9rdida de mol\u00e9culas de proteoglicanos en el cart\u00edlago articular. Estos cambios bioqu\u00edmicos del cart\u00edlago en articulaciones afectadas no s\u00f3lo est\u00e1n dados por la disminuci\u00f3n de proteoglicanos, sino tambi\u00e9n de \u00e1cido hialur\u00f3nico. El hialuronato s\u00f3dico, (sal s\u00f3dica del \u00e1cido hialur\u00f3nico), es un pol\u00edmero natural perteneciente a la clase de los glucosa-aminoglicanos (mucopolisac\u00e1ridos \u00e1cidos). Es, por lo tanto, un componente fundamental del l\u00edquido sinovial que se caracteriza por su viscoelasticidad, higroscopicidad y propiedades lubricantes, cualidades que protegen a las articulaciones de la presi\u00f3n y fricci\u00f3n a las que est\u00e1n sometidas las superficies articulares, que se generan con el movimiento. La calidad y caracter\u00edsticas del l\u00edquido sinovial est\u00e1 en relaci\u00f3n directa con la salud articular del animal.<\/p>\n<h3 class=\"wp-block-heading\">Indicaciones:<\/h3>\n<p>Para el tratamiento de las disfunciones articulares debidas a sinovitis no infecciosas asociadas con las osteoartritis. En tendovaginitis, post-cirug\u00eda articular o tend\u00ednea, post-lavaje articular, apoyo de reparaci\u00f3n de fracturas articulares.<\/p>\n<h3 class=\"wp-block-heading\">Especies de destino:<\/h3>\n<p><strong>Equinos deportivos<\/strong>\u00a0y de trabajo no destinados al consumo alimentario.<\/p>\n<p>Chinfield<\/p>\n","protected":false},"excerpt":{"rendered":"<p>Contiene 5 frasco ampolla de 2 ml. Reparador articular. Condroprotector. PESO MOLECULAR 1.800.000 Dalton. &nbsp; F\u00f3rmula: Hialuronato de sodio \u2026\u2026\u2026\u2026\u2026\u2026\u2026\u2026\u2026\u2026\u2026\u2026.. 20 mg Agentes de formulaci\u00f3n c.s.p. \u2026\u2026\u2026\u2026\u2026\u2026\u2026\u2026. 2 ml Beneficios: En el inicio de la osteoartrosis las articulaciones de los pacientes se caracterizan por la p\u00e9rdida de mol\u00e9culas de proteoglicanos en el cart\u00edlago articular. Estos &#8230; <a title=\"Hialuronato de sodio chinfield x 5 amp \u2013 Chinfield\" class=\"read-more\" href=\"https:\/\/vetaustral.com.ar\/?product=hialuronato-de-sodio-chinfield-x-5-amp-chinfield\" aria-label=\"Leer m\u00e1s sobre Hialuronato de sodio chinfield x 5 amp \u2013 Chinfield\">Leer m\u00e1s<\/a><\/p>\n","protected":false},"featured_media":1174,"comment_status":"open","ping_status":"closed","template":"","meta":[],"product_brand":[114],"product_cat":[33,32],"product_tag":[78,61,139],"class_list":{"0":"post-1183","1":"product","2":"type-product","3":"status-publish","4":"has-post-thumbnail","6":"product_brand-chinfield","7":"product_cat-equinos","8":"product_cat-farmacia","9":"product_tag-condroprotector","10":"product_tag-equinos-deportivos","11":"product_tag-reparador-articular","12":"sales-flash-overlay","13":"woocommerce-text-align-center","14":"woocommerce-image-align-center","15":"do-quantity-buttons","17":"first","18":"outofstock","19":"taxable","20":"shipping-taxable","21":"purchasable","22":"product-type-simple"},"jetpack_sharing_enabled":true,"_links":{"self":[{"href":"https:\/\/vetaustral.com.ar\/index.php?rest_route=\/wp\/v2\/product\/1183","targetHints":{"allow":["GET"]}}],"collection":[{"href":"https:\/\/vetaustral.com.ar\/index.php?rest_route=\/wp\/v2\/product"}],"about":[{"href":"https:\/\/vetaustral.com.ar\/index.php?rest_route=\/wp\/v2\/types\/product"}],"replies":[{"embeddable":true,"href":"https:\/\/vetaustral.com.ar\/index.php?rest_route=%2Fwp%2Fv2%2Fcomments&post=1183"}],"wp:featuredmedia":[{"embeddable":true,"href":"https:\/\/vetaustral.com.ar\/index.php?rest_route=\/wp\/v2\/media\/1174"}],"wp:attachment":[{"href":"https:\/\/vetaustral.com.ar\/index.php?rest_route=%2Fwp%2Fv2%2Fmedia&parent=1183"}],"wp:term":[{"taxonomy":"product_brand","embeddable":true,"href":"https:\/\/vetaustral.com.ar\/index.php?rest_route=%2Fwp%2Fv2%2Fproduct_brand&post=1183"},{"taxonomy":"product_cat","embeddable":true,"href":"https:\/\/vetaustral.com.ar\/index.php?rest_route=%2Fwp%2Fv2%2Fproduct_cat&post=1183"},{"taxonomy":"product_tag","embeddable":true,"href":"https:\/\/vetaustral.com.ar\/index.php?rest_route=%2Fwp%2Fv2%2Fproduct_tag&post=1183"}],"curies":[{"name":"wp","href":"https:\/\/api.w.org\/{rel}","templated":true}]}}