{"id":1141,"date":"2025-10-22T22:10:21","date_gmt":"2025-10-22T22:10:21","guid":{"rendered":"https:\/\/vetaustral.com.ar\/?post_type=product&#038;p=1141"},"modified":"2026-01-28T19:39:35","modified_gmt":"2026-01-28T19:39:35","slug":"clenpulmin-x-50-ml-chinfield","status":"publish","type":"product","link":"https:\/\/vetaustral.com.ar\/?product=clenpulmin-x-50-ml-chinfield","title":{"rendered":"Clenpulmin x 50 ml &#8211; Chinfield"},"content":{"rendered":"<p>Contiene 1 frasco ampolla de 50 ml.<\/p>\n<ul>\n<li>Broncodilatador<\/li>\n<\/ul>\n<h3 class=\"wp-block-heading\">F\u00f3rmula:<\/h3>\n<p>Clenbuterol \u2026\u2026\u2026\u2026\u2026\u2026\u2026\u2026\u2026\u2026\u2026\u2026\u2026\u2026\u2026\u2026\u2026.. 3,2 mg<br \/>\nAgentes de formulaci\u00f3n c.s.p. \u2026\u2026\u2026\u2026\u2026\u2026.. 100 ml<\/p>\n<h3 class=\"wp-block-heading\">Beneficios:<\/h3>\n<p>La acci\u00f3n broncodilatadora del clorhidrato de clenbuterol hace de <strong>CLENPULMIN\u00ae<\/strong> un producto de elecci\u00f3n para el tratamiento de las enfermedades respiratorias con sintomatolog\u00eda bronco- espasm\u00f3dica y de todas aquellas donde la terapia con efecto broncoespasmol\u00edtico favorece su resoluci\u00f3n. Su actividad se manifiesta eficazmente tanto en enfermedades respiratorias agudas como cr\u00f3nicas, lo que permite su uso en terapia sintom\u00e1tica de urgencia o en tratamientos prolongados.<\/p>\n<h3 class=\"wp-block-heading\">Indicaciones:<\/h3>\n<p>Broncoespasmo. Bronquitis. Bronquiolitis. Enfermedad obstructiva pulmonar cr\u00f3nica. Alergias respiratorias de distintos or\u00edgenes. Como coadyuvante del tratamiento antibi\u00f3tico de las infecciones broncopulmonares y hemorragia pulmonar inducida por el ejercicio (HPIE).<\/p>\n<h3 class=\"wp-block-heading\">Especies de destino:<\/h3>\n<p><strong>Equinos deportivos<\/strong> y de trabajo no destinados al consumo alimentario humano.<\/p>\n<p>Chinfield<\/p>\n","protected":false},"excerpt":{"rendered":"<p>Contiene 1 frasco ampolla de 50 ml. Broncodilatador F\u00f3rmula: Clenbuterol \u2026\u2026\u2026\u2026\u2026\u2026\u2026\u2026\u2026\u2026\u2026\u2026\u2026\u2026\u2026\u2026\u2026.. 3,2 mg Agentes de formulaci\u00f3n c.s.p. \u2026\u2026\u2026\u2026\u2026\u2026.. 100 ml Beneficios: La acci\u00f3n broncodilatadora del clorhidrato de clenbuterol hace de CLENPULMIN\u00ae un producto de elecci\u00f3n para el tratamiento de las enfermedades respiratorias con sintomatolog\u00eda bronco- espasm\u00f3dica y de todas aquellas donde la terapia con efecto &#8230; <a title=\"Clenpulmin x 50 ml &#8211; Chinfield\" class=\"read-more\" href=\"https:\/\/vetaustral.com.ar\/?product=clenpulmin-x-50-ml-chinfield\" aria-label=\"Leer m\u00e1s sobre Clenpulmin x 50 ml &#8211; Chinfield\">Leer m\u00e1s<\/a><\/p>\n","protected":false},"featured_media":1142,"comment_status":"open","ping_status":"closed","template":"","meta":[],"product_brand":[114],"product_cat":[33,32],"product_tag":[131,61],"class_list":{"0":"post-1141","1":"product","2":"type-product","3":"status-publish","4":"has-post-thumbnail","6":"product_brand-chinfield","7":"product_cat-equinos","8":"product_cat-farmacia","9":"product_tag-broncodilatador","10":"product_tag-equinos-deportivos","11":"sales-flash-overlay","12":"woocommerce-text-align-center","13":"woocommerce-image-align-center","14":"do-quantity-buttons","16":"first","17":"instock","18":"taxable","19":"shipping-taxable","20":"purchasable","21":"product-type-simple"},"jetpack_sharing_enabled":true,"_links":{"self":[{"href":"https:\/\/vetaustral.com.ar\/index.php?rest_route=\/wp\/v2\/product\/1141","targetHints":{"allow":["GET"]}}],"collection":[{"href":"https:\/\/vetaustral.com.ar\/index.php?rest_route=\/wp\/v2\/product"}],"about":[{"href":"https:\/\/vetaustral.com.ar\/index.php?rest_route=\/wp\/v2\/types\/product"}],"replies":[{"embeddable":true,"href":"https:\/\/vetaustral.com.ar\/index.php?rest_route=%2Fwp%2Fv2%2Fcomments&post=1141"}],"wp:featuredmedia":[{"embeddable":true,"href":"https:\/\/vetaustral.com.ar\/index.php?rest_route=\/wp\/v2\/media\/1142"}],"wp:attachment":[{"href":"https:\/\/vetaustral.com.ar\/index.php?rest_route=%2Fwp%2Fv2%2Fmedia&parent=1141"}],"wp:term":[{"taxonomy":"product_brand","embeddable":true,"href":"https:\/\/vetaustral.com.ar\/index.php?rest_route=%2Fwp%2Fv2%2Fproduct_brand&post=1141"},{"taxonomy":"product_cat","embeddable":true,"href":"https:\/\/vetaustral.com.ar\/index.php?rest_route=%2Fwp%2Fv2%2Fproduct_cat&post=1141"},{"taxonomy":"product_tag","embeddable":true,"href":"https:\/\/vetaustral.com.ar\/index.php?rest_route=%2Fwp%2Fv2%2Fproduct_tag&post=1141"}],"curies":[{"name":"wp","href":"https:\/\/api.w.org\/{rel}","templated":true}]}}