{"id":1128,"date":"2025-10-21T21:45:22","date_gmt":"2025-10-21T21:45:22","guid":{"rendered":"https:\/\/vetaustral.com.ar\/?post_type=product&#038;p=1128"},"modified":"2026-01-28T19:31:02","modified_gmt":"2026-01-28T19:31:02","slug":"nabolic-strog-pets-x-10-ml-chinfield","status":"publish","type":"product","link":"https:\/\/vetaustral.com.ar\/?product=nabolic-strog-pets-x-10-ml-chinfield","title":{"rendered":"Nabolic strog pet\u00b4s x 10 ml &#8211; Chinfield"},"content":{"rendered":"<p>Contiene 1 frasco ampolla de 10 ml.<\/p>\n<ul>\n<li>Anab\u00f3lico inyectable de alta concentraci\u00f3n<\/li>\n<\/ul>\n<h3 class=\"wp-block-heading\">F\u00f3rmula:<\/h3>\n<p>Estanozolol micronizado \u2026\u2026\u2026\u2026\u2026\u2026\u2026\u2026\u2026\u2026\u2026\u2026 5 g<br \/>\nAgentes de formulaci\u00f3n c.s.p. \u2026\u2026\u2026\u2026\u2026\u2026.. 100 ml<\/p>\n<h3 class=\"wp-block-heading\">Beneficios:<\/h3>\n<p>Tiene un pronunciado efecto de estimulaci\u00f3n del metabolismo. La droga incrementa la retenci\u00f3n de nitr\u00f3geno y minerales y una mejor utilizaci\u00f3n de la dieta proteica.<br \/>\nSe ha comprobado una disminuci\u00f3n del nitr\u00f3geno excretado con la orina, lo que indica un incremento de la s\u00edntesis proteica que da como resultado un mayor desarrollo muscular.<br \/>\nAsimismo estimula la formaci\u00f3n de tejido \u00f3seo. El resultado conjunto se traduce en un notable mejoramiento del aspecto general y condiciones del animal sin excitar el sistema nervioso central, logr\u00e1ndose resultados altamente satisfactorios. La forma de microcristales del estanozolol prolonga su actividad una vez administrado. Su principio activo se caracteriza por una muy elevada capacidad anab\u00f3lica y la m\u00e1s baja capacidad androg\u00e9nica de todos los anab\u00f3licos esteroides.<\/p>\n<h3 class=\"wp-block-heading\">Indicaciones:<\/h3>\n<p><strong>NABOLIC STRONG PET\u2019S<\/strong> est\u00e1 indicado cuando el objetivo de la terap\u00e9utica es incrementar el apetito, promover la ganancia de peso e incrementar la potencia y la vitalidad.<br \/>\nEn animales debilitados con condiciones f\u00edsicas disminuidas, casos de geriatr\u00eda, osteoporosis, para acelerar la recuperaci\u00f3n en casos de cirug\u00eda, injurias traum\u00e1ticas, distrofias musculares, afecciones ortop\u00e9dicas, reparaci\u00f3n de fracturas y deficiencias \u00f3seas en general. En la recuperaci\u00f3n de animales con anemias cr\u00f3nicas, especialmente las apl\u00e1sicas, por producci\u00f3n de eritropoyetina tanto renal como extrarrenal.<\/p>\n<p>Chinfield<\/p>\n","protected":false},"excerpt":{"rendered":"<p>Contiene 1 frasco ampolla de 10 ml. Anab\u00f3lico inyectable de alta concentraci\u00f3n F\u00f3rmula: Estanozolol micronizado \u2026\u2026\u2026\u2026\u2026\u2026\u2026\u2026\u2026\u2026\u2026\u2026 5 g Agentes de formulaci\u00f3n c.s.p. \u2026\u2026\u2026\u2026\u2026\u2026.. 100 ml Beneficios: Tiene un pronunciado efecto de estimulaci\u00f3n del metabolismo. La droga incrementa la retenci\u00f3n de nitr\u00f3geno y minerales y una mejor utilizaci\u00f3n de la dieta proteica. Se ha comprobado una &#8230; <a title=\"Nabolic strog pet\u00b4s x 10 ml &#8211; Chinfield\" class=\"read-more\" href=\"https:\/\/vetaustral.com.ar\/?product=nabolic-strog-pets-x-10-ml-chinfield\" aria-label=\"Leer m\u00e1s sobre Nabolic strog pet\u00b4s x 10 ml &#8211; Chinfield\">Leer m\u00e1s<\/a><\/p>\n","protected":false},"featured_media":1129,"comment_status":"open","ping_status":"closed","template":"","meta":[],"product_brand":[114],"product_cat":[36,33,32],"product_tag":[128,61],"class_list":{"0":"post-1128","1":"product","2":"type-product","3":"status-publish","4":"has-post-thumbnail","6":"product_brand-chinfield","7":"product_cat-animales-de-compania","8":"product_cat-equinos","9":"product_cat-farmacia","10":"product_tag-anabolico","11":"product_tag-equinos-deportivos","12":"sales-flash-overlay","13":"woocommerce-text-align-center","14":"woocommerce-image-align-center","15":"do-quantity-buttons","17":"first","18":"instock","19":"taxable","20":"shipping-taxable","21":"purchasable","22":"product-type-simple"},"jetpack_sharing_enabled":true,"_links":{"self":[{"href":"https:\/\/vetaustral.com.ar\/index.php?rest_route=\/wp\/v2\/product\/1128","targetHints":{"allow":["GET"]}}],"collection":[{"href":"https:\/\/vetaustral.com.ar\/index.php?rest_route=\/wp\/v2\/product"}],"about":[{"href":"https:\/\/vetaustral.com.ar\/index.php?rest_route=\/wp\/v2\/types\/product"}],"replies":[{"embeddable":true,"href":"https:\/\/vetaustral.com.ar\/index.php?rest_route=%2Fwp%2Fv2%2Fcomments&post=1128"}],"wp:featuredmedia":[{"embeddable":true,"href":"https:\/\/vetaustral.com.ar\/index.php?rest_route=\/wp\/v2\/media\/1129"}],"wp:attachment":[{"href":"https:\/\/vetaustral.com.ar\/index.php?rest_route=%2Fwp%2Fv2%2Fmedia&parent=1128"}],"wp:term":[{"taxonomy":"product_brand","embeddable":true,"href":"https:\/\/vetaustral.com.ar\/index.php?rest_route=%2Fwp%2Fv2%2Fproduct_brand&post=1128"},{"taxonomy":"product_cat","embeddable":true,"href":"https:\/\/vetaustral.com.ar\/index.php?rest_route=%2Fwp%2Fv2%2Fproduct_cat&post=1128"},{"taxonomy":"product_tag","embeddable":true,"href":"https:\/\/vetaustral.com.ar\/index.php?rest_route=%2Fwp%2Fv2%2Fproduct_tag&post=1128"}],"curies":[{"name":"wp","href":"https:\/\/api.w.org\/{rel}","templated":true}]}}