{"id":1107,"date":"2025-10-21T19:44:47","date_gmt":"2025-10-21T19:44:47","guid":{"rendered":"https:\/\/vetaustral.com.ar\/?post_type=product&#038;p=1107"},"modified":"2026-01-28T19:16:15","modified_gmt":"2026-01-28T19:16:15","slug":"antilis-x-10-ml-chinfield","status":"publish","type":"product","link":"https:\/\/vetaustral.com.ar\/?product=antilis-x-10-ml-chinfield","title":{"rendered":"Antilis x 10 ml &#8211; Chinfield"},"content":{"rendered":"<p>Contiene 1 frasco ampolla de 10 ml.<\/p>\n<ul>\n<li>R\u00e1pida y potente acci\u00f3n espasmol\u00edtica<\/li>\n<\/ul>\n<h2 class=\"wp-block-heading\">F\u00f3rmula:<\/h2>\n<p class=\"has-text-align-left\">N- Butilbromuro de Hioscina\u2026\u2026\u2026\u2026\u2026\u2026\u20261 g<br \/>\nPapaverina Clorhidrato\u2026\u2026\u2026\u2026\u2026\u2026\u2026\u2026\u2026\u20261 g<br \/>\nDipirona s\u00f3dica monohidrato\u2026\u2026\u2026..\u2026\u2026\u2026.25 g<br \/>\nAgentes de formulaci\u00f3n c.s.p\u2026\u2026\u2026\u2026\u2026\u2026\u2026.100 ml<\/p>\n<h3 class=\"wp-block-heading\">Beneficios:<\/h3>\n<p><strong>ANTILIS<\/strong>\u00a0es una medicaci\u00f3n de potente y efectiva acci\u00f3n espasmol\u00edtica, miorrelajante y analg\u00e9sica, especialmente adaptada para el equino deportivo, cuya acci\u00f3n se centra en las estructuras anat\u00f3micas de fibra lisa inervadas por el sistema neurovegetativo: tracto gastroent\u00e9rico, col\u00e9doco, v\u00edas urinarias, \u00fatero. Con su administraci\u00f3n, los c\u00f3licos espasm\u00f3dicos ceden r\u00e1pidamente y por lo general en forma total y definitiva, con la pronta recuperaci\u00f3n del animal. Com\u00fanmente, este resultado se logra con la primera dosis, aunque si es necesario, puede repetirse el tratamiento una o dos horas despu\u00e9s de la primera administraci\u00f3n.<\/p>\n<h3 class=\"wp-block-heading\">Indicaciones:<\/h3>\n<p>C\u00f3licos espasm\u00f3dicos gastrointestinales. Espasmos de las v\u00edas urinarias (litiasis renal). C\u00f3licos post-quir\u00fargicos. Espasmos cervicales o uterinos. Partos dist\u00f3cicos. Algias de los \u00f3rganos de fibra lisa.<\/p>\n<h3 class=\"wp-block-heading\">Especies de destino:<\/h3>\n<p><strong>Equinos deportivos<\/strong> y de trabajo no destinados al consumo alimentario<br \/>\nhumano.<\/p>\n<p>Chinfield<\/p>\n","protected":false},"excerpt":{"rendered":"<p>Contiene 1 frasco ampolla de 10 ml. R\u00e1pida y potente acci\u00f3n espasmol\u00edtica F\u00f3rmula: N- Butilbromuro de Hioscina\u2026\u2026\u2026\u2026\u2026\u2026\u20261 g Papaverina Clorhidrato\u2026\u2026\u2026\u2026\u2026\u2026\u2026\u2026\u2026\u20261 g Dipirona s\u00f3dica monohidrato\u2026\u2026\u2026..\u2026\u2026\u2026.25 g Agentes de formulaci\u00f3n c.s.p\u2026\u2026\u2026\u2026\u2026\u2026\u2026.100 ml Beneficios: ANTILIS\u00a0es una medicaci\u00f3n de potente y efectiva acci\u00f3n espasmol\u00edtica, miorrelajante y analg\u00e9sica, especialmente adaptada para el equino deportivo, cuya acci\u00f3n se centra en las &#8230; <a title=\"Antilis x 10 ml &#8211; Chinfield\" class=\"read-more\" href=\"https:\/\/vetaustral.com.ar\/?product=antilis-x-10-ml-chinfield\" aria-label=\"Leer m\u00e1s sobre Antilis x 10 ml &#8211; Chinfield\">Leer m\u00e1s<\/a><\/p>\n","protected":false},"featured_media":1108,"comment_status":"open","ping_status":"closed","template":"","meta":[],"product_brand":[114],"product_cat":[33,32],"product_tag":[120,121,58,61],"class_list":{"0":"post-1107","1":"product","2":"type-product","3":"status-publish","4":"has-post-thumbnail","6":"product_brand-chinfield","7":"product_cat-equinos","8":"product_cat-farmacia","9":"product_tag-antiespasmodico","10":"product_tag-colicos","11":"product_tag-equinos","12":"product_tag-equinos-deportivos","13":"sales-flash-overlay","14":"woocommerce-text-align-center","15":"woocommerce-image-align-center","16":"do-quantity-buttons","18":"first","19":"instock","20":"taxable","21":"shipping-taxable","22":"purchasable","23":"product-type-simple"},"jetpack_sharing_enabled":true,"_links":{"self":[{"href":"https:\/\/vetaustral.com.ar\/index.php?rest_route=\/wp\/v2\/product\/1107","targetHints":{"allow":["GET"]}}],"collection":[{"href":"https:\/\/vetaustral.com.ar\/index.php?rest_route=\/wp\/v2\/product"}],"about":[{"href":"https:\/\/vetaustral.com.ar\/index.php?rest_route=\/wp\/v2\/types\/product"}],"replies":[{"embeddable":true,"href":"https:\/\/vetaustral.com.ar\/index.php?rest_route=%2Fwp%2Fv2%2Fcomments&post=1107"}],"wp:featuredmedia":[{"embeddable":true,"href":"https:\/\/vetaustral.com.ar\/index.php?rest_route=\/wp\/v2\/media\/1108"}],"wp:attachment":[{"href":"https:\/\/vetaustral.com.ar\/index.php?rest_route=%2Fwp%2Fv2%2Fmedia&parent=1107"}],"wp:term":[{"taxonomy":"product_brand","embeddable":true,"href":"https:\/\/vetaustral.com.ar\/index.php?rest_route=%2Fwp%2Fv2%2Fproduct_brand&post=1107"},{"taxonomy":"product_cat","embeddable":true,"href":"https:\/\/vetaustral.com.ar\/index.php?rest_route=%2Fwp%2Fv2%2Fproduct_cat&post=1107"},{"taxonomy":"product_tag","embeddable":true,"href":"https:\/\/vetaustral.com.ar\/index.php?rest_route=%2Fwp%2Fv2%2Fproduct_tag&post=1107"}],"curies":[{"name":"wp","href":"https:\/\/api.w.org\/{rel}","templated":true}]}}