{"id":1091,"date":"2025-10-20T20:15:27","date_gmt":"2025-10-20T20:15:27","guid":{"rendered":"https:\/\/vetaustral.com.ar\/?post_type=product&#038;p=1091"},"modified":"2026-03-02T13:19:51","modified_gmt":"2026-03-02T13:19:51","slug":"methiovertan-x-100-ml-brouwer","status":"publish","type":"product","link":"https:\/\/vetaustral.com.ar\/?product=methiovertan-x-100-ml-brouwer","title":{"rendered":"Methiovertan x 100 ml &#8211; Brouwer"},"content":{"rendered":"<p>Contiene 1 frasco ampolla de 100 ml.<\/p>\n<ul>\n<li>Medicamento para el aparato digestivo \/ hepatoprotector\/ Intoxicaciones end\u00f3genas o ex\u00f3genas<\/li>\n<li>Para <strong>equinos, bovinos y caninos<\/strong>.<\/li>\n<li>Soluci\u00f3n inyectable est\u00e9ril.<\/li>\n<\/ul>\n<dl class=\"col-xs-12 p0 mbottom20\">\n<dt class=\"formula active\">F\u00f3rmula<\/dt>\n<dd class=\"cont conformula active\">Sorbitol \u2026\u2026\u2026\u2026\u2026\u2026\u2026\u2026\u2026\u2026\u2026\u2026\u2026\u2026. 21,0 g<br \/>\nMetionina \u2026\u2026\u2026\u2026\u2026\u2026\u2026\u2026\u2026\u2026\u2026\u2026\u2026\u2026 1,5 g<br \/>\nAcetil metionina \u2026\u2026\u2026\u2026\u2026\u2026\u2026\u2026\u2026\u2026\u2026. 4,5 g<br \/>\n\u00c9ster fosf\u00f3rico de fosfato de tiamina \u2026\u2026 0,3 g<br \/>\nAgentes de formulaci\u00f3n c.s.p. \u2026\u2026\u2026\u2026.. 100,0 ml<\/dd>\n<\/dl>\n<dl class=\"col-xs-12 p0 mbottom20\">\n<dt class=\"indicaciones active\">Indicaciones<\/dt>\n<dd class=\"cont conindicaciones active\">\n<ul>\n<li>Para el tratamiento de afecciones de las v\u00edas hep\u00e1ticas, hepatitis, hemoglobinuria parox\u00edstica, acetonemia, intoxicaciones end\u00f3genas o ex\u00f3genas.<\/li>\n<li>Es especialmente recomendable en las mialgias (dolores musculares) del caballo deportivo producidas por microlesiones que se observan durante el entrenamiento y que son originados por trastornos metab\u00f3licos<\/li>\n<li>Mejor adaptaci\u00f3n al periodo de transici\u00f3n comprendido entre tres semanas antes y tres semanas despu\u00e9s del parto en vacas lecheras, con menor movilizaci\u00f3n de reservas corporales<\/li>\n<li>En el perro se puede usar como coadyuvante en el tratamiento de afecciones hep\u00e1ticas en las alteraciones musculares por cansancio y en algunos casos de insuficiencia card\u00edaca congestiva (ICC) por deficiencia de tiamina.<\/li>\n<\/ul>\n<\/dd>\n<\/dl>\n<p>Brouwer<\/p>\n","protected":false},"excerpt":{"rendered":"<p>Contiene 1 frasco ampolla de 100 ml. Medicamento para el aparato digestivo \/ hepatoprotector\/ Intoxicaciones end\u00f3genas o ex\u00f3genas Para equinos, bovinos y caninos. Soluci\u00f3n inyectable est\u00e9ril. F\u00f3rmula Sorbitol \u2026\u2026\u2026\u2026\u2026\u2026\u2026\u2026\u2026\u2026\u2026\u2026\u2026\u2026. 21,0 g Metionina \u2026\u2026\u2026\u2026\u2026\u2026\u2026\u2026\u2026\u2026\u2026\u2026\u2026\u2026 1,5 g Acetil metionina \u2026\u2026\u2026\u2026\u2026\u2026\u2026\u2026\u2026\u2026\u2026. 4,5 g \u00c9ster fosf\u00f3rico de fosfato de tiamina \u2026\u2026 0,3 g Agentes de formulaci\u00f3n c.s.p. \u2026\u2026\u2026\u2026.. 100,0 &#8230; <a title=\"Methiovertan x 100 ml &#8211; Brouwer\" class=\"read-more\" href=\"https:\/\/vetaustral.com.ar\/?product=methiovertan-x-100-ml-brouwer\" aria-label=\"Leer m\u00e1s sobre Methiovertan x 100 ml &#8211; Brouwer\">Leer m\u00e1s<\/a><\/p>\n","protected":false},"featured_media":1092,"comment_status":"open","ping_status":"closed","template":"","meta":[],"product_brand":[72],"product_cat":[36,33,32,52],"product_tag":[61,113],"class_list":{"0":"post-1091","1":"product","2":"type-product","3":"status-publish","4":"has-post-thumbnail","6":"product_brand-brouwer","7":"product_cat-animales-de-compania","8":"product_cat-equinos","9":"product_cat-farmacia","10":"product_cat-grandes-animales","11":"product_tag-equinos-deportivos","12":"product_tag-hepatoprotector","13":"sales-flash-overlay","14":"woocommerce-text-align-center","15":"woocommerce-image-align-center","16":"do-quantity-buttons","18":"first","19":"instock","20":"taxable","21":"shipping-taxable","22":"purchasable","23":"product-type-simple"},"jetpack_sharing_enabled":true,"_links":{"self":[{"href":"https:\/\/vetaustral.com.ar\/index.php?rest_route=\/wp\/v2\/product\/1091","targetHints":{"allow":["GET"]}}],"collection":[{"href":"https:\/\/vetaustral.com.ar\/index.php?rest_route=\/wp\/v2\/product"}],"about":[{"href":"https:\/\/vetaustral.com.ar\/index.php?rest_route=\/wp\/v2\/types\/product"}],"replies":[{"embeddable":true,"href":"https:\/\/vetaustral.com.ar\/index.php?rest_route=%2Fwp%2Fv2%2Fcomments&post=1091"}],"wp:featuredmedia":[{"embeddable":true,"href":"https:\/\/vetaustral.com.ar\/index.php?rest_route=\/wp\/v2\/media\/1092"}],"wp:attachment":[{"href":"https:\/\/vetaustral.com.ar\/index.php?rest_route=%2Fwp%2Fv2%2Fmedia&parent=1091"}],"wp:term":[{"taxonomy":"product_brand","embeddable":true,"href":"https:\/\/vetaustral.com.ar\/index.php?rest_route=%2Fwp%2Fv2%2Fproduct_brand&post=1091"},{"taxonomy":"product_cat","embeddable":true,"href":"https:\/\/vetaustral.com.ar\/index.php?rest_route=%2Fwp%2Fv2%2Fproduct_cat&post=1091"},{"taxonomy":"product_tag","embeddable":true,"href":"https:\/\/vetaustral.com.ar\/index.php?rest_route=%2Fwp%2Fv2%2Fproduct_tag&post=1091"}],"curies":[{"name":"wp","href":"https:\/\/api.w.org\/{rel}","templated":true}]}}