{"id":1089,"date":"2025-10-20T20:10:50","date_gmt":"2025-10-20T20:10:50","guid":{"rendered":"https:\/\/vetaustral.com.ar\/?post_type=product&#038;p=1089"},"modified":"2026-03-02T13:20:14","modified_gmt":"2026-03-02T13:20:14","slug":"meltra-endectocida-315-x-500-ml-brouwer","status":"publish","type":"product","link":"https:\/\/vetaustral.com.ar\/?product=meltra-endectocida-315-x-500-ml-brouwer","title":{"rendered":"Meltra endectocida 3,15% x 500 ml &#8211; Brouwer"},"content":{"rendered":"<p>Frasco ampolla con 500 mL.<\/p>\n<ul>\n<li>Antiparasitario externo e interno.<\/li>\n<li>Para<strong> bovinos y ovinos<\/strong>.<\/li>\n<li>Soluci\u00f3n inyectable est\u00e9ril.<\/li>\n<\/ul>\n<dl class=\"col-xs-12 p0 mbottom20\">\n<dt class=\"formula active\">F\u00f3rmula<\/dt>\n<dd class=\"cont conformula active\">Ivermectina \u2026\u2026\u2026\u2026\u2026\u2026\u2026. 3,15 g<br \/>\nExcipientes c.s.p. \u2026\u2026\u2026\u2026\u2026 100 mL<\/dd>\n<\/dl>\n<dl class=\"col-xs-12 p0 mbottom20\">\n<dt class=\"indicaciones active\">Indicaciones<\/dt>\n<dd class=\"cont conindicaciones active\">Acci\u00f3n antiparasitaria en bovinos:<\/p>\n<ul>\n<li>Par\u00e1sitos gastrointestinales: \u00a0<em>Ostertagia ostertagi<\/em>: adultos, L3, L4 (incluyendo estados inhibidos de\u00a0<em>Ostertagia spp<\/em>),\u00a0<em>Ostertagia lyrata<\/em>: adultos y L4,\u00a0<em>Haemonchus placei:<\/em>\u00a0adultos L3 y L4,\u00a0<em>Trichostrongylus axei<\/em>: adultos y L4,\u00a0<em>T. colubriformis<\/em>: adultos y L4,\u00a0<em>Cooperia oncophora:<\/em>\u00a0adultos y L4,\u00a0<em>C. pectinata<\/em>: adultos, L4,\u00a0<em>C. puntacta<\/em>: adultos L4,\u00a0<em>Capillaria bovis<\/em>: adultos y L4,<em>\u00a0Oesophagostomum radiatum:<\/em>\u00a0adultos, L3 y L4,\u00a0<em>Nematodirus helvetianus:<\/em>\u00a0adultos,<em>\u00a0N. spathiger:<\/em>\u00a0adultos,\u00a0<em>Strongyloides papillosus:<\/em>\u00a0adultos,\u00a0<em>Bunostomum phlebotomum<\/em>: adultos, L3 y L4,\u00a0<em>Toxocara vitolorum:<\/em>\u00a0adultos.<\/li>\n<li>Par\u00e1sitos pulmonares:\u00a0<em>Dictyocaulus viviparus<\/em>: adultos, L4 y estados inhibidos.<\/li>\n<li>Ura (T\u00f3rsalo, Nuche, Berne):\u00a0<em>Dermatobia hominis, Hipoderma bovis.<\/em><\/li>\n<li>Piojos:\u00a0<em>Linognathus vituli, Haematopinus eurysternus, Solenopotes capillatus<\/em>.<\/li>\n<li>\u00c1caros de la sarna:\u00a0<em>Psoroptes ovis<\/em>\u00a0(sin.\u00a0<em>P. comunis variedad bovis); Sarcoptes scabiei var. bovis.<\/em>\u00a0Ayuda en el control del\u00a0<em>Chorioptes Boris.<\/em><\/li>\n<li>Garrapatas:\u00a0Garrapata com\u00fan del ganado bovino (<em>Boophilus microplus).<\/em><\/li>\n<li>Miasis:\u00a0Ayuda en el control de\u00a0<em>Cochliomya hominivorax<\/em>.<\/li>\n<\/ul>\n<p>Acci\u00f3n antiparasitaria en ovinos:<\/p>\n<ul>\n<li>Par\u00e1sitos gastrointestinales:\u00a0<em>Teladorsagia circumcincta<\/em>: adultos, L3, L4;\u00a0<em>Haemonchus contortus<\/em>: adultos L3 y L4 (incluyendo larvas inhibidas);\u00a0<em>Trichostrongylus axei<\/em>: adultos y L4;\u00a0<em>T. colubriformis<\/em>: adultos y L4;\u00a0<em>Cooperia oncophora<\/em>: adultos y L4;\u00a0<em>Oesophagostomum spp<\/em>.: adultos, L3 y L4;\u00a0<em>Nematodirus spathiger:<\/em>\u00a0adultos y L4;\u00a0<em>Strongyloides papillosus<\/em>: adultos y L4;\u00a0<em>Chabertia ovina<\/em>: adultos y L4;\u00a0<em>Trichuris ovis<\/em>: adultos y L4;<em>\u00a0Gaigeria pachyscelis<\/em>: adultos y L4.<\/li>\n<li>Par\u00e1sitos pulmonares:\u00a0<em>Dictyocaulus filaria<\/em>: adultos y L4<\/li>\n<li>Mel\u00f3fagos (Falsa garrapata del lanar, KED):\u00a0<em>Melophagus ovinus.<\/em><\/li>\n<li>Miasis:\u00a0<em>Oestrus ovis.<\/em><\/li>\n<\/ul>\n<\/dd>\n<\/dl>\n<p>Brouwer<\/p>\n","protected":false},"excerpt":{"rendered":"<p>Frasco ampolla con 500 mL. Antiparasitario externo e interno. Para bovinos y ovinos. Soluci\u00f3n inyectable est\u00e9ril. F\u00f3rmula Ivermectina \u2026\u2026\u2026\u2026\u2026\u2026\u2026. 3,15 g Excipientes c.s.p. \u2026\u2026\u2026\u2026\u2026 100 mL Indicaciones Acci\u00f3n antiparasitaria en bovinos: Par\u00e1sitos gastrointestinales: \u00a0Ostertagia ostertagi: adultos, L3, L4 (incluyendo estados inhibidos de\u00a0Ostertagia spp),\u00a0Ostertagia lyrata: adultos y L4,\u00a0Haemonchus placei:\u00a0adultos L3 y L4,\u00a0Trichostrongylus axei: adultos y L4,\u00a0T. &#8230; <a title=\"Meltra endectocida 3,15% x 500 ml &#8211; Brouwer\" class=\"read-more\" href=\"https:\/\/vetaustral.com.ar\/?product=meltra-endectocida-315-x-500-ml-brouwer\" aria-label=\"Leer m\u00e1s sobre Meltra endectocida 3,15% x 500 ml &#8211; Brouwer\">Leer m\u00e1s<\/a><\/p>\n","protected":false},"featured_media":1090,"comment_status":"open","ping_status":"closed","template":"","meta":[],"product_brand":[72],"product_cat":[32,52],"product_tag":[106,65,71,66,70,105],"class_list":{"0":"post-1089","1":"product","2":"type-product","3":"status-publish","4":"has-post-thumbnail","6":"product_brand-brouwer","7":"product_cat-farmacia","8":"product_cat-grandes-animales","9":"product_tag-acaricida","10":"product_tag-antiparasitario-externo","11":"product_tag-antiparasitario-interno","12":"product_tag-antisarnico","13":"product_tag-garrapaticida","14":"product_tag-piojicida","15":"sales-flash-overlay","16":"woocommerce-text-align-center","17":"woocommerce-image-align-center","18":"do-quantity-buttons","20":"first","21":"instock","22":"taxable","23":"shipping-taxable","24":"purchasable","25":"product-type-simple"},"jetpack_sharing_enabled":true,"_links":{"self":[{"href":"https:\/\/vetaustral.com.ar\/index.php?rest_route=\/wp\/v2\/product\/1089","targetHints":{"allow":["GET"]}}],"collection":[{"href":"https:\/\/vetaustral.com.ar\/index.php?rest_route=\/wp\/v2\/product"}],"about":[{"href":"https:\/\/vetaustral.com.ar\/index.php?rest_route=\/wp\/v2\/types\/product"}],"replies":[{"embeddable":true,"href":"https:\/\/vetaustral.com.ar\/index.php?rest_route=%2Fwp%2Fv2%2Fcomments&post=1089"}],"wp:featuredmedia":[{"embeddable":true,"href":"https:\/\/vetaustral.com.ar\/index.php?rest_route=\/wp\/v2\/media\/1090"}],"wp:attachment":[{"href":"https:\/\/vetaustral.com.ar\/index.php?rest_route=%2Fwp%2Fv2%2Fmedia&parent=1089"}],"wp:term":[{"taxonomy":"product_brand","embeddable":true,"href":"https:\/\/vetaustral.com.ar\/index.php?rest_route=%2Fwp%2Fv2%2Fproduct_brand&post=1089"},{"taxonomy":"product_cat","embeddable":true,"href":"https:\/\/vetaustral.com.ar\/index.php?rest_route=%2Fwp%2Fv2%2Fproduct_cat&post=1089"},{"taxonomy":"product_tag","embeddable":true,"href":"https:\/\/vetaustral.com.ar\/index.php?rest_route=%2Fwp%2Fv2%2Fproduct_tag&post=1089"}],"curies":[{"name":"wp","href":"https:\/\/api.w.org\/{rel}","templated":true}]}}