{"id":1080,"date":"2025-10-20T19:45:53","date_gmt":"2025-10-20T19:45:53","guid":{"rendered":"https:\/\/vetaustral.com.ar\/?post_type=product&#038;p=1080"},"modified":"2026-03-02T13:21:24","modified_gmt":"2026-03-02T13:21:24","slug":"tipertox-x-145-ml-brouwer","status":"publish","type":"product","link":"https:\/\/vetaustral.com.ar\/?product=tipertox-x-145-ml-brouwer","title":{"rendered":"Tipertox x 145 ml &#8211; Brouwer"},"content":{"rendered":"<p>Envase con 145 mL.<\/p>\n<ul>\n<li>Antis\u00e1rnico, piojicida y mosquicida.<\/li>\n<li>Para <strong>bovinos, equinos, mulares y porcinos<\/strong>.<\/li>\n<li>L\u00edquido emulsionable.<\/li>\n<\/ul>\n<dl class=\"col-xs-12 p0 mbottom20\">\n<dt class=\"formula active\">F\u00f3rmula<\/dt>\n<dd class=\"cont conformula active\">Cipermetrina \u2026\u2026\u2026\u2026\u2026\u2026\u2026. 5,6 g<br \/>\nDiazin\u00f3n \u2026\u2026\u2026\u2026\u2026\u2026\u2026\u2026\u2026.. 56 g<br \/>\nExcipientes c.s.p. \u2026\u2026\u2026\u2026\u2026 100 mL<\/dd>\n<\/dl>\n<p>Tipertox est\u00e1 indicado como antis\u00e1rnico, piojicida para bovinos, equinos y porcinos. Controla la Mosca del cuerno de los bovinos. Control<br \/>\nde moscas spp. y otros insectos sobre las instalaciones relacionadas con las especies mencionadas.<\/p>\n<p>Dosificaci\u00f3n<br \/>\nAntis\u00e1rnico, mosca del cuerno, control de moscas spp y otros insectos: 145 mL en 200 L de agua. Piojicida:<br \/>\n145 mL en 400 L de agua.<\/p>\n<p><em><strong>VENENO<\/strong><\/em><\/p>\n<p>Brouwer<\/p>\n","protected":false},"excerpt":{"rendered":"<p>Envase con 145 mL. Antis\u00e1rnico, piojicida y mosquicida. Para bovinos, equinos, mulares y porcinos. L\u00edquido emulsionable. F\u00f3rmula Cipermetrina \u2026\u2026\u2026\u2026\u2026\u2026\u2026. 5,6 g Diazin\u00f3n \u2026\u2026\u2026\u2026\u2026\u2026\u2026\u2026\u2026.. 56 g Excipientes c.s.p. \u2026\u2026\u2026\u2026\u2026 100 mL Tipertox est\u00e1 indicado como antis\u00e1rnico, piojicida para bovinos, equinos y porcinos. Controla la Mosca del cuerno de los bovinos. Control de moscas spp. y otros &#8230; <a title=\"Tipertox x 145 ml &#8211; Brouwer\" class=\"read-more\" href=\"https:\/\/vetaustral.com.ar\/?product=tipertox-x-145-ml-brouwer\" aria-label=\"Leer m\u00e1s sobre Tipertox x 145 ml &#8211; Brouwer\">Leer m\u00e1s<\/a><\/p>\n","protected":false},"featured_media":1082,"comment_status":"open","ping_status":"closed","template":"","meta":[],"product_brand":[72],"product_cat":[218,33,32,52],"product_tag":[109,65,66,108,105,107,110],"class_list":{"0":"post-1080","1":"product","2":"type-product","3":"status-publish","4":"has-post-thumbnail","6":"product_brand-brouwer","7":"product_cat-ambientales","8":"product_cat-equinos","9":"product_cat-farmacia","10":"product_cat-grandes-animales","11":"product_tag-ambiental","12":"product_tag-antiparasitario-externo","13":"product_tag-antisarnico","14":"product_tag-insecticida","15":"product_tag-piojicida","16":"product_tag-repelente-de-insectos","17":"product_tag-veneno","18":"sales-flash-overlay","19":"woocommerce-text-align-center","20":"woocommerce-image-align-center","21":"do-quantity-buttons","23":"first","24":"instock","25":"taxable","26":"shipping-taxable","27":"purchasable","28":"product-type-simple"},"jetpack_sharing_enabled":true,"_links":{"self":[{"href":"https:\/\/vetaustral.com.ar\/index.php?rest_route=\/wp\/v2\/product\/1080","targetHints":{"allow":["GET"]}}],"collection":[{"href":"https:\/\/vetaustral.com.ar\/index.php?rest_route=\/wp\/v2\/product"}],"about":[{"href":"https:\/\/vetaustral.com.ar\/index.php?rest_route=\/wp\/v2\/types\/product"}],"replies":[{"embeddable":true,"href":"https:\/\/vetaustral.com.ar\/index.php?rest_route=%2Fwp%2Fv2%2Fcomments&post=1080"}],"wp:featuredmedia":[{"embeddable":true,"href":"https:\/\/vetaustral.com.ar\/index.php?rest_route=\/wp\/v2\/media\/1082"}],"wp:attachment":[{"href":"https:\/\/vetaustral.com.ar\/index.php?rest_route=%2Fwp%2Fv2%2Fmedia&parent=1080"}],"wp:term":[{"taxonomy":"product_brand","embeddable":true,"href":"https:\/\/vetaustral.com.ar\/index.php?rest_route=%2Fwp%2Fv2%2Fproduct_brand&post=1080"},{"taxonomy":"product_cat","embeddable":true,"href":"https:\/\/vetaustral.com.ar\/index.php?rest_route=%2Fwp%2Fv2%2Fproduct_cat&post=1080"},{"taxonomy":"product_tag","embeddable":true,"href":"https:\/\/vetaustral.com.ar\/index.php?rest_route=%2Fwp%2Fv2%2Fproduct_tag&post=1080"}],"curies":[{"name":"wp","href":"https:\/\/api.w.org\/{rel}","templated":true}]}}