{"id":1045,"date":"2025-10-17T20:15:41","date_gmt":"2025-10-17T20:15:41","guid":{"rendered":"https:\/\/vetaustral.com.ar\/?post_type=product&#038;p=1045"},"modified":"2026-03-02T13:27:48","modified_gmt":"2026-03-02T13:27:48","slug":"power-f-spray-x-250-ml-brouwer","status":"publish","type":"product","link":"https:\/\/vetaustral.com.ar\/?product=power-f-spray-x-250-ml-brouwer","title":{"rendered":"Power F spray x 250 ml &#8211; Brouwer"},"content":{"rendered":"<p>Contiene 1 envase con atomizador de 250 ml.<\/p>\n<ul>\n<li>Pulguicida y garrapaticida<\/li>\n<li>Para <strong>caninos y felinos<\/strong>.<\/li>\n<li>En spray.<\/li>\n<\/ul>\n<dl class=\"col-xs-12 p0 mbottom20\">\n<dt class=\"formula active\">F\u00f3rmula<\/dt>\n<dd class=\"cont conformula active\">Fipronil \u2026\u2026\u2026\u2026\u2026\u2026\u2026\u2026. 0,250 g<br \/>\nExcipientes csp. \u2026\u2026\u2026\u2026\u2026. 100 ml<\/dd>\n<\/dl>\n<p><strong>Power F spray<\/strong> esta indicado para la prevenci\u00f3n y tratamiento de las infestaciones por pulgas y garrapatas en caninos y pulgas en felinos.<br \/>\nPosee acci\u00f3n pulguicida sobre\u00a0<em>Ctenocephalides canis<\/em>\u00a0y\u00a0<em>Ctenocephalides felis<\/em>\u00a0y acci\u00f3n garrapaticida sobre\u00a0<em>Riphicephalus sangu\u00edneus.<\/em><\/p>\n<p>Modo de Uso<br \/>\nEl producto es de uso externo exclusivo. Aplicar el producto con el pelo seco y con un intervalo de dos a tres<br \/>\nd\u00edas desde el \u00faltimo ba\u00f1o, Distribuir la dosis en toda la superficie del animal, aplicando a contrapelo (de atr\u00e1s<br \/>\nhacia adelante) a fin de alcanzar la piel del animal Es conveniente que la aplicaci\u00f3n se haga con el animal<br \/>\nparado. Evitar el contacto con los ojos y la boca del animal.<br \/>\nDosis<br \/>\nCaninos y Felinos:<br \/>\nLa dosis del producto es de 7,5 mg\/kg de peso vivo equivalente a 3 ml de POWER F spray por kilo de peso,<br \/>\nequivalentes a 2 pulsaciones por kilo de peso.<\/p>\n<p>Brouwer<\/p>\n","protected":false},"excerpt":{"rendered":"<p>Contiene 1 envase con atomizador de 250 ml. Pulguicida y garrapaticida Para caninos y felinos. En spray. F\u00f3rmula Fipronil \u2026\u2026\u2026\u2026\u2026\u2026\u2026\u2026. 0,250 g Excipientes csp. \u2026\u2026\u2026\u2026\u2026. 100 ml Power F spray esta indicado para la prevenci\u00f3n y tratamiento de las infestaciones por pulgas y garrapatas en caninos y pulgas en felinos. Posee acci\u00f3n pulguicida sobre\u00a0Ctenocephalides canis\u00a0y\u00a0Ctenocephalides &#8230; <a title=\"Power F spray x 250 ml &#8211; Brouwer\" class=\"read-more\" href=\"https:\/\/vetaustral.com.ar\/?product=power-f-spray-x-250-ml-brouwer\" aria-label=\"Leer m\u00e1s sobre Power F spray x 250 ml &#8211; Brouwer\">Leer m\u00e1s<\/a><\/p>\n","protected":false},"featured_media":1046,"comment_status":"open","ping_status":"closed","template":"","meta":[],"product_brand":[72],"product_cat":[36,32],"product_tag":[65,95,70,69,94],"class_list":{"0":"post-1045","1":"product","2":"type-product","3":"status-publish","4":"has-post-thumbnail","6":"product_brand-brouwer","7":"product_cat-animales-de-compania","8":"product_cat-farmacia","9":"product_tag-antiparasitario-externo","10":"product_tag-fipronil","11":"product_tag-garrapaticida","12":"product_tag-pulguicida","13":"product_tag-spray","14":"sales-flash-overlay","15":"woocommerce-text-align-center","16":"woocommerce-image-align-center","17":"do-quantity-buttons","19":"first","20":"instock","21":"taxable","22":"shipping-taxable","23":"purchasable","24":"product-type-simple"},"jetpack_sharing_enabled":true,"_links":{"self":[{"href":"https:\/\/vetaustral.com.ar\/index.php?rest_route=\/wp\/v2\/product\/1045","targetHints":{"allow":["GET"]}}],"collection":[{"href":"https:\/\/vetaustral.com.ar\/index.php?rest_route=\/wp\/v2\/product"}],"about":[{"href":"https:\/\/vetaustral.com.ar\/index.php?rest_route=\/wp\/v2\/types\/product"}],"replies":[{"embeddable":true,"href":"https:\/\/vetaustral.com.ar\/index.php?rest_route=%2Fwp%2Fv2%2Fcomments&post=1045"}],"wp:featuredmedia":[{"embeddable":true,"href":"https:\/\/vetaustral.com.ar\/index.php?rest_route=\/wp\/v2\/media\/1046"}],"wp:attachment":[{"href":"https:\/\/vetaustral.com.ar\/index.php?rest_route=%2Fwp%2Fv2%2Fmedia&parent=1045"}],"wp:term":[{"taxonomy":"product_brand","embeddable":true,"href":"https:\/\/vetaustral.com.ar\/index.php?rest_route=%2Fwp%2Fv2%2Fproduct_brand&post=1045"},{"taxonomy":"product_cat","embeddable":true,"href":"https:\/\/vetaustral.com.ar\/index.php?rest_route=%2Fwp%2Fv2%2Fproduct_cat&post=1045"},{"taxonomy":"product_tag","embeddable":true,"href":"https:\/\/vetaustral.com.ar\/index.php?rest_route=%2Fwp%2Fv2%2Fproduct_tag&post=1045"}],"curies":[{"name":"wp","href":"https:\/\/api.w.org\/{rel}","templated":true}]}}