{"id":1017,"date":"2025-10-16T15:19:38","date_gmt":"2025-10-16T15:19:38","guid":{"rendered":"https:\/\/vetaustral.com.ar\/?post_type=product&#038;p=1017"},"modified":"2026-03-02T13:33:15","modified_gmt":"2026-03-02T13:33:15","slug":"dynamide-x-30-comp-brouwer","status":"publish","type":"product","link":"https:\/\/vetaustral.com.ar\/?product=dynamide-x-30-comp-brouwer","title":{"rendered":"Dynamide x 30 comp &#8211; Brouwer"},"content":{"rendered":"<p>Contiene 5 bl\u00edster de 6 comprimidos.<\/p>\n<ul>\n<li>Gerontol\u00f3gico. Estimulante y restaurador del dinamismo y la vitalidad, antioxidante, protector del sistema articular.<\/li>\n<li>Para <strong>caninos y felinos<\/strong>.<\/li>\n<li>En comprimidos palatables.<\/li>\n<\/ul>\n<dl class=\"col-xs-12 p0 mbottom20\">\n<dt class=\"formula active\">F\u00f3rmula<\/dt>\n<dd class=\"cont conformula active\">\n<p class=\"style6\" align=\"justify\">Cada comprimido contiene:<\/p>\n<p class=\"style6\" align=\"justify\">Ginseng \u2026\u2026\u2026\u2026\u2026\u2026\u2026\u2026.. 180 mg<br \/>\nGlucosamina sulfato \u2026.. 188,41 mg<br \/>\nCondroit\u00edn sulfato \u2026\u2026\u2026\u2026 150 mg<br \/>\nTiamina clorhidrato \u2026\u2026\u2026.. 0,6 mg<br \/>\n\u00c1cido f\u00f3lico \u2026\u2026\u2026\u2026\u2026\u2026.. 0,14 mg<br \/>\nVitamina E \u2026\u2026\u2026\u2026\u2026\u2026\u2026\u2026 30 mg<br \/>\nVitamina A \u2026\u2026\u2026\u2026\u2026\u2026\u2026. 0,75 mg<br \/>\nProteinato de zinc \u2026\u2026\u2026. 83,33 mg<br \/>\nProteinato de manganeso \u2026. 75 mg<br \/>\nSelenito de sodio\u2026\u2026\u2026\u2026.. 0.01 mg<br \/>\nExcipientes c. s. p. \u2026\u2026\u2026.. 1900 mg<\/p>\n<\/dd>\n<\/dl>\n<p><strong>Dynamide<\/strong> esta indicado para mejorar el estado general de perros y gatos de edad avanzada y de otros con sintomatolog\u00eda similar al geronte. Es una combinaci\u00f3n de antioxidantes, minerales, vitaminas, antiartr\u00f3sicos y ginseng que estimula el metabolismo de los animales gerontes, ayudando a mejorar el estado general y los par\u00e1metros vitales.<\/p>\n<p>Su efecto reconstituyente reduce la inflamaci\u00f3n y el dolor articular inespec\u00edfico.<\/p>\n<p>Es una ayuda terap\u00e9utica en la recuperaci\u00f3n de afecciones de diverso tipo. En situaciones de inmovilidad prolongada por cirug\u00edas u otros motivos, administrado durante y tras la inmovilizaci\u00f3n, hasta la recuperaci\u00f3n. En animales con dolor articular debido a ejercicio o sobrepeso.<\/p>\n<p>Mejora el estado de alerta, el inter\u00e9s del animal en lo que lo rodea, el apetito, la movilidad y la actividad general.<\/p>\n<p>Dosis: se administrar\u00e1 por v\u00eda oral a raz\u00f3n de un comprimido cada 20 kg de peso por d\u00eda en una o dos tomas.<\/p>\n<p>Brouwer<\/p>\n<p>&nbsp;<\/p>\n","protected":false},"excerpt":{"rendered":"<p>Contiene 5 bl\u00edster de 6 comprimidos. Gerontol\u00f3gico. Estimulante y restaurador del dinamismo y la vitalidad, antioxidante, protector del sistema articular. Para caninos y felinos. En comprimidos palatables. F\u00f3rmula Cada comprimido contiene: Ginseng \u2026\u2026\u2026\u2026\u2026\u2026\u2026\u2026.. 180 mg Glucosamina sulfato \u2026.. 188,41 mg Condroit\u00edn sulfato \u2026\u2026\u2026\u2026 150 mg Tiamina clorhidrato \u2026\u2026\u2026.. 0,6 mg \u00c1cido f\u00f3lico \u2026\u2026\u2026\u2026\u2026\u2026.. 0,14 mg &#8230; <a title=\"Dynamide x 30 comp &#8211; Brouwer\" class=\"read-more\" href=\"https:\/\/vetaustral.com.ar\/?product=dynamide-x-30-comp-brouwer\" aria-label=\"Leer m\u00e1s sobre Dynamide x 30 comp &#8211; Brouwer\">Leer m\u00e1s<\/a><\/p>\n","protected":false},"featured_media":1018,"comment_status":"open","ping_status":"closed","template":"","meta":[],"product_brand":[72],"product_cat":[36,32],"product_tag":[85,82,84,83,67,79],"class_list":{"0":"post-1017","1":"product","2":"type-product","3":"status-publish","4":"has-post-thumbnail","6":"product_brand-brouwer","7":"product_cat-animales-de-compania","8":"product_cat-farmacia","9":"product_tag-antioxidante","10":"product_tag-gerontologico","11":"product_tag-minerales","12":"product_tag-multivitaminico","13":"product_tag-palatable","14":"product_tag-regenerador-del-cartilago-articular","15":"sales-flash-overlay","16":"woocommerce-text-align-center","17":"woocommerce-image-align-center","18":"do-quantity-buttons","20":"first","21":"instock","22":"taxable","23":"shipping-taxable","24":"purchasable","25":"product-type-simple"},"jetpack_sharing_enabled":true,"_links":{"self":[{"href":"https:\/\/vetaustral.com.ar\/index.php?rest_route=\/wp\/v2\/product\/1017","targetHints":{"allow":["GET"]}}],"collection":[{"href":"https:\/\/vetaustral.com.ar\/index.php?rest_route=\/wp\/v2\/product"}],"about":[{"href":"https:\/\/vetaustral.com.ar\/index.php?rest_route=\/wp\/v2\/types\/product"}],"replies":[{"embeddable":true,"href":"https:\/\/vetaustral.com.ar\/index.php?rest_route=%2Fwp%2Fv2%2Fcomments&post=1017"}],"wp:featuredmedia":[{"embeddable":true,"href":"https:\/\/vetaustral.com.ar\/index.php?rest_route=\/wp\/v2\/media\/1018"}],"wp:attachment":[{"href":"https:\/\/vetaustral.com.ar\/index.php?rest_route=%2Fwp%2Fv2%2Fmedia&parent=1017"}],"wp:term":[{"taxonomy":"product_brand","embeddable":true,"href":"https:\/\/vetaustral.com.ar\/index.php?rest_route=%2Fwp%2Fv2%2Fproduct_brand&post=1017"},{"taxonomy":"product_cat","embeddable":true,"href":"https:\/\/vetaustral.com.ar\/index.php?rest_route=%2Fwp%2Fv2%2Fproduct_cat&post=1017"},{"taxonomy":"product_tag","embeddable":true,"href":"https:\/\/vetaustral.com.ar\/index.php?rest_route=%2Fwp%2Fv2%2Fproduct_tag&post=1017"}],"curies":[{"name":"wp","href":"https:\/\/api.w.org\/{rel}","templated":true}]}}